000
CXUS51 KPHI 010815
CF6GED
PRELIMINARY LOCAL CLIMATOLOGICAL DATA (WS FORM: F-6)
STATION: GEORGETOWN DE
MONTH: AUGUST
YEAR: 2021
LATITUDE: 38 41 N
LONGITUDE: 75 22 W
TEMPERATURE IN F: :PCPN: SNOW: WIND :SUNSHINE: SKY :PK WND
================================================================================
1 2 3 4 5 6A 6B 7 8 9 10 11 12 13 14 15 16 17 18
12Z AVG MX 2MIN
DY MAX MIN AVG DEP HDD CDD WTR SNW DPTH SPD SPD DIR MIN PSBL S-S WX SPD DR
================================================================================
1 79 66 73 -5 0 8 0.05 M M 4.0 13 130 M M 6 1 16 140
2 81 62 72 -6 0 7 0.00 M M 4.6 13 340 M M 1 17 320
3 77 63 70 -8 0 5 T M M 2.9 10 90 M M 1 1 13 100
4 73 64 69 -9 0 4 T M M 7.2 17 50 M M 6 18 22 50
5 86 63 75 -3 0 10 0.00 M M 5.5 13 30 M M 2 17 40
6 88 63 76 -2 0 11 0.00 M M 4.4 15 170 M M 0 1 19 160
7 80 64 72 -6 0 7 1.94 M M 4.9 15 40 M M 8 12 19 110
8 80 68 74 -4 0 9 0.05 M M 5.0 12 10 M M 6 1 16 360
9 86 66 76 -2 0 11 0.33 M M 3.0 13 320 M M 3 123 19 280
10 92 71 82 4 0 17 0.00 M M 9.4 18 200 M M 0 24 240
11 93 74 84 7 0 19 0.02 M M 6.5 14 220 M M 0 17 230
12 94 73 84 7 0 19 0.00 M M 5.0 13 190 M M 0 14 190
13 94 73 84 7 0 19 0.59 M M 5.4 20 250 M M 3 13 26 250
14 92 73 83 6 0 18 0.16 M M 3.1 12 250 M M 2 13 16 260
15 82 70 76 -1 0 11 0.18 M M 5.9 13 100 M M 3 13 18 70
16 82 69 76 -1 0 11 0.09 M M 6.3 15 100 M M 7 1 19 110
17 83 70 77 0 0 12 0.42 M M 5.1 15 240 M M 5 20 250
18 89 74 82 5 0 17 0.00 M M 10.3 21 160 M M M 26 160
19 89 78 84 8 0 19 0.00 M M 6.0 14 250 M M M 19 260
20 79 72 76 0 0 11 0.80 M M 4.2 16 190 M M 5 1 19 190
21 81 72 77 1 0 12 0.53 M M 5.0 14 100 M M 7 13 17 100
22 83 70 77 1 0 12 0.35 M M 4.1 20 290 M M 4 13 27 290
23 89 70 80 4 0 15 T M M 5.8 15 240 M M 2 20 240
24 91 73 82 6 0 17 0.00 M M 3.2 10 240 M M 2 1 14 230
25 92 70 81 5 0 16 0.00 M M 2.3 12 110 M M 0 1 14 120
26 92 73 83 8 0 18 T M M 3.0 17 300 M M 3 123 28 290
27 92 74 83 8 0 18 0.11 M M 4.6 12 230 M M 1 13 15 220
28 88 73 81 6 0 16 0.12 M M 6.1 17 60 M M 5 13 20 50
29 81 72 77 2 0 12 0.00 M M 5.6 13 30 M M 7 17 10
30 90 69 80 5 0 15 0.04 M M 3.2 12 230 M M 2 13 16 240
31 88 72 80 6 0 15 0.00 M M 2.4 8 100 M M 1 12 230
================================================================================
SM 2666 2164 0 411 5.78 M 154.0 M 92
================================================================================
AV 86.0 69.8 5.0 FASTST M M 3 MAX(MPH)
MISC ----> 21 160 28 290
================================================================================
NOTES:
# LAST OF SEVERAL OCCURRENCES
COLUMN 17 PEAK WIND IN M.P.H.
PRELIMINARY LOCAL CLIMATOLOGICAL DATA (WS FORM: F-6) , PAGE 2
STATION: GEORGETOWN DE
MONTH: AUGUST
YEAR: 2021
LATITUDE: 38 41 N
LONGITUDE: 75 22 W
[TEMPERATURE DATA] [PRECIPITATION DATA] SYMBOLS USED IN COLUMN 16
AVERAGE MONTHLY: 77.9 TOTAL FOR MONTH: 5.78 1 = FOG OR MIST
DPTR FM NORMAL: 1.2 DPTR FM NORMAL: 1.79 2 = FOG REDUCING VISIBILITY
HIGHEST: 94 ON 13,12 GRTST 24HR 1.99 ON 7- 8 TO 1/4 MILE OR LESS
LOWEST: 62 ON 2 3 = THUNDER
SNOW, ICE PELLETS, HAIL 4 = ICE PELLETS
TOTAL MONTH: M 5 = HAIL
GRTST 24HR M ON M 6 = FREEZING RAIN OR DRIZZLE
GRTST DEPTH: M ON M 7 = DUSTSTORM OR SANDSTORM:
VSBY 1/2 MILE OR LESS
8 = SMOKE OR HAZE
[NO. OF DAYS WITH] [WEATHER - DAYS WITH] 9 = BLOWING SNOW
X = TORNADO
MAX 32 OR BELOW: 0 0.01 INCH OR MORE: 16
MAX 90 OR ABOVE: 10 0.10 INCH OR MORE: 11
MIN 32 OR BELOW: 0 0.50 INCH OR MORE: 4
MIN 0 OR BELOW: 0 1.00 INCH OR MORE: 1
[HDD (BASE 65) ]
TOTAL THIS MO. 0 CLEAR (SCALE 0-3) 18
DPTR FM NORMAL 0 PTCLDY (SCALE 4-7) 11
TOTAL FM JUL 1 0 CLOUDY (SCALE 8-10) 2
DPTR FM NORMAL 0
[CDD (BASE 65) ]
TOTAL THIS MO. 411
DPTR FM NORMAL 48 [PRESSURE DATA]
TOTAL FM JAN 1 1357 HIGHEST SLP 30.21 ON 15
DPTR FM NORMAL 187 LOWEST SLP 29.78 ON 31
[REMARKS]
#FINAL-08-21#