000
CXUS53 KIND 010600
CF6GEZ
PRELIMINARY LOCAL CLIMATOLOGICAL DATA (WS FORM: F-6)
STATION: SHELBYVILLE IN
MONTH: AUGUST
YEAR: 2021
LATITUDE: 39 35 N
LONGITUDE: 85 48 W
TEMPERATURE IN F: :PCPN: SNOW: WIND :SUNSHINE: SKY :PK WND
================================================================================
1 2 3 4 5 6A 6B 7 8 9 10 11 12 13 14 15 16 17 18
12Z AVG MX 2MIN
DY MAX MIN AVG DEP HDD CDD WTR SNW DPTH SPD SPD DIR MIN PSBL S-S WX SPD DR
================================================================================
1 82 57 70 -5 0 5 0.00 M M 6.3 16 350 M M 2 18 22 360
2 81 54 68 -7 0 3 0.00 M M 4.2 9 70 M M 1 1 16 350
3 83 57 70 -5 0 5 0.00 M M 4.8 10 70 M M 1 16 30
4 85 56 71 -4 0 6 0.00 M M 3.1 10 20 M M 0 16 20
5 86 58 72 -3 0 7 0.00 M M 2.4 9 200 M M 2 13 230
6 85 60 73 -2 0 8 0.00 M M 4.9 14 210 M M 0 12 20 230
7 88 67 78 3 0 13 0.00 M M 5.5 13 220 M M 2 17 190
8 89 66 78 3 0 13 0.00 M M 7.0 16 160 M M 0 18 22 160
9 82 73 78 3 0 13 0.01 M M 9.8 17 180 M M 3 26 180
10 94 74 84 10 0 19 0.03 M M 9.7 18 210 M M 4 38 25 210
11 93 76 85 11 0 20 T M M 10.0 18 200 M M 1 28 210
12 94 74 84 10 0 19 T M M 9.1 21 290 M M 1 28 280
13 87 70 79 5 0 14 0.00 M M 5.6 12 280 M M 2 16 300
14 85 66 76 2 0 11 0.00 M M 6.9 14 60 M M 4 19 40
15 81 63 72 -2 0 7 0.00 M M 6.7 14 100 M M 6 20 110
16 85 67 76 2 0 11 0.00 M M 4.5 9 110 M M 7 1 14 130
17 86 68 77 3 0 12 0.00 M M 2.8 8 110 M M 5 12 12 90
18 89 66 78 4 0 13 0.00 M M 1.6 9 30 M M 4 123 14 30
19 89 70 80 6 0 15 0.00 M M 2.9 13 40 M M 4 1 17 40
20 90 67 79 5 0 14 0.00 M M 3.8 10 120 M M 2 1 15 110
21 91 67 79 6 0 14 0.00 M M 3.5 12 120 M M 1 1 15 120
22 95 66 81 8 0 16 0.00 M M 1.9 7 260 M M 2 18 10 250
23 94 68 81 8 0 16 0.00 M M 3.7 13 260 M M 2 12 17 240
24 95 70 83 10 0 18 0.00 M M 4.6 13 180 M M 1 17 190
25 84 71 78 5 0 13 0.08 M M 4.6 16 350 M M 3 138 23 360
26 94 71 83 10 0 18 1.31 M M 4.6 20 120 M M 3 13 30 260
27 94 68 81 9 0 16 0.00 M M 3.0 18 200 M M 2 13 27 170
28 93 72 83 11 0 18 0.05 M M 3.6 17 290 M M 2 1 21 280
29 91 73 82 10 0 17 0.00 M M 6.6 16 210 M M 1 3 22 200
30 81 72 77 5 0 12 0.61 M M 6.7 14 180 M M 6 13 22 330
31 84 69 77 5 0 12 0.16 M M 5.1 12 80 M M 8 18 19 70
================================================================================
SM 2730 2076 0 398 2.25 M 159.5 M 82
================================================================================
AV 88.1 67.0 5.1 FASTST M M 3 MAX(MPH)
MISC ----> 21 290 30 260
================================================================================
NOTES:
# LAST OF SEVERAL OCCURRENCES
COLUMN 17 PEAK WIND IN M.P.H.
PRELIMINARY LOCAL CLIMATOLOGICAL DATA (WS FORM: F-6) , PAGE 2
STATION: SHELBYVILLE IN
MONTH: AUGUST
YEAR: 2021
LATITUDE: 39 35 N
LONGITUDE: 85 48 W
[TEMPERATURE DATA] [PRECIPITATION DATA] SYMBOLS USED IN COLUMN 16
AVERAGE MONTHLY: 77.5 TOTAL FOR MONTH: 2.25 1 = FOG OR MIST
DPTR FM NORMAL: 3.7 DPTR FM NORMAL: -0.94 2 = FOG REDUCING VISIBILITY
HIGHEST: 95 ON 24,22 GRTST 24HR 1.31 ON 26-26 TO 1/4 MILE OR LESS
LOWEST: 54 ON 2 3 = THUNDER
SNOW, ICE PELLETS, HAIL 4 = ICE PELLETS
TOTAL MONTH: M 5 = HAIL
GRTST 24HR M ON M 6 = FREEZING RAIN OR DRIZZLE
GRTST DEPTH: M ON M 7 = DUSTSTORM OR SANDSTORM:
VSBY 1/2 MILE OR LESS
8 = SMOKE OR HAZE
[NO. OF DAYS WITH] [WEATHER - DAYS WITH] 9 = BLOWING SNOW
X = TORNADO
MAX 32 OR BELOW: 0 0.01 INCH OR MORE: 7
MAX 90 OR ABOVE: 12 0.10 INCH OR MORE: 3
MIN 32 OR BELOW: 0 0.50 INCH OR MORE: 2
MIN 0 OR BELOW: 0 1.00 INCH OR MORE: 1
[HDD (BASE 65) ]
TOTAL THIS MO. 0 CLEAR (SCALE 0-3) 22
DPTR FM NORMAL -2 PTCLDY (SCALE 4-7) 9
TOTAL FM JUL 1 0 CLOUDY (SCALE 8-10) 0
DPTR FM NORMAL -1
[CDD (BASE 65) ]
TOTAL THIS MO. 398
DPTR FM NORMAL 123 [PRESSURE DATA]
TOTAL FM JAN 1 1194 HIGHEST SLP M ON M
DPTR FM NORMAL 205 LOWEST SLP 29.69 ON 31
[REMARKS]
#FINAL-08-21#