000
CXUS55 KALY 010810
CF6GFL
PRELIMINARY LOCAL CLIMATOLOGICAL DATA (WS FORM: F-6)
STATION: GLENS FALLS NY
MONTH: DECEMBER
YEAR: 2022
LATITUDE: 43 20 N
LONGITUDE: 73 37 W
TEMPERATURE IN F: :PCPN: SNOW: WIND :SUNSHINE: SKY :PK WND
================================================================================
1 2 3 4 5 6A 6B 7 8 9 10 11 12 13 14 15 16 17 18
12Z AVG MX 2MIN
DY MAX MIN AVG DEP HDD CDD WTR SNW DPTH SPD SPD DIR MIN PSBL S-S WX SPD DR
================================================================================
1 36 31 34 2 31 0 T M M 8.4 20 220 M M 5 28 250
2 39 25 32 1 33 0 T M M 5.4 14 220 M M 5 18 210
3 50 37 44 13 21 0 0.44 M M 8.6 23 290 M M 9 1 37 280
4 38 23 31 1 34 0 0.00 M M 7.2 20 290 M M 7 30 290
5 40 19 30 0 35 0 0.00 M M 3.9 15 200 M M 0 19 190
6 44 25 35 5 30 0 0.47 M M 0.4 5 350 M M 9 1 5 350
7 56 43 50 21 15 0 0.37 M M 3.1 10 200 M M 10 1 14 200
8 48 26 37 8 28 0 0.00 M M 7.4 16 360 M M 4 22 360
9 37 22 30 1 35 0 0.00 M M 7.3 17 40 M M 1 22 30
10 27 18 23 -5 42 0 0.00 M M 7.3 15 20 M M 2 18 50
11 29 21 25 -3 40 0 0.17 M M 1.9 6 50 M M 10 1 8 50
12 27 6 17 -11 48 0 T M M 6.1 15 30 M M 5 1 17 40
13 30 3 17 -10 48 0 0.00 M M 3.0 16 320 M M 2 12 24 320
14 29 7 18 -9 47 0 T M M 5.6 20 40 M M 6 26 320
15 38 15 27 0 38 0 0.01 M M 2.0 12 70 M M 3 14 70
16 36 32 34 8 31 0 0.81 M M 9.3 15 340 M M 10 1 18 350
17 41 30 36 10 29 0 0.26 M M 1.8 10 280 M M 10 1 14 280
18 36 23 30 4 35 0 0.00 M M 4.7 13 240 M M 7 16 230
19 38 19 29 3 36 0 T M M 4.9 18 330 M M 8 26 330
20 33 15 24 -1 41 0 0.00 M M 4.6 18 300 M M 3 26 290
21 30 12 21 -4 44 0 0.00 M M 1.9 10 160 M M 0 13 170
22 36 16 26 1 39 0 0.11 M M 2.1 9 30 M M 4 1 12 30
23 51 9 30 6 35 0 1.38 M M 12.5 28 190 M M 10 13 37 220
24 13 5 9 -15 56 0 T M M 13.3 22 200 M M 9 31 230
25 26 11 19 -5 46 0 0.00 M M 12.0 21 210 M M 5 29 260
26 28 13 21 -3 44 0 0.00 M M 7.7 17 200 M M 3 23 200
27 31 19 25 2 40 0 0.00 M M 7.0 14 210 M M 7 21 210
28 35 19 27 4 38 0 0.00 M M 4.5 14 200 M M 7 17 200
29 46 16 31 8 34 0 0.00 M M 2.3 12 190 M M 3 14 170
30 49 31 40 17 25 0 0.00 M M 1.4 10 190 M M 7 16 190
31 46 32 39 17 26 0 0.04 M M 0.9 8 220 M M 8 12 12 200
================================================================================
SM 1143 623 1124 0 4.06 M 168.5 M 179
================================================================================
AV 36.9 20.1 5.4 FASTST M M 6 MAX(MPH)
MISC ----> 28 190 # 37 280
================================================================================
NOTES:
# LAST OF SEVERAL OCCURRENCES
COLUMN 17 PEAK WIND IN M.P.H.
PRELIMINARY LOCAL CLIMATOLOGICAL DATA (WS FORM: F-6) , PAGE 2
STATION: GLENS FALLS NY
MONTH: DECEMBER
YEAR: 2022
LATITUDE: 43 20 N
LONGITUDE: 73 37 W
[TEMPERATURE DATA] [PRECIPITATION DATA] SYMBOLS USED IN COLUMN 16
AVERAGE MONTHLY: 28.5 TOTAL FOR MONTH: 4.06 1 = FOG OR MIST
DPTR FM NORMAL: 1.9 DPTR FM NORMAL: 1.05 2 = FOG REDUCING VISIBILITY
HIGHEST: 56 ON 7 GRTST 24HR 1.49 ON 22-23 TO 1/4 MILE OR LESS
LOWEST: 3 ON 13 3 = THUNDER
SNOW, ICE PELLETS, HAIL 4 = ICE PELLETS
TOTAL MONTH: M 5 = HAIL
GRTST 24HR M ON M 6 = FREEZING RAIN OR DRIZZLE
GRTST DEPTH: M ON M 7 = DUSTSTORM OR SANDSTORM:
VSBY 1/2 MILE OR LESS
8 = SMOKE OR HAZE
[NO. OF DAYS WITH] [WEATHER - DAYS WITH] 9 = BLOWING SNOW
X = TORNADO
MAX 32 OR BELOW: 10 0.01 INCH OR MORE: 10
MAX 90 OR ABOVE: 0 0.10 INCH OR MORE: 8
MIN 32 OR BELOW: 29 0.50 INCH OR MORE: 2
MIN 0 OR BELOW: 0 1.00 INCH OR MORE: 1
[HDD (BASE 65) ]
TOTAL THIS MO. 1124 CLEAR (SCALE 0-3) 9
DPTR FM NORMAL -65 PTCLDY (SCALE 4-7) 14
TOTAL FM JUL 1 2575 CLOUDY (SCALE 8-10) 8
DPTR FM NORMAL -218
[CDD (BASE 65) ]
TOTAL THIS MO. 0
DPTR FM NORMAL 0 [PRESSURE DATA]
TOTAL FM JAN 1 455 HIGHEST SLP 30.55 ON 10
DPTR FM NORMAL 47 LOWEST SLP 28.85 ON 23
[REMARKS]
#FINAL-12-22#