091
CXUS54 KSHV 011400
CF6GGG
PRELIMINARY LOCAL CLIMATOLOGICAL DATA (WS FORM: F-6)
STATION: LONGVIEW
MONTH: JANUARY
YEAR: 2021
LATITUDE: 32 22 N
LONGITUDE: 94 43 W
TEMPERATURE IN F: :PCPN: SNOW: WIND :SUNSHINE: SKY :PK WND
================================================================================
1 2 3 4 5 6A 6B 7 8 9 10 11 12 13 14 15 16 17 18
12Z AVG MX 2MIN
DY MAX MIN AVG DEP HDD CDD WTR SNW DPTH SPD SPD DIR MIN PSBL S-S WX SPD DR
================================================================================
1 45 38 42 -4 23 0 T 0.0 0 9.9 21 210 M M 10 29 220
2 51 33 42 -4 23 0 T 0.0 0 6.2 15 320 M M 4 21 310
3 65 32 49 3 16 0 0.00 0.0 0 9.4 21 200 M M 0 27 210
4 69 40 55 9 10 0 0.00 0.0 0 3.5 13 200 M M 0 16 200
5 64 33 49 3 16 0 0.00 0.0 0 5.2 14 80 M M 0 16 70
6 51 46 49 3 16 0 2.37 0.0 0 7.2 18 70 M M 9 13 25 80
7 46 42 44 -2 21 0 0.03 0.0 0 9.2 18 320 M M 10 1 25 320
8 45 30 38 -8 27 0 0.00 0.0 0 6.0 15 310 M M 8 18 320
9 49 26 38 -8 27 0 0.00 0.0 0 2.8 9 330 M M 0 13 40
10 37 32 35 -11 30 0 0.43 3.8 0 6.1 12 70 M M 7 1 16 60
11 39 32 36 -10 29 0 0.02 0.2 4 5.4 6 270 M M 3 1 6 270
12 50 27 39 -7 26 0 0.00 0.0 T 4.1 8 210 M M 0 1 8 210
13 59 40 50 4 15 0 0.00 0.0 0 9.8 15 200 M M 0 20 210
14 62 41 52 6 13 0 0.00 0.0 0 12.1 22 330 M M 0 26 330
15 53 38 46 0 19 0 0.00 0.0 0 12.3 32 310 M M 0 42 310
16 54 33 44 -2 21 0 0.00 0.0 0 7.5 17 320 M M 0 26 290
17 59 31 45 -1 20 0 0.00 0.0 0 6.4 17 320 M M 2 26 300
18 67 30 49 3 16 0 T 0.0 0 8.5 17 170 M M 4 23 150
19 56 49 53 7 12 0 0.94 0.0 0 4.8 16 170 M M 8 1 19 180
20 54 48 51 5 14 0 T 0.0 0 3.8 9 140 M M 10 1 12 140
21 57 52 55 9 10 0 0.21 0.0 0 4.6 12 150 M M 10 12 22 330
22 54 50 52 6 13 0 0.01 0.0 0 5.5 12 90 M M 10 1 M M
23 50 46 48 1 17 0 T 0.0 0 7.0 13 70 M M 10 1 17 110
24 63 48 56 9 9 0 0.01 0.0 0 4.4 9 70 M M 10 1 12 100
25 71 45 58 11 7 0 0.12 0.0 0 10.7 26 280 M M 7 36 290
26 67 41 54 7 11 0 0.00 0.0 0 4.6 14 350 M M 2 15 350
27 57 35 46 -1 19 0 0.00 0.0 0 10.0 25 320 M M 2 33 320
28 52 31 42 -5 23 0 0.00 0.0 0 4.6 12 60 M M 0 23 50
29 61 31 46 -1 19 0 0.00 0.0 0 7.0 13 170 M M 1 17 190
30 66 51 59 12 6 0 0.05 0.0 0 12.4 20 200 M M 8 1 25 200
31 60 40 50 3 15 0 0.00 0.0 0 13.0 23 310 M M 3 30 300
================================================================================
SM 1733 1191 543 0 4.19 4.0 224.0 M 138
================================================================================
AV 55.9 38.4 7.2 FASTST M M 4 MAX(MPH)
MISC ----> 32 310 42 310
================================================================================
NOTES:
# LAST OF SEVERAL OCCURRENCES
COLUMN 17 PEAK WIND IN M.P.H.
PRELIMINARY LOCAL CLIMATOLOGICAL DATA (WS FORM: F-6) , PAGE 2
STATION: LONGVIEW
MONTH: JANUARY
YEAR: 2021
LATITUDE: 32 22 N
LONGITUDE: 94 43 W
[TEMPERATURE DATA] [PRECIPITATION DATA] SYMBOLS USED IN COLUMN 16
AVERAGE MONTHLY: 47.2 TOTAL FOR MONTH: 4.19 1 = FOG OR MIST
DPTR FM NORMAL: 0.7 DPTR FM NORMAL: 0.87 2 = FOG REDUCING VISIBILITY
HIGHEST: 71 ON 25 GRTST 24HR 3.15 ON 6- 7 TO 1/4 MILE OR LESS
LOWEST: 26 ON 9 3 = THUNDER
SNOW, ICE PELLETS, HAIL 4 = ICE PELLETS
TOTAL MONTH: 4.0 INCHES 5 = HAIL
GRTST 24HR 3.8 ON 10-10 6 = FREEZING RAIN OR DRIZZLE
GRTST DEPTH: 4 ON 11 7 = DUSTSTORM OR SANDSTORM:
VSBY 1/2 MILE OR LESS
8 = SMOKE OR HAZE
[NO. OF DAYS WITH] [WEATHER - DAYS WITH] 9 = BLOWING SNOW
X = TORNADO
MAX 32 OR BELOW: 0 0.01 INCH OR MORE: 10
MAX 90 OR ABOVE: 0 0.10 INCH OR MORE: 5
MIN 32 OR BELOW: 10 0.50 INCH OR MORE: 2
MIN 0 OR BELOW: 0 1.00 INCH OR MORE: 1
[HDD (BASE 65) ]
TOTAL THIS MO. 543 CLEAR (SCALE 0-3) 16
DPTR FM NORMAL -34 PTCLDY (SCALE 4-7) 4
TOTAL FM JUL 1 1336 CLOUDY (SCALE 8-10) 11
DPTR FM NORMAL -150
[CDD (BASE 65) ]
TOTAL THIS MO. 0
DPTR FM NORMAL -4 [PRESSURE DATA]
TOTAL FM JAN 1 0 HIGHEST SLP 30.63 ON 28
DPTR FM NORMAL -4 LOWEST SLP 29.62 ON 25
[REMARKS]
#FINAL-01-21#