000
CXUS54 KSHV 011500
CF6GGG
PRELIMINARY LOCAL CLIMATOLOGICAL DATA (WS FORM: F-6)
STATION: LONGVIEW
MONTH: AUGUST
YEAR: 2020
LATITUDE: 32 22 N
LONGITUDE: 94 43 W
TEMPERATURE IN F: :PCPN: SNOW: WIND :SUNSHINE: SKY :PK WND
================================================================================
1 2 3 4 5 6A 6B 7 8 9 10 11 12 13 14 15 16 17 18
12Z AVG MX 2MIN
DY MAX MIN AVG DEP HDD CDD WTR SNW DPTH SPD SPD DIR MIN PSBL S-S WX SPD DR
================================================================================
1 91 71 81 -3 0 16 0.00 0.0 0 3.4 13 340 M M 2 15 340
2 90 68 79 -5 0 14 0.00 0.0 0 3.7 17 80 M M 2 3 22 100
3 93 69 81 -3 0 16 0.00 0.0 0 3.8 14 320 M M 1 17 360
4 92 68 80 -4 0 15 0.00 0.0 0 4.0 13 330 M M 1 17 350
5 82 72 77 -7 0 12 0.23 0.0 0 5.8 15 350 M M 6 138 18 340
6 94 73 84 0 0 19 0.00 0.0 0 6.4 13 160 M M 3 15 130
7 95 75 85 1 0 20 0.00 0.0 0 6.4 16 110 M M 1 21 90
8 96 75 86 2 0 21 0.00 0.0 0 6.2 15 150 M M 1 17 150
9 97 75 86 3 0 21 0.00 0.0 0 7.7 15 180 M M 1 20 240
10 98 76 87 4 0 22 0.00 0.0 0 8.2 15 220 M M 1 23 210
11 98 77 88 5 0 23 0.00 0.0 0 9.0 18 220 M M 3 27 240
12 91 78 85 2 0 20 T 0.0 0 8.7 22 50 M M 2 28 50
13 100 77 89 6 0 24 0.00 0.0 0 5.9 14 230 M M 1 20 220
14 98 77 88 5 0 23 0.00 0.0 0 6.9 15 150 M M 0 19 150
15 101 76 89 6 0 24 0.00 0.0 0 3.7 12 210 M M 1 14 210
16 102 76 89 6 0 24 0.00 0.0 0 5.6 25 290 M M 1 32 280
17 96 71 84 1 0 19 0.00 0.0 0 5.2 16 320 M M 2 20 330
18 97 69 83 0 0 18 0.00 0.0 0 4.9 16 350 M M 1 22 320
19 94 63 79 -4 0 14 0.00 0.0 0 4.2 15 70 M M 1 20 70
20 92 64 78 -5 0 13 0.00 0.0 0 4.9 15 50 M M 1 19 50
21 93 63 78 -4 0 13 0.00 0.0 0 3.0 10 90 M M 1 14 100
22 96 67 82 0 0 17 0.00 0.0 0 3.9 14 80 M M 1 16 70
23 97 68 83 1 0 18 0.00 0.0 0 4.3 15 60 M M 0 22 50
24 96 67 82 0 0 17 0.00 0.0 0 5.2 15 80 M M 1 23 80
25 97 71 84 2 0 19 0.00 0.0 0 6.9 18 60 M M 2 24 70
26 97 74 86 4 0 21 0.17 0.0 0 8.0 15 10 M M 6 3 23 70
27 91 72 82 0 0 17 0.65 0.0 0 10.2 25 330 M M 5 40 40
28 95 72 84 2 0 19 0.40 0.0 0 7.4 16 150 M M 3 3 20 230
29 98 76 87 6 0 22 0.00 0.0 0 8.6 15 200 M M 3 19 200
30 92 71 82 1 0 17 0.09 0.0 0 7.7 29 10 M M 1 3 45 10
31 96 78 87 6 0 22 0.10 0.0 0 9.4 22 230 M M 2 3 28 230
================================================================================
SM 2945 2229 0 580 1.64 0.0 189.2 M 57
================================================================================
AV 95.0 71.9 6.1 FASTST M M 2 MAX(MPH)
MISC ----> # 29 10 # 45 10
================================================================================
NOTES:
# LAST OF SEVERAL OCCURRENCES
COLUMN 17 PEAK WIND IN M.P.H.
PRELIMINARY LOCAL CLIMATOLOGICAL DATA (WS FORM: F-6) , PAGE 2
STATION: LONGVIEW
MONTH: AUGUST
YEAR: 2020
LATITUDE: 32 22 N
LONGITUDE: 94 43 W
[TEMPERATURE DATA] [PRECIPITATION DATA] SYMBOLS USED IN COLUMN 16
AVERAGE MONTHLY: 83.5 TOTAL FOR MONTH: 1.64 1 = FOG OR MIST
DPTR FM NORMAL: 0.7 DPTR FM NORMAL: -1.38 2 = FOG REDUCING VISIBILITY
HIGHEST: 102 ON 16 GRTST 24HR 0.67 ON 31- 1 TO 1/4 MILE OR LESS
LOWEST: 63 ON 21,19 3 = THUNDER
SNOW, ICE PELLETS, HAIL 4 = ICE PELLETS
TOTAL MONTH: 0.0 INCH 5 = HAIL
GRTST 24HR 0.0 6 = FREEZING RAIN OR DRIZZLE
GRTST DEPTH: 0 7 = DUSTSTORM OR SANDSTORM:
VSBY 1/2 MILE OR LESS
8 = SMOKE OR HAZE
[NO. OF DAYS WITH] [WEATHER - DAYS WITH] 9 = BLOWING SNOW
X = TORNADO
MAX 32 OR BELOW: 0 0.01 INCH OR MORE: 6
MAX 90 OR ABOVE: 30 0.10 INCH OR MORE: 5
MIN 32 OR BELOW: 0 0.50 INCH OR MORE: 1
MIN 0 OR BELOW: 0 1.00 INCH OR MORE: 0
[HDD (BASE 65) ]
TOTAL THIS MO. 0 CLEAR (SCALE 0-3) 28
DPTR FM NORMAL 0 PTCLDY (SCALE 4-7) 3
TOTAL FM JUL 1 0 CLOUDY (SCALE 8-10) 0
DPTR FM NORMAL 0
[CDD (BASE 65) ]
TOTAL THIS MO. 580
DPTR FM NORMAL 30 [PRESSURE DATA]
TOTAL FM JAN 1 2037 HIGHEST SLP 30.10 ON 9
DPTR FM NORMAL 97 LOWEST SLP 29.64 ON 27
[REMARKS]
#FINAL-08-20#