000
CXUS54 KHGX 011510
CF6GLS
PRELIMINARY LOCAL CLIMATOLOGICAL DATA (WS FORM: F-6)
STATION: GALVESTON
MONTH: DECEMBER
YEAR: 2023
LATITUDE: 29 16 N
LONGITUDE: 94 52 W
TEMPERATURE IN F: :PCPN: SNOW: WIND :SUNSHINE: SKY :PK WND
================================================================================
1 2 3 4 5 6A 6B 7 8 9 10 11 12 13 14 15 16 17 18
12Z AVG MX 2MIN
DY MAX MIN AVG DEP HDD CDD WTR SNW DPTH SPD SPD DIR MIN PSBL S-S WX SPD DR
================================================================================
1 74 65 70 9 0 5 1.32 0.0 0 4.4 14 110 M M 10 138 19 100
2 67 61 64 3 1 0 T 0.0 0 6.9 16 360 M M 9 1 20 350
3 70 54 62 1 3 0 0.00 0.0 0 5.5 13 280 M M 0 15 280
4 68 56 62 1 3 0 0.00 0.0 0 6.5 16 360 M M 0 20 10
5 66 54 60 0 5 0 0.00 0.0 0 4.2 12 10 M M 0 14 360
6 62 54 58 -2 7 0 0.00 0.0 0 8.1 22 60 M M 0 29 70
7 69 55 62 2 3 0 0.00 0.0 0 8.8 14 130 M M 1 17 120
8 75 65 70 10 0 5 0.01 0.0 0 13.4 20 180 M M 6 1 27 190
9 79 63 71 11 0 6 0.02 0.0 0 12.2 31 340 M M 7 13 47 330
10 64 48 56 -4 9 0 0.00 0.0 0 17.0 31 350 M M 3 48 350
11 62 44 53 -6 12 0 0.00 0.0 0 7.5 12 120 M M 0 25 340
12 65 56 61 2 4 0 0.00 0.0 0 11.9 20 70 M M 0 27 60
13 63 60 62 3 3 0 0.00 0.0 0 14.3 21 80 M M 1 29 70
14 66 59 63 4 2 0 0.00 0.0 0 14.7 23 60 M M 4 8 29 50
15 68 62 65 6 0 0 0.02 0.0 0 12.1 20 70 M M 10 18 27 70
16 66 56 61 3 4 0 0.55 0.0 0 17.0 27 340 M M 5 1 37 340
17 63 51 57 -1 8 0 0.00 0.0 0 7.6 18 360 M M 0 23 360
18 69 50 60 2 5 0 0.00 0.0 0 5.8 12 350 M M 0 14 350
19 65 51 58 0 7 0 0.00 0.0 0 11.1 17 90 M M 0 24 80
20 67 60 64 6 1 0 0.00 0.0 0 14.2 20 80 M M 3 26 70
21 67 61 64 6 1 0 0.00 0.0 0 11.6 16 80 M M 7 22 60
22 68 63 66 9 0 1 0.00 0.0 0 8.6 13 90 M M 9 1 19 80
23 72 64 68 11 0 3 0.21 0.0 0 10.7 18 110 M M 8 12 26 100
24 72 58 65 8 0 0 0.81 0.0 0 9.2 26 330 M M 6 1 37 340
25 62 50 56 -1 9 0 0.00 0.0 0 13.5 21 320 M M 0 28 310
26 59 49 54 -3 11 0 0.00 0.0 0 9.6 20 20 M M 6 26 360
27 66 53 60 3 5 0 0.00 0.0 0 8.7 18 340 M M 0 23 340
28 58 47 53 -4 12 0 0.00 0.0 0 11.9 17 350 M M 0 22 340
29 57 44 51 -5 14 0 0.00 0.0 0 9.2 17 270 M M 0 22 270
30 62 44 53 -3 12 0 0.00 0.0 0 5.2 13 270 M M 0 16 270
31 71 51 61 5 4 0 0.00 0.0 0 6.7 13 190 M M 2 17 180
================================================================================
SM 2062 1708 145 20 2.94 0.0 308.1 M 97
================================================================================
AV 66.5 55.1 9.9 FASTST M M 3 MAX(MPH)
MISC ----> # 31 340 48 350
================================================================================
NOTES:
# LAST OF SEVERAL OCCURRENCES
COLUMN 17 PEAK WIND IN M.P.H.
PRELIMINARY LOCAL CLIMATOLOGICAL DATA (WS FORM: F-6) , PAGE 2
STATION: GALVESTON
MONTH: DECEMBER
YEAR: 2023
LATITUDE: 29 16 N
LONGITUDE: 94 52 W
[TEMPERATURE DATA] [PRECIPITATION DATA] SYMBOLS USED IN COLUMN 16
AVERAGE MONTHLY: 60.8 TOTAL FOR MONTH: 2.94 1 = FOG OR MIST
DPTR FM NORMAL: 2.3 DPTR FM NORMAL: -1.29 2 = FOG REDUCING VISIBILITY
HIGHEST: 79 ON 9 GRTST 24HR 3.77 ON 30- 1 TO 1/4 MILE OR LESS
LOWEST: 44 ON 30,29 3 = THUNDER
SNOW, ICE PELLETS, HAIL 4 = ICE PELLETS
TOTAL MONTH: 0.0 INCH 5 = HAIL
GRTST 24HR 0.0 6 = FREEZING RAIN OR DRIZZLE
GRTST DEPTH: 0 7 = DUSTSTORM OR SANDSTORM:
VSBY 1/2 MILE OR LESS
8 = SMOKE OR HAZE
[NO. OF DAYS WITH] [WEATHER - DAYS WITH] 9 = BLOWING SNOW
X = TORNADO
MAX 32 OR BELOW: 0 0.01 INCH OR MORE: 7
MAX 90 OR ABOVE: 0 0.10 INCH OR MORE: 4
MIN 32 OR BELOW: 0 0.50 INCH OR MORE: 3
MIN 0 OR BELOW: 0 1.00 INCH OR MORE: 1
[HDD (BASE 65) ]
TOTAL THIS MO. 145 CLEAR (SCALE 0-3) 18
DPTR FM NORMAL -85 PTCLDY (SCALE 4-7) 9
TOTAL FM JUL 1 263 CLOUDY (SCALE 8-10) 4
DPTR FM NORMAL -63
[CDD (BASE 65) ]
TOTAL THIS MO. 20
DPTR FM NORMAL -11 [PRESSURE DATA]
TOTAL FM JAN 1 3948 HIGHEST SLP 30.43 ON 13
DPTR FM NORMAL 377 LOWEST SLP 29.76 ON 24
[REMARKS]
#FINAL-12-23#