000
CXUS54 KMAF 011210
CF6GNC
PRELIMINARY LOCAL CLIMATOLOGICAL DATA (WS FORM: F-6)
STATION: GAINES COUNTY AIRPORT
MONTH: FEBRUARY
YEAR: 2020
LATITUDE: 32 40 N
LONGITUDE: 102 39 W
TEMPERATURE IN F: :PCPN: SNOW: WIND :SUNSHINE: SKY :PK WND
================================================================================
1 2 3 4 5 6A 6B 7 8 9 10 11 12 13 14 15 16 17 18
12Z AVG MX 2MIN
DY MAX MIN AVG DEP HDD CDD WTR SNW DPTH SPD SPD DIR MIN PSBL S-S WX SPD DR
================================================================================
1 69 30 50 M 15 0 M M M 9.6 14 250 M M 0 18 250
2 71 36 54 M 11 0 M M M 9.9 16 220 M M 0 22 220
3 73 38 56 M 9 0 M M M 11.3 21 220 M M 0 28 220
4 55 25 40 M 25 0 M M M 13.7 20 30 M M 7 25 30
5 32 14 23 M 42 0 0.02 M M 9.0 14 350 M M 6 25 350
6 50 9 30 M 35 0 M M M 10.3 21 290 M M 0 28 280
7 58 34 46 M 19 0 M M M 7.7 13 250 M M 0 M M
8 65 29 47 M 18 0 M M M 6.6 13 140 M M 0 16 170
9 68 44 56 M 9 0 M M M 10.1 16 250 M M 0 23 200
10 51 34 43 M 22 0 M M M 6.2 13 30 M M 4 8 17 50
11 M M M M M M 0.03 M M 11.1 20 40 M M 10 18 28 40
12 50 32 41 M 24 0 M M M 7.3 25 280 M M 4 8 35 280
13 52 28 40 M 25 0 M M M 5.8 14 110 M M 2 22 170
14 47 30 39 M 26 0 M M M 8.2 14 120 M M 6 128 17 140
15 69 35 52 M 13 0 M M M 5.8 10 280 M M 0 17 260
16 74 34 54 M 11 0 M M M 9.4 17 300 M M 0 23 300
17 78 41 60 M 5 0 M M M 8.7 12 280 M M 0 17 190
18 50 37 44 M 21 0 M M M 9.9 21 50 M M 5 28 50
19 49 32 41 M 24 0 M M M 5.7 9 90 M M 8 1 M M
20 41 33 37 M 28 0 M M M 12.5 18 40 M M 10 8 24 40
21 49 27 38 M 27 0 M M M 7.3 13 190 M M 6 18 210
22 65 37 51 M 14 0 M M M 5.7 13 200 M M 0 16 200
23 70 46 58 M 7 0 M M M 9.4 35 260 M M 3 45 260
24 71 35 53 M 12 0 M M M 12.7 23 350 M M 0 38 350
25 50 30 40 M 25 0 M M M 14.3 25 10 M M 3 40 10
26 46 20 33 M 32 0 M M M 8.0 16 360 M M 0 23 360
27 65 23 44 M 21 0 M M M 7.3 15 280 M M 0 21 280
28 68 32 50 M 15 0 M M M 2.7 8 190 M M 0 M M
29 74 40 57 M 8 0 M M M 7.3 15 190 M M 1 24 220
================================================================================
SM 1660 885 543 0 0.05 M 253.5 M 75
================================================================================
AV 59.3 31.6 8.7 FASTST M M 3 MAX(MPH)
MISC ----> 35 260 45 260
================================================================================
NOTES:
# LAST OF SEVERAL OCCURRENCES
COLUMN 17 PEAK WIND IN M.P.H.
PRELIMINARY LOCAL CLIMATOLOGICAL DATA (WS FORM: F-6) , PAGE 2
STATION: GAINES COUNTY AIRPORT
MONTH: FEBRUARY
YEAR: 2020
LATITUDE: 32 40 N
LONGITUDE: 102 39 W
[TEMPERATURE DATA] [PRECIPITATION DATA] SYMBOLS USED IN COLUMN 16
AVERAGE MONTHLY: 45.4 TOTAL FOR MONTH: 0.05 1 = FOG OR MIST
DPTR FM NORMAL: 0.0 DPTR FM NORMAL: M 2 = FOG REDUCING VISIBILITY
HIGHEST: 78 ON 17 GRTST 24HR 0.03 ON 11-11 TO 1/4 MILE OR LESS
LOWEST: 9 ON 6 3 = THUNDER
SNOW, ICE PELLETS, HAIL 4 = ICE PELLETS
TOTAL MONTH: M 5 = HAIL
GRTST 24HR M ON M 6 = FREEZING RAIN OR DRIZZLE
GRTST DEPTH: M ON M 7 = DUSTSTORM OR SANDSTORM:
VSBY 1/2 MILE OR LESS
8 = SMOKE OR HAZE
[NO. OF DAYS WITH] [WEATHER - DAYS WITH] 9 = BLOWING SNOW
X = TORNADO
MAX 32 OR BELOW: 1 0.01 INCH OR MORE: 2
MAX 90 OR ABOVE: 0 0.10 INCH OR MORE: 0
MIN 32 OR BELOW: 14 0.50 INCH OR MORE: 0
MIN 0 OR BELOW: 0 1.00 INCH OR MORE: 0
[HDD (BASE 65) ]
TOTAL THIS MO. 543 CLEAR (SCALE 0-3) 17
DPTR FM NORMAL M PTCLDY (SCALE 4-7) 10
TOTAL FM JUL 1 2426 CLOUDY (SCALE 8-10) 2
DPTR FM NORMAL M
[CDD (BASE 65) ]
TOTAL THIS MO. 0
DPTR FM NORMAL M [PRESSURE DATA]
TOTAL FM JAN 1 0 HIGHEST SLP M ON M
DPTR FM NORMAL M LOWEST SLP M ON M
[REMARKS]
#FINAL-02-20#