000
CXUS54 KOUN 010810
CF6GOK
PRELIMINARY LOCAL CLIMATOLOGICAL DATA (WS FORM: F-6)
STATION: GUTHRIE MUNICIPAL
MONTH: MAY
YEAR: 2023
LATITUDE: 35 50 N
LONGITUDE: 97 25 W
TEMPERATURE IN F: :PCPN: SNOW: WIND :SUNSHINE: SKY :PK WND
================================================================================
1 2 3 4 5 6A 6B 7 8 9 10 11 12 13 14 15 16 17 18
12Z AVG MX 2MIN
DY MAX MIN AVG DEP HDD CDD WTR SNW DPTH SPD SPD DIR MIN PSBL S-S WX SPD DR
================================================================================
1 69 36 53 -11 12 0 0.00 0.0 M 3.6 10 50 M M 0 14 340
2 75 43 59 -6 6 0 0.00 0.0 M 3.6 14 70 M M 0 18 80
3 72 47 60 -5 5 0 0.00 0.0 M 5.1 13 190 M M 1 17 170
4 64 56 60 -5 5 0 0.23 M M 9.1 20 160 M M 7 13 26 160
5 89 56 73 7 0 8 0.00 M M 8.8 20 170 M M 4 12 26 160
6 93 70 82 16 0 17 0.00 M M 13.3 24 180 M M 0 13 34 200
7 86 65 76 10 0 11 0.00 M M 14.6 22 170 M M 0 29 180
8 88 62 75 9 0 10 0.00 M M 7.9 15 190 M M 0 21 190
9 88 69 79 12 0 14 0.00 M M 10.5 18 160 M M 3 18 24 160
10 83 63 73 6 0 8 0.00 M M 8.0 15 160 M M 1 21 140
11 75 63 69 1 0 4 T M M 7.1 20 130 M M 5 13 27 130
12 89 60 75 7 0 10 0.01 M M 12.7 24 340 M M 3 138 41 320
13 80 60 70 2 0 5 0.06 M M 4.3 22 270 M M 5 13 37 150
14 75 63 69 1 0 4 0.05 M M 3.8 35 290 M M 6 123 46 300
15 69 61 65 -4 0 0 0.10 M M 5.6 13 300 M M 10 13 19 310
16 69 55 62 -7 3 0 0.00 M M 5.3 10 310 M M 7 16 360
17 75 52 64 -6 1 0 0.00 M M 4.1 12 90 M M 3 1 15 90
18 77 58 68 -2 0 3 0.00 M M 5.2 12 240 M M 1 1 17 180
19 74 53 64 -6 1 0 1.19 M M 7.1 24 310 M M 8 138 35 300
20 72 50 61 -9 4 0 0.00 M M 4.5 12 360 M M 0 1 18 320
21 75 51 63 -8 2 0 0.00 M M 3.5 8 310 M M 0 11 120
22 76 56 66 -5 0 1 0.00 M M 6.0 12 130 M M 1 15 210
23 73 60 67 -5 0 2 T M M 6.1 14 90 M M 6 18 18 110
24 81 63 72 0 0 7 0.00 0.0 0 6.9 14 130 M M 4 18 18 140
25 77 64 71 -1 0 6 T M M 5.2 12 140 M M 5 16 150
26 82 65 74 2 0 9 0.00 M M 5.6 14 150 M M 4 17 130
27 82 63 73 0 0 8 0.00 0.0 0 7.4 14 160 M M 2 8 25 180
28 80 63 72 -1 0 7 T M M 7.7 22 180 M M 3 1 28 180
29 80 65 73 0 0 8 0.01 M M 7.4 15 200 M M 4 3 19 190
30 88 63 76 2 0 11 0.00 M M 6.6 13 180 M M 0 1 16 190
31 87 65 76 2 0 11 T M M 7.3 22 180 M M 1 13 28 170
================================================================================
SM 2443 1820 39 164 1.65 0.0 213.9 M 94
================================================================================
AV 78.8 58.7 6.9 FASTST M M 3 MAX(MPH)
MISC ----> 35 290 46 300
================================================================================
NOTES:
# LAST OF SEVERAL OCCURRENCES
COLUMN 17 PEAK WIND IN M.P.H.
PRELIMINARY LOCAL CLIMATOLOGICAL DATA (WS FORM: F-6) , PAGE 2
STATION: GUTHRIE MUNICIPAL
MONTH: MAY
YEAR: 2023
LATITUDE: 35 50 N
LONGITUDE: 97 25 W
[TEMPERATURE DATA] [PRECIPITATION DATA] SYMBOLS USED IN COLUMN 16
AVERAGE MONTHLY: 68.8 TOTAL FOR MONTH: 1.65 1 = FOG OR MIST
DPTR FM NORMAL: -0.3 DPTR FM NORMAL: -1.99 2 = FOG REDUCING VISIBILITY
HIGHEST: 93 ON 6 GRTST 24HR 1.19 ON 19-19 TO 1/4 MILE OR LESS
LOWEST: 36 ON 1 3 = THUNDER
SNOW, ICE PELLETS, HAIL 4 = ICE PELLETS
TOTAL MONTH: 0.0 INCH 5 = HAIL
GRTST 24HR 0.0 6 = FREEZING RAIN OR DRIZZLE
GRTST DEPTH: 0 7 = DUSTSTORM OR SANDSTORM:
VSBY 1/2 MILE OR LESS
8 = SMOKE OR HAZE
[NO. OF DAYS WITH] [WEATHER - DAYS WITH] 9 = BLOWING SNOW
X = TORNADO
MAX 32 OR BELOW: 0 0.01 INCH OR MORE: 7
MAX 90 OR ABOVE: 1 0.10 INCH OR MORE: 3
MIN 32 OR BELOW: 0 0.50 INCH OR MORE: 1
MIN 0 OR BELOW: 0 1.00 INCH OR MORE: 1
[HDD (BASE 65) ]
TOTAL THIS MO. 39 CLEAR (SCALE 0-3) 16
DPTR FM NORMAL -9 PTCLDY (SCALE 4-7) 13
TOTAL FM JUL 1 3523 CLOUDY (SCALE 8-10) 2
DPTR FM NORMAL -39
[CDD (BASE 65) ]
TOTAL THIS MO. 164
DPTR FM NORMAL -13 [PRESSURE DATA]
TOTAL FM JAN 1 217 HIGHEST SLP M ON M
DPTR FM NORMAL -33 LOWEST SLP 29.67 ON 5
[REMARKS]
#FINAL-05-23#