000
CXUS54 KOUN 010700
CF6GOK
PRELIMINARY LOCAL CLIMATOLOGICAL DATA (WS FORM: F-6)
STATION: GUTHRIE MUNICIPAL
MONTH: MARCH
YEAR: 2020
LATITUDE: 35 50 N
LONGITUDE: 97 25 W
TEMPERATURE IN F: :PCPN: SNOW: WIND :SUNSHINE: SKY :PK WND
================================================================================
1 2 3 4 5 6A 6B 7 8 9 10 11 12 13 14 15 16 17 18
12Z AVG MX 2MIN
DY MAX MIN AVG DEP HDD CDD WTR SNW DPTH SPD SPD DIR MIN PSBL S-S WX SPD DR
================================================================================
1 76 41 59 12 6 0 0.00 0.0 0 13.0 26 180 M M 0 35 180
2 57 38 48 1 17 0 0.00 0.0 0 5.7 14 10 M M 3 22 360
3 67 39 53 6 12 0 0.00 0.0 0 3.3 9 120 M M 0 12 150
4 58 38 48 0 17 0 0.00 0.0 0 4.5 15 50 M M 0 22 40
5 66 28 47 -1 18 0 0.00 0.0 0 6.3 18 40 M M 0 27 50
6 64 25 45 -3 20 0 0.00 0.0 0 4.1 12 130 M M 0 17 110
7 70 37 54 5 11 0 0.00 0.0 0 14.6 26 180 M M 0 35 180
8 59 48 54 5 11 0 0.23 M 0 17.6 30 180 M M 5 1 39 170
9 69 40 55 6 10 0 0.05 0.0 0 14.7 28 280 M M 6 1 39 180
10 71 33 52 2 13 0 0.00 0.0 0 5.9 15 160 M M 1 1 25 150
11 76 57 67 17 0 2 0.00 0.0 0 9.1 23 190 M M 1 33 200
12 80 55 68 18 0 3 0.00 0.0 0 10.8 21 270 M M 0 26 50
13 55 42 49 -1 16 0 0.13 M 0 12.7 22 80 M M 8 1 28 70
14 50 41 46 -5 19 0 0.55 M 0 7.1 17 300 M M 10 13 24 310
15 47 39 43 -8 22 0 0.01 M 0 7.5 17 90 M M 10 1 20 90
16 51 44 48 -3 17 0 0.06 M 0 4.6 10 40 M M 10 13 15 40
17 56 47 52 0 13 0 0.72 M 0 9.0 17 110 M M 10 13 23 100
18 77 54 66 14 0 1 0.70 0.0 0 8.3 25 180 M M 6 13 35 260
19 78 60 69 17 0 4 0.60 0.0 0 15.5 32 230 M M 3 13 47 180
20 60 34 47 -6 18 0 0.00 0.0 0 11.0 25 310 M M 5 37 310
21 54 29 42 -11 23 0 0.25 0.0 0 6.2 15 130 M M 3 13 19 140
22 55 42 49 -4 16 0 0.25 0.0 0 6.8 14 190 M M 9 1 17 210
23 63 51 57 3 8 0 0.00 0.0 0 7.2 15 170 M M 10 12 21 160
24 70 49 60 6 5 0 0.13 M 0 5.5 15 360 M M 6 1 31 20
25 85 49 67 13 0 2 0.00 0.0 0 12.4 24 200 M M 0 31 190
26 94 63 79 25 0 14 0.00 0.0 0 11.6 25 180 M M 0 8 35 200
27 83 68 76 21 0 11 0.01 0.0 0 11.2 21 210 M M 1 138 27 210
28 71 49 60 5 5 0 0.04 0.0 0 16.2 29 280 M M 0 13 40 300
29 71 37 54 -1 11 0 0.00 0.0 0 4.8 13 250 M M 0 20 290
30 63 50 57 1 8 0 0.39 0.0 0 8.0 18 160 M M 8 1 27 160
31 66 49 58 2 7 0 0.01 M 0 4.8 10 40 M M 5 1 15 40
================================================================================
SM 2062 1376 323 37 4.13 0.0 280.0 M 120
================================================================================
AV 66.5 44.4 9.0 FASTST M M 4 MAX(MPH)
MISC ----> # 32 230 # 47 180
================================================================================
NOTES:
# LAST OF SEVERAL OCCURRENCES
COLUMN 17 PEAK WIND IN M.P.H.
PRELIMINARY LOCAL CLIMATOLOGICAL DATA (WS FORM: F-6) , PAGE 2
STATION: GUTHRIE MUNICIPAL
MONTH: MARCH
YEAR: 2020
LATITUDE: 35 50 N
LONGITUDE: 97 25 W
[TEMPERATURE DATA] [PRECIPITATION DATA] SYMBOLS USED IN COLUMN 16
AVERAGE MONTHLY: 55.5 TOTAL FOR MONTH: 4.13 1 = FOG OR MIST
DPTR FM NORMAL: 4.2 DPTR FM NORMAL: 1.14 2 = FOG REDUCING VISIBILITY
HIGHEST: 94 ON 26 GRTST 24HR 0.72 ON 17-17 TO 1/4 MILE OR LESS
LOWEST: 25 ON 6 3 = THUNDER
SNOW, ICE PELLETS, HAIL 4 = ICE PELLETS
TOTAL MONTH: 0.0 INCH 5 = HAIL
GRTST 24HR 0.0 6 = FREEZING RAIN OR DRIZZLE
GRTST DEPTH: 0 7 = DUSTSTORM OR SANDSTORM:
VSBY 1/2 MILE OR LESS
8 = SMOKE OR HAZE
[NO. OF DAYS WITH] [WEATHER - DAYS WITH] 9 = BLOWING SNOW
X = TORNADO
MAX 32 OR BELOW: 0 0.01 INCH OR MORE: 16
MAX 90 OR ABOVE: 1 0.10 INCH OR MORE: 10
MIN 32 OR BELOW: 3 0.50 INCH OR MORE: 4
MIN 0 OR BELOW: 0 1.00 INCH OR MORE: 0
[HDD (BASE 65) ]
TOTAL THIS MO. 323 CLEAR (SCALE 0-3) 16
DPTR FM NORMAL -113 PTCLDY (SCALE 4-7) 9
TOTAL FM JUL 1 3174 CLOUDY (SCALE 8-10) 6
DPTR FM NORMAL -168
[CDD (BASE 65) ]
TOTAL THIS MO. 37
DPTR FM NORMAL 24 [PRESSURE DATA]
TOTAL FM JAN 1 37 HIGHEST SLP M ON M
DPTR FM NORMAL 23 LOWEST SLP 29.53 ON 28
[REMARKS]
#FINAL-03-20#