000
CXUS55 KMSO 052332
CF6GPI
PRELIMINARY LOCAL CLIMATOLOGICAL DATA (WS FORM: F-6)
STATION: KALISPELL MT
MONTH: SEPTEMBER
YEAR: 2023
LATITUDE: 48 17 N
LONGITUDE: 114 16 W
TEMPERATURE IN F: :PCPN: SNOW: WIND :SUNSHINE: SKY :PK WND
================================================================================
1 2 3 4 5 6A 6B 7 8 9 10 11 12 13 14 15 16 17 18
12Z AVG MX 2MIN
DY MAX MIN AVG DEP HDD CDD WTR SNW DPTH SPD SPD DIR MIN PSBL S-S WX SPD DR
================================================================================
1 80 49 65 6 0 0 0.00 0.0 0 5.9 17 20 M M 0 24 360
2 81 45 63 4 2 0 0.00 0.0 0 5.6 16 170 M M 1 12 26 190
3 74 50 62 4 3 0 0.11 0.0 0 5.7 17 160 M M 4 18 26 150
4 68 54 61 3 4 0 0.25 0.0 0 3.1 17 160 M M 8 138 22 170
5 73 49 61 3 4 0 0.00 0.0 0 3.2 13 150 M M 5 12 22 140
6 77 45 61 3 4 0 0.00 0.0 0 2.2 14 160 M M 2 20 170
7 74 41 58 1 7 0 0.00 0.0 0 2.9 15 170 M M 0 1 23 150
8 72 48 60 3 5 0 0.07 0.0 0 3.7 13 280 M M 3 3 19 100
9 78 45 62 5 3 0 0.00 0.0 0 4.4 14 20 M M 0 19 20
10 79 44 62 6 3 0 0.00 0.0 0 2.8 16 10 M M 0 19 10
11 78 41 60 4 5 0 0.00 0.0 0 2.9 18 20 M M 0 23 30
12 78 52 65 9 0 0 0.00 0.0 0 4.8 14 160 M M 2 20 150
13 74 45 60 5 5 0 0.00 0.0 0 2.7 10 150 M M 3 20 120
14 76 39 58 3 7 0 0.00 0.0 0 2.2 9 180 M M 0 1 14 160
15 77 39 58 3 7 0 0.00 0.0 0 3.4 12 170 M M 0 1 17 130
16 81 36 59 5 6 0 0.00 0.0 0 3.6 14 40 M M 0 19 50
17 78 38 58 4 7 0 0.00 0.0 0 3.4 18 260 M M 1 28 290
18 77 39 58 4 7 0 0.00 0.0 0 5.7 20 260 M M 2 29 340
19 64 35 50 -3 15 0 0.00 0.0 0 3.0 21 210 M M 3 1 28 200
20 66 33 50 -3 15 0 0.00 0.0 0 8.0 23 30 M M 3 33 30
21 64 46 55 2 10 0 0.03 0.0 0 13.3 24 50 M M 8 31 20
22 56 48 52 0 13 0 0.02 0.0 0 4.9 15 340 M M 9 1 22 350
23 67 39 53 1 12 0 0.00 0.0 0 5.9 16 150 M M 4 25 120
24 63 37 50 -1 15 0 0.00 0.0 0 2.4 10 160 M M 2 13 160
25 71 40 56 5 9 0 0.00 0.0 0 2.1 14 150 M M 4 22 150
26 67 33 50 0 15 0 0.13 0.0 0 2.8 14 260 M M 3 12 21 270
27 53 33 43 -7 22 0 0.21 0.0 0 3.4 17 280 M M 5 138 23 280
28 56 40 48 -2 17 0 0.03 0.0 0 5.0 21 150 M M 7 27 160
29 59 36 48 -1 17 0 0.04 0.0 0 3.0 9 80 M M 5 1 13 80
30 50 44 47 -2 18 0 0.10 0.0 0 14.8 22 10 M M 10 1 31 10
================================================================================
SM 2111 1263 257 0 0.99 0.0 136.8 M 94
================================================================================
AV 70.4 42.1 4.6 FASTST M M 3 MAX(MPH)
MISC ----> 24 50 33 30
================================================================================
NOTES:
# LAST OF SEVERAL OCCURRENCES
COLUMN 17 PEAK WIND IN M.P.H.
PRELIMINARY LOCAL CLIMATOLOGICAL DATA (WS FORM: F-6) , PAGE 2
STATION: KALISPELL MT
MONTH: SEPTEMBER
YEAR: 2023
LATITUDE: 48 17 N
LONGITUDE: 114 16 W
[TEMPERATURE DATA] [PRECIPITATION DATA] SYMBOLS USED IN COLUMN 16
AVERAGE MONTHLY: 56.2 TOTAL FOR MONTH: 0.99 1 = FOG OR MIST
DPTR FM NORMAL: 1.9 DPTR FM NORMAL: -0.18 2 = FOG REDUCING VISIBILITY
HIGHEST: 81 ON 16, 2 GRTST 24HR 0.32 ON 3- 4 TO 1/4 MILE OR LESS
LOWEST: 33 ON 27,26 3 = THUNDER
SNOW, ICE PELLETS, HAIL 4 = ICE PELLETS
TOTAL MONTH: 0.0 INCH 5 = HAIL
GRTST 24HR 0.0 6 = FREEZING RAIN OR DRIZZLE
GRTST DEPTH: 0 7 = DUSTSTORM OR SANDSTORM:
VSBY 1/2 MILE OR LESS
8 = SMOKE OR HAZE
[NO. OF DAYS WITH] [WEATHER - DAYS WITH] 9 = BLOWING SNOW
X = TORNADO
MAX 32 OR BELOW: 0 0.01 INCH OR MORE: 10
MAX 90 OR ABOVE: 0 0.10 INCH OR MORE: 5
MIN 32 OR BELOW: 0 0.50 INCH OR MORE: 0
MIN 0 OR BELOW: 0 1.00 INCH OR MORE: 0
[HDD (BASE 65) ]
TOTAL THIS MO. 257 CLEAR (SCALE 0-3) 18
DPTR FM NORMAL -67 PTCLDY (SCALE 4-7) 10
TOTAL FM JUL 1 300 CLOUDY (SCALE 8-10) 2
DPTR FM NORMAL -191
[CDD (BASE 65) ]
TOTAL THIS MO. 0
DPTR FM NORMAL -4 [PRESSURE DATA]
TOTAL FM JAN 1 245 HIGHEST SLP 30.30 ON 9
DPTR FM NORMAL 102 LOWEST SLP 29.74 ON 18
[REMARKS]
#FINAL-09-23#