000
CXUS55 KMSO 012226
CLMGPI
CLIMATE REPORT
NATIONAL WEATHER SERVICE MISSOULA MT
426 PM MDT TUE AUG 01 2023
...................................
...THE KALISPELL MT CLIMATE SUMMARY FOR THE MONTH OF JULY 2023...
CLIMATE NORMAL PERIOD 1991 TO 2020
CLIMATE RECORD PERIOD 1894 TO 2023
WEATHER OBSERVED NORMAL DEPART LAST YEAR`S
VALUE DATE(S) VALUE FROM VALUE
NORMAL
..............................................................
TEMPERATURE (F)
RECORD
HIGH 104 07/19/1960
LOW 30 07/03/1999
HIGHEST 99 07/24 MM MM 98
LOWEST 41 07/27 MM MM 41
AVG. MAXIMUM 87.1 82.2 4.9 85.4
AVG. MINIMUM 48.8 47.6 1.2 50.0
MEAN 68.0 64.9 3.1
DAYS MAX >= 90 10 6.2 3.8 8
DAYS MAX <= 32 0 0.0 0.0 0
DAYS MIN <= 32 0 0.1 -0.1 0
DAYS MIN <= 0 0 0.0 0.0 0
PRECIPITATION (INCHES)
RECORD
MAXIMUM 6.02 1993
MINIMUM 0.02 1953
TOTALS 0.17 1.14 -0.97
DAILY AVG. 0.01 0.04 -0.03 0.02
DAYS >= .01 3 6.7 -3.7 7
DAYS >= .10 1 3.2 -2.2 2
DAYS >= .50 0 0.4 -0.4 0
DAYS >= 1.00 0 0.1 -0.1 0
GREATEST
24 HR. TOTAL 0.11 07/13 TO 07/13 0.24
SNOWFALL (INCHES)
TOTALS 0.0 0.0 0.0 0.0
SINCE 7/1 0.0 0.0 0.0 MM
DAYS >= TRACE 0 0.0 0.0 0
DAYS >= 1.0 0 0.0 0.0 0
GREATEST
SNOW DEPTH 0
24 HR TOTAL MM MM
DEGREE DAYS
HEATING TOTAL 13 75 -62
SINCE 7/1 13 74 -61
COOLING TOTAL 112 72 40
SINCE 1/1 151 85 66
..............................................................
WIND (MPH)
AVERAGE WIND SPEED 5.8
HIGHEST WIND SPEED/DIRECTION 28/210 DATE 07/17
HIGHEST GUST SPEED/DIRECTION 41/220 DATE 07/17
SKY COVER
POSSIBLE SUNSHINE (PERCENT) MM
AVERAGE SKY COVER 0.05
NUMBER OF DAYS FAIR 30
NUMBER OF DAYS PC 1
NUMBER OF DAYS CLOUDY 0
AVERAGE RH (PERCENT) 51
WEATHER CONDITIONS. NUMBER OF DAYS WITH
THUNDERSTORM 6 MIXED PRECIP 0
HEAVY RAIN 0 RAIN 0
LIGHT RAIN 4 FREEZING RAIN 0
LT FREEZING RAIN 0 HAIL 0
HEAVY SNOW 0 SNOW 0
LIGHT SNOW 0 SLEET 0
FOG 3 FOG W/VIS <= 1/4 MILE 0
HAZE 1
- INDICATES NEGATIVE NUMBERS.
R INDICATES RECORD WAS SET OR TIED.
MM INDICATES DATA IS MISSING.
T INDICATES TRACE AMOUNT.
$$