000
CXUS53 KGRB 120024
CF6GRB
PRELIMINARY LOCAL CLIMATOLOGICAL DATA (WS FORM: F-6)
STATION: GREEN BAY WI
MONTH: APRIL
YEAR: 2023
LATITUDE: 44 28 N
LONGITUDE: 88 8 W
TEMPERATURE IN F: :PCPN: SNOW: WIND :SUNSHINE: SKY :PK WND
================================================================================
1 2 3 4 5 6A 6B 7 8 9 10 11 12 13 14 15 16 17 18
12Z AVG MX 2MIN
DY MAX MIN AVG DEP HDD CDD WTR SNW DPTH SPD SPD DIR MIN PSBL S-S WX SPD DR
================================================================================
1 39 26 33 -5 32 0 0.10 0.6 0 12.6 32 350 M M 6 18 41 350
2 44 25 35 -4 30 0 0.00 0.0 0 11.4 29 150 M M 2 37 150
3 55 32 44 5 21 0 0.00 0.0 0 10.0 24 40 M M 0 32 50
4 40 32 36 -4 29 0 0.51 T 0 19.6 29 40 M M 10 135 39 40
5 50 34 42 2 23 0 0.50 0.0 0 13.3 28 250 M M 8 123 42 230
6 46 30 38 -2 27 0 0.00 0.0 0 18.7 33 270 M M 1 45 270
7 44 26 35 -6 30 0 T T 0 6.4 15 50 M M 2 1 19 100
8 50 32 41 0 24 0 0.01 T 0 8.0 21 50 M M 6 6 25 40
9 65 29 47 5 18 0 0.00 0.0 0 7.6 20 190 M M 2 12 27 180
10 70 47 59 17 6 0 0.00 0.0 0 10.2 22 210 M M 0 28 180
11 77 47 62 20 3 0 0.00 0.0 0 9.1 21 260 M M 0 30 260
12 86 56 71 28 0 6 0.00 0.0 0 12.8 23 230 M M 0 8 37 210
13 82 56 69 26 0 4 0.00 0.0 0 10.1 21 210 M M 0 30 220
14 82 49 66 22 0 1 0.00 0.0 0 7.6 18 160 M M 0 27 190
15 82 57 70 26 0 5 0.00 0.0 0 8.2 24 160 M M 4 3 33 170
16 61 36 49 5 16 0 0.28 0.0 0 9.2 18 210 M M 9 1 26 210
17 37 31 34 -11 31 0 0.07 0.6 0 15.5 26 300 M M 10 1 42 310
18 54 32 43 -2 22 0 T T 0 11.9 23 310 M M 3 31 300
19 41 35 38 -8 27 0 0.16 T 0 12.4 21 50 M M 6 1 29 60
20 65 40 53 7 12 0 0.32 T 0 12.7 28 50 M M 7 135 36 50
21 55 36 46 0 19 0 0.00 0.0 0 11.1 24 260 M M 6 35 200
22 48 32 40 -7 25 0 0.04 T 0 9.2 20 330 M M 7 26 330
23 41 29 35 -12 30 0 T T 0 6.5 15 290 M M 9 19 310
24 49 26 38 -10 27 0 0.26 T 0 4.2 16 40 M M 6 1 19 40
25 49 31 40 -8 25 0 0.00 0.0 0 6.9 13 40 M M 6 1 19 60
26 50 31 41 -8 24 0 0.00 0.0 0 5.8 17 140 M M 5 22 130
27 63 35 49 0 16 0 0.00 0.0 0 9.9 20 210 M M 6 29 190
28 65 38 52 3 13 0 0.00 0.0 0 6.1 16 50 M M 0 20 40
29 46 37 42 -8 23 0 0.13 0.0 0 8.3 20 270 M M 8 1 26 270
30 43 35 39 -11 26 0 0.43 T 0 10.1 20 330 M M 10 1 29 330
================================================================================
SM 1679 1082 579 16 2.81 1.2 305.4 M 139
================================================================================
AV 56.0 36.1 10.2 FASTST M M 5 MAX(MPH)
MISC ----> 33 270 45 270
================================================================================
NOTES:
# LAST OF SEVERAL OCCURRENCES
COLUMN 17 PEAK WIND IN M.P.H.
PRELIMINARY LOCAL CLIMATOLOGICAL DATA (WS FORM: F-6) , PAGE 2
STATION: GREEN BAY WI
MONTH: APRIL
YEAR: 2023
LATITUDE: 44 28 N
LONGITUDE: 88 8 W
[TEMPERATURE DATA] [PRECIPITATION DATA] SYMBOLS USED IN COLUMN 16
AVERAGE MONTHLY: 46.0 TOTAL FOR MONTH: 2.81 1 = FOG OR MIST
DPTR FM NORMAL: 1.7 DPTR FM NORMAL: -0.19 2 = FOG REDUCING VISIBILITY
HIGHEST: 86 ON 12 GRTST 24HR 0.91 ON 4- 5 TO 1/4 MILE OR LESS
LOWEST: 25 ON 2 3 = THUNDER
SNOW, ICE PELLETS, HAIL 4 = ICE PELLETS
TOTAL MONTH: 1.2 INCHES 5 = HAIL
GRTST 24HR 0.6 ON 1- 1 6 = FREEZING RAIN OR DRIZZLE
GRTST DEPTH: 0 7 = DUSTSTORM OR SANDSTORM:
VSBY 1/2 MILE OR LESS
8 = SMOKE OR HAZE
[NO. OF DAYS WITH] [WEATHER - DAYS WITH] 9 = BLOWING SNOW
X = TORNADO
MAX 32 OR BELOW: 0 0.01 INCH OR MORE: 12
MAX 90 OR ABOVE: 0 0.10 INCH OR MORE: 9
MIN 32 OR BELOW: 15 0.50 INCH OR MORE: 2
MIN 0 OR BELOW: 0 1.00 INCH OR MORE: 0
[HDD (BASE 65) ]
TOTAL THIS MO. 579 CLEAR (SCALE 0-3) 12
DPTR FM NORMAL -43 PTCLDY (SCALE 4-7) 12
TOTAL FM JUL 1 6577 CLOUDY (SCALE 8-10) 6
DPTR FM NORMAL -574
[CDD (BASE 65) ]
TOTAL THIS MO. 16
DPTR FM NORMAL 15 [PRESSURE DATA]
TOTAL FM JAN 1 16 HIGHEST SLP 30.63 ON 7
DPTR FM NORMAL 15 LOWEST SLP 29.25 ON 1
[REMARKS]
#FINAL-04-23#