000
CXUS53 KGRB 180744
CF6GRB
PRELIMINARY LOCAL CLIMATOLOGICAL DATA (WS FORM: F-6)
STATION: GREEN BAY WI
MONTH: APRIL
YEAR: 2024
LATITUDE: 44 28 N
LONGITUDE: 88 8 W
TEMPERATURE IN F: :PCPN: SNOW: WIND :SUNSHINE: SKY :PK WND
================================================================================
1 2 3 4 5 6A 6B 7 8 9 10 11 12 13 14 15 16 17 18
12Z AVG MX 2MIN
DY MAX MIN AVG DEP HDD CDD WTR SNW DPTH SPD SPD DIR MIN PSBL S-S WX SPD DR
================================================================================
1 42 31 37 -1 28 0 0.04 T 0 10.7 20 40 M M 8 1 25 40
2 38 32 35 -4 30 0 0.96 5.1 5 18.0 39 30 M M 8 12 56 20
3 36 34 35 -4 30 0 0.36 1.4 3 17.2 32 10 M M 7 19 46 20
4 43 34 39 -1 26 0 0.13 0.4 T 12.7 23 360 M M 10 1 29 10
5 53 33 43 3 22 0 0.00 0.0 0 8.7 16 60 M M 1 24 320
6 53 29 41 1 24 0 0.00 0.0 0 6.2 16 30 M M 0 8 21 30
7 56 32 44 3 21 0 0.05 0.0 0 10.8 30 140 M M 5 37 130
8 63 43 53 12 12 0 0.00 0.0 0 10.4 22 190 M M 4 30 200
9 57 38 48 6 17 0 0.00 0.0 0 7.8 22 280 M M 7 29 260
10 70 43 57 15 8 0 0.00 0.0 0 6.6 17 240 M M 5 26 240
11 60 46 53 11 12 0 0.02 0.0 0 4.6 13 90 M M 8 18 100
12 59 40 50 7 15 0 0.00 0.0 0 14.4 30 310 M M 4 41 300
13 67 36 52 9 13 0 0.00 0.0 0 9.4 18 200 M M 0 25 180
14 76 43 60 16 5 0 0.00 0.0 0 7.9 21 310 M M 1 3 31 320
15 71 39 55 11 10 0 0.00 0.0 0 8.5 17 90 M M 0 24 100
16 63 42 53 9 12 0 0.29 0.0 0 13.7 28 80 M M 4 13 35 80
17 62 48 55 10 10 0 0.89 0.0 0 14.2 25 270 M M 9 138 37 270
================================================================================
SM 969 643 295 0 2.74 6.9 181.8 M 81
================================================================================
AV 57.0 37.8 10.7 FASTST M M 5 MAX(MPH)
MISC ----> 39 30 56 20
================================================================================
NOTES:
# LAST OF SEVERAL OCCURRENCES
COLUMN 17 PEAK WIND IN M.P.H.
PRELIMINARY LOCAL CLIMATOLOGICAL DATA (WS FORM: F-6) , PAGE 2
STATION: GREEN BAY WI
MONTH: APRIL
YEAR: 2024
LATITUDE: 44 28 N
LONGITUDE: 88 8 W
[TEMPERATURE DATA] [PRECIPITATION DATA] SYMBOLS USED IN COLUMN 16
AVERAGE MONTHLY: 47.4 TOTAL FOR MONTH: 2.74 1 = FOG OR MIST
DPTR FM NORMAL: 5.8 DPTR FM NORMAL: 1.11 2 = FOG REDUCING VISIBILITY
HIGHEST: 76 ON 14 GRTST 24HR 1.18 ON 16-17 TO 1/4 MILE OR LESS
LOWEST: 29 ON 6 3 = THUNDER
SNOW, ICE PELLETS, HAIL 4 = ICE PELLETS
TOTAL MONTH: 6.9 INCHES 5 = HAIL
GRTST 24HR 5.1 ON 2- 2 6 = FREEZING RAIN OR DRIZZLE
GRTST DEPTH: 5 ON 2 7 = DUSTSTORM OR SANDSTORM:
VSBY 1/2 MILE OR LESS
8 = SMOKE OR HAZE
[NO. OF DAYS WITH] [WEATHER - DAYS WITH] 9 = BLOWING SNOW
X = TORNADO
MAX 32 OR BELOW: 0 0.01 INCH OR MORE: 8
MAX 90 OR ABOVE: 0 0.10 INCH OR MORE: 5
MIN 32 OR BELOW: 4 0.50 INCH OR MORE: 2
MIN 0 OR BELOW: 0 1.00 INCH OR MORE: 0
[HDD (BASE 65) ]
TOTAL THIS MO. 295 CLEAR (SCALE 0-3) 5
DPTR FM NORMAL -102 PTCLDY (SCALE 4-7) 9
TOTAL FM JUL 1 5603 CLOUDY (SCALE 8-10) 3
DPTR FM NORMAL -1324
[CDD (BASE 65) ]
TOTAL THIS MO. 0
DPTR FM NORMAL 0 [PRESSURE DATA]
TOTAL FM JAN 1 0 HIGHEST SLP M ON M
DPTR FM NORMAL 0 LOWEST SLP 29.20 ON 3
[REMARKS]