000
CXUS53 KGRR 011010
CF6GRR
PRELIMINARY LOCAL CLIMATOLOGICAL DATA (WS FORM: F-6)
STATION: GRAND RAPIDS
MONTH: NOVEMBER
YEAR: 2020
LATITUDE: 42 52 N
LONGITUDE: 85 31 W
TEMPERATURE IN F: :PCPN: SNOW: WIND :SUNSHINE: SKY :PK WND
================================================================================
1 2 3 4 5 6A 6B 7 8 9 10 11 12 13 14 15 16 17 18
12Z AVG MX 2MIN
DY MAX MIN AVG DEP HDD CDD WTR SNW DPTH SPD SPD DIR MIN PSBL S-S WX SPD DR
================================================================================
1 51 30 41 -5 24 0 0.19 0.2 0 17.9 32 300 M M 8 19 45 320
2 47 27 37 -8 28 0 0.00 0.0 0 14.5 30 250 M M 4 39 250
3 65 36 51 6 14 0 0.00 0.0 0 9.2 23 250 M M 1 30 230
4 72 44 58 13 7 0 0.00 0.0 0 11.6 24 220 M M 1 33 240
5 64 50 57 13 8 0 0.00 0.0 0 10.4 20 230 M M 4 29 240
6 70 49 60 16 5 0 0.00 0.0 0 10.9 22 250 M M 3 26 250
7 71 52 62 18 3 0 0.00 0.0 0 10.0 18 220 M M 2 23 210
8 74 48 61 18 4 0 0.00 0.0 0 9.0 15 190 M M 2 20 190
9 77 56 67 24 0 2 0.00 0.0 0 10.5 21 220 M M 5 28 220
10 74 57 66 24 0 1 0.79 0.0 0 14.6 40 250 M M 9 13 52 270
11 57 31 44 2 21 0 T 0.0 0 13.2 31 260 M M 8 40 260
12 51 28 40 -2 25 0 0.00 0.0 0 5.0 12 220 M M 4 1 17 200
13 43 26 35 -6 30 0 0.09 0.0 0 11.0 20 300 M M 9 1 26 280
14 43 22 33 -8 32 0 0.16 0.0 0 10.9 23 150 M M 5 1 31 140
15 53 38 46 6 19 0 0.44 T 0 23.7 44 230 M M 10 13 63 240
16 41 34 38 -2 27 0 T T 0 14.3 28 270 M M 9 40 270
17 38 23 31 -9 34 0 T T 0 12.6 24 300 M M 7 35 280
18 46 23 35 -4 30 0 0.00 0.0 0 10.2 21 180 M M 6 30 170
19 64 40 52 13 13 0 0.00 0.0 0 16.3 35 240 M M 5 47 240
20 59 37 48 10 17 0 0.00 0.0 0 13.2 26 250 M M 5 34 260
21 44 30 37 -1 28 0 0.00 0.0 0 2.2 7 20 M M 5 10 330
22 38 32 35 -3 30 0 0.04 T 0 4.8 10 180 M M 8 1 14 190
23 45 25 35 -2 30 0 0.01 0.0 0 8.3 17 270 M M 7 1 22 270
24 37 24 31 -6 34 0 0.19 0.2 0 7.5 13 120 M M 8 1 16 130
25 44 37 41 5 24 0 0.36 0.0 0 7.5 14 90 M M 10 1 17 70
26 45 40 43 7 22 0 0.00 0.0 0 10.2 18 240 M M 10 1 24 230
27 45 34 40 4 25 0 T 0.0 0 7.6 16 270 M M 9 18 21 260
28 47 26 37 2 28 0 0.00 0.0 0 9.6 21 240 M M 1 27 250
29 51 34 43 8 22 0 0.00 0.0 0 11.2 21 240 M M 5 29 250
30 39 31 35 1 30 0 T T 0 15.2 24 350 M M 10 34 340
================================================================================
SM 1595 1064 614 3 2.27 0.4 333.1 M 180
================================================================================
AV 53.2 35.5 11.1 FASTST M M 6 MAX(MPH)
MISC ----> 44 230 63 240
================================================================================
NOTES:
# LAST OF SEVERAL OCCURRENCES
COLUMN 17 PEAK WIND IN M.P.H.
PRELIMINARY LOCAL CLIMATOLOGICAL DATA (WS FORM: F-6) , PAGE 2
STATION: GRAND RAPIDS
MONTH: NOVEMBER
YEAR: 2020
LATITUDE: 42 52 N
LONGITUDE: 85 31 W
[TEMPERATURE DATA] [PRECIPITATION DATA] SYMBOLS USED IN COLUMN 16
AVERAGE MONTHLY: 44.3 TOTAL FOR MONTH: 2.27 1 = FOG OR MIST
DPTR FM NORMAL: 4.2 DPTR FM NORMAL: -1.24 2 = FOG REDUCING VISIBILITY
HIGHEST: 77 ON 9 GRTST 24HR 0.79 ON 10-10 TO 1/4 MILE OR LESS
LOWEST: 22 ON 14 3 = THUNDER
SNOW, ICE PELLETS, HAIL 4 = ICE PELLETS
TOTAL MONTH: 0.4 INCH 5 = HAIL
GRTST 24HR 0.2 ON 1- 1 6 = FREEZING RAIN OR DRIZZLE
GRTST DEPTH: 0 7 = DUSTSTORM OR SANDSTORM:
VSBY 1/2 MILE OR LESS
8 = SMOKE OR HAZE
[NO. OF DAYS WITH] [WEATHER - DAYS WITH] 9 = BLOWING SNOW
X = TORNADO
MAX 32 OR BELOW: 0 0.01 INCH OR MORE: 9
MAX 90 OR ABOVE: 0 0.10 INCH OR MORE: 6
MIN 32 OR BELOW: 14 0.50 INCH OR MORE: 1
MIN 0 OR BELOW: 0 1.00 INCH OR MORE: 0
[HDD (BASE 65) ]
TOTAL THIS MO. 614 CLEAR (SCALE 0-3) 5
DPTR FM NORMAL -132 PTCLDY (SCALE 4-7) 16
TOTAL FM JUL 1 1270 CLOUDY (SCALE 8-10) 9
DPTR FM NORMAL -67
[CDD (BASE 65) ]
TOTAL THIS MO. 3
DPTR FM NORMAL 3 [PRESSURE DATA]
TOTAL FM JAN 1 844 HIGHEST SLP 30.57 ON 21
DPTR FM NORMAL 145 LOWEST SLP 29.22 ON 15
[REMARKS]
#FINAL-11-20#