000
CXGM50 PGUM 020226
CF6GSN
PRELIMINARY LOCAL CLIMATOLOGICAL DATA (WS FORM: F-6)
STATION: SAIPAN/ISLEY_(CGS) MP
MONTH: NOVEMBER
YEAR: 2021
LATITUDE: 15 7 N
LONGITUDE: 145-44 E
TEMPERATURE IN F: :PCPN: SNOW: WIND :SUNSHINE: SKY :PK WND
================================================================================
1 2 3 4 5 6A 6B 7 8 9 10 11 12 13 14 15 16 17 18
12Z AVG MX 2MIN
DY MAX MIN AVG DEP HDD CDD WTR SNW DPTH SPD SPD DIR MIN PSBL S-S WX SPD DR
================================================================================
1 86 78 82 0 0 17 0.36 0.0 0 4.5 12 190 M M 5 14 180
2 84 77 81 -1 0 16 0.63 0.0 0 5.0 13 90 M M 6 16 80
3 88 78 83 1 0 18 0.01 0.0 0 7.6 15 100 M M 3 17 40
4 89 79 84 2 0 19 0.04 0.0 0 9.2 15 100 M M 3 20 50
5 89 79 84 2 0 19 0.11 0.0 0 6.2 14 100 M M 2 17 90
6 89 78 84 2 0 19 0.02 0.0 0 8.2 16 70 M M 3 19 80
7 89 80 85 3 0 20 0.01 0.0 0 9.7 16 70 M M 3 19 70
8 88 80 84 2 0 19 0.23 0.0 0 8.4 20 70 M M 2 27 80
9 88 79 84 2 0 19 T 0.0 0 8.8 15 70 M M 3 18 90
10 89 80 85 3 0 20 0.16 0.0 0 11.5 20 100 M M 3 25 100
11 89 78 84 2 0 19 0.04 0.0 0 14.2 28 60 M M 4 39 60
12 89 79 84 2 0 19 0.18 0.0 0 15.1 21 70 M M 4 30 70
13 88 78 83 1 0 18 0.34 0.0 0 15.0 26 100 M M 5 32 90
14 89 80 85 3 0 20 T M M 16.1 23 90 M M 2 29 90
15 89 79 84 2 0 19 0.49 0.0 0 12.6 25 70 M M 4 3 32 80
16 88 80 84 2 0 19 0.24 0.0 0 17.5 30 90 M M 5 37 90
17 89 78 84 2 0 19 0.70 0.0 0 13.4 24 100 M M 5 32 90
18 88 79 84 2 0 19 0.02 0.0 0 13.6 22 90 M M 3 30 90
19 88 79 84 2 0 19 0.03 0.0 0 12.3 20 90 M M 4 24 90
20 89 80 85 3 0 20 T 0.0 0 10.4 15 100 M M 2 19 120
21 89 80 85 3 0 20 0.00 0.0 0 12.7 21 70 M M 4 25 80
22 89 79 84 2 0 19 0.21 0.0 0 16.1 24 100 M M 3 31 90
23 89 80 85 3 0 20 0.15 0.0 0 13.5 23 100 M M 5 29 80
24 89 80 85 3 0 20 0.01 0.0 0 15.7 25 70 M M 4 30 70
25 89 79 84 2 0 19 0.01 0.0 0 19.1 24 80 M M 4 30 70
26 88 77 83 1 0 18 0.50 0.0 0 16.4 25 90 M M 3 33 90
27 88 77 83 1 0 18 0.19 0.0 0 15.3 23 70 M M 5 28 100
28 87 77 82 0 0 17 0.84 0.0 0 18.5 35 60 M M 6 43 60
29 86 76 81 -1 0 16 0.88 0.0 0 18.1 28 100 M M 8 38 100
30 84 76 80 -2 0 15 0.84 0.0 0 10.3 22 110 M M 6 28 110
================================================================================
SM 2643 2359 0 559 7.24 0.0 375.0 M 119
================================================================================
AV 88.1 78.6 12.5 FASTST M M 4 MAX(MPH)
MISC ----> 35 60 43 60
================================================================================
NOTES:
# LAST OF SEVERAL OCCURRENCES
COLUMN 17 PEAK WIND IN M.P.H.
PRELIMINARY LOCAL CLIMATOLOGICAL DATA (WS FORM: F-6) , PAGE 2
STATION: SAIPAN/ISLEY_(CGS) MP
MONTH: NOVEMBER
YEAR: 2021
LATITUDE: 15 7 N
LONGITUDE: 145-44 E
[TEMPERATURE DATA] [PRECIPITATION DATA] SYMBOLS USED IN COLUMN 16
AVERAGE MONTHLY: 83.4 TOTAL FOR MONTH: 7.24 1 = FOG OR MIST
DPTR FM NORMAL: 1.5 DPTR FM NORMAL: 2.03 2 = FOG REDUCING VISIBILITY
HIGHEST: 89 ON 25,24 GRTST 24HR 1.27 ON 28-29 TO 1/4 MILE OR LESS
LOWEST: 76 ON 30,29 3 = THUNDER
SNOW, ICE PELLETS, HAIL 4 = ICE PELLETS
TOTAL MONTH: 0.0 INCH 5 = HAIL
GRTST 24HR 0.0 6 = FREEZING RAIN OR DRIZZLE
GRTST DEPTH: 0 7 = DUSTSTORM OR SANDSTORM:
VSBY 1/2 MILE OR LESS
8 = SMOKE OR HAZE
[NO. OF DAYS WITH] [WEATHER - DAYS WITH] 9 = BLOWING SNOW
X = TORNADO
MAX 32 OR BELOW: 0 0.01 INCH OR MORE: 26
MAX 90 OR ABOVE: 0 0.10 INCH OR MORE: 17
MIN 32 OR BELOW: 0 0.50 INCH OR MORE: 6
MIN 0 OR BELOW: 0 1.00 INCH OR MORE: 0
[HDD (BASE 65) ]
TOTAL THIS MO. 0 CLEAR (SCALE 0-3) 11
DPTR FM NORMAL 0 PTCLDY (SCALE 4-7) 18
TOTAL FM JUL 1 0 CLOUDY (SCALE 8-10) 1
DPTR FM NORMAL 0
[CDD (BASE 65) ]
TOTAL THIS MO. 559
DPTR FM NORMAL 52 [PRESSURE DATA]
TOTAL FM JAN 1 6347 HIGHEST SLP 30.03 ON 1
DPTR FM NORMAL 775 LOWEST SLP 29.90 ON 1
[REMARKS]
#FINAL-11-21#