000
CXGM50 PGUM 010030
CF6GSN
PRELIMINARY LOCAL CLIMATOLOGICAL DATA (WS FORM: F-6)
STATION: SAIPAN/ISLEY_(CGS) MP
MONTH: JUNE
YEAR: 2021
LATITUDE: 15 7 N
LONGITUDE: 145-44 E
TEMPERATURE IN F: :PCPN: SNOW: WIND :SUNSHINE: SKY :PK WND
================================================================================
1 2 3 4 5 6A 6B 7 8 9 10 11 12 13 14 15 16 17 18
12Z AVG MX 2MIN
DY MAX MIN AVG DEP HDD CDD WTR SNW DPTH SPD SPD DIR MIN PSBL S-S WX SPD DR
================================================================================
1 90 81 86 3 0 21 0.06 0.0 0 11.1 22 110 M M 4 28 110
2 91 81 86 3 0 21 0.01 M M 11.2 18 80 M M 3 23 80
3 90 80 85 2 0 20 0.02 M M 8.6 16 90 M M 3 1 20 120
4 90 80 85 2 0 20 0.00 M M 9.0 16 130 M M 2 22 130
5 91 81 86 3 0 21 0.00 M M 8.7 16 100 M M 3 21 100
6 91 80 86 3 0 21 0.02 M M 9.8 18 70 M M 3 24 90
7 91 79 85 2 0 20 0.01 M M 8.5 16 90 M M 3 1 23 130
8 93 78 86 3 0 21 T M M 5.4 13 60 M M 1 18 290
9 89 79 84 1 0 19 0.33 M M 2.9 10 360 M M 3 14 250
10 89 80 85 2 0 20 0.44 M M 3.8 13 240 M M 3 1 17 250
11 90 80 85 2 0 20 T M M 5.8 13 190 M M 3 16 200
12 90 80 85 1 0 20 0.09 M M 5.4 13 160 M M 2 15 160
13 89 80 85 1 0 20 T 0.0 0 6.2 13 150 M M 2 16 150
14 90 79 85 1 0 20 0.00 M M 6.0 13 150 M M 1 16 140
15 91 80 86 2 0 21 T M M 6.2 13 140 M M 3 15 90
16 91 80 86 2 0 21 0.07 M M 6.6 17 100 M M 2 19 100
17 92 80 86 2 0 21 0.00 M M 7.3 15 90 M M 3 19 130
18 92 80 86 2 0 21 T M M 5.7 16 150 M M 2 20 150
19 92 80 86 2 0 21 0.00 M M 7.0 15 140 M M 2 19 150
20 91 80 86 2 0 21 T M M 7.7 17 150 M M 2 23 100
21 92 80 86 2 0 21 0.01 M M 10.0 17 140 M M 2 23 150
22 88 76 82 -2 0 17 0.45 M M 11.4 21 100 M M 6 1 26 110
23 87 80 84 0 0 19 0.23 M M 9.2 22 130 M M 5 18 27 130
24 89 79 84 0 0 19 0.60 M M 5.2 16 150 M M 6 1 20 150
25 90 80 85 1 0 20 T M M 8.0 14 110 M M 4 19 100
26 89 80 85 1 0 20 0.03 0.0 0 7.2 23 90 M M 4 30 90
27 90 80 85 1 0 20 0.01 M M 7.9 16 110 M M 3 21 100
28 90 81 86 2 0 21 0.04 M M 7.9 16 50 M M 4 1 21 60
29 91 81 86 2 0 21 0.03 M M 9.9 18 120 M M 4 8 26 130
30 89 80 85 1 0 20 0.04 M M 11.7 20 100 M M 5 28 120
================================================================================
SM 2708 2395 0 608 2.49 0.0 231.3 M 93
================================================================================
AV 90.3 79.8 7.7 FASTST M M 3 MAX(MPH)
MISC ----> 23 90 30 90
================================================================================
NOTES:
# LAST OF SEVERAL OCCURRENCES
COLUMN 17 PEAK WIND IN M.P.H.
PRELIMINARY LOCAL CLIMATOLOGICAL DATA (WS FORM: F-6) , PAGE 2
STATION: SAIPAN/ISLEY_(CGS) MP
MONTH: JUNE
YEAR: 2021
LATITUDE: 15 7 N
LONGITUDE: 145-44 E
[TEMPERATURE DATA] [PRECIPITATION DATA] SYMBOLS USED IN COLUMN 16
AVERAGE MONTHLY: 85.1 TOTAL FOR MONTH: 2.49 1 = FOG OR MIST
DPTR FM NORMAL: 1.7 DPTR FM NORMAL: -1.75 2 = FOG REDUCING VISIBILITY
HIGHEST: 93 ON 8 GRTST 24HR 0.77 ON 9-10 TO 1/4 MILE OR LESS
LOWEST: 76 ON 22 3 = THUNDER
SNOW, ICE PELLETS, HAIL 4 = ICE PELLETS
TOTAL MONTH: 0.0 INCH 5 = HAIL
GRTST 24HR 0.0 6 = FREEZING RAIN OR DRIZZLE
GRTST DEPTH: 0 7 = DUSTSTORM OR SANDSTORM:
VSBY 1/2 MILE OR LESS
8 = SMOKE OR HAZE
[NO. OF DAYS WITH] [WEATHER - DAYS WITH] 9 = BLOWING SNOW
X = TORNADO
MAX 32 OR BELOW: 0 0.01 INCH OR MORE: 18
MAX 90 OR ABOVE: 22 0.10 INCH OR MORE: 5
MIN 32 OR BELOW: 0 0.50 INCH OR MORE: 1
MIN 0 OR BELOW: 0 1.00 INCH OR MORE: 0
[HDD (BASE 65) ]
TOTAL THIS MO. 0 CLEAR (SCALE 0-3) 16
DPTR FM NORMAL 0 PTCLDY (SCALE 4-7) 14
TOTAL FM JUL 1 0 CLOUDY (SCALE 8-10) 0
DPTR FM NORMAL 0
[CDD (BASE 65) ]
TOTAL THIS MO. 608
DPTR FM NORMAL 54 [PRESSURE DATA]
TOTAL FM JAN 1 3492 HIGHEST SLP 30.00 ON 1
DPTR FM NORMAL 559 LOWEST SLP 29.89 ON 1
[REMARKS]
#FINAL-06-21#