000
CXGM50 PGUM 010030
CF6GSN
PRELIMINARY LOCAL CLIMATOLOGICAL DATA (WS FORM: F-6)
STATION: SAIPAN/ISLEY_(CGS) MP
MONTH: MAY
YEAR: 2021
LATITUDE: 15 7 N
LONGITUDE: 145-44 E
TEMPERATURE IN F: :PCPN: SNOW: WIND :SUNSHINE: SKY :PK WND
================================================================================
1 2 3 4 5 6A 6B 7 8 9 10 11 12 13 14 15 16 17 18
12Z AVG MX 2MIN
DY MAX MIN AVG DEP HDD CDD WTR SNW DPTH SPD SPD DIR MIN PSBL S-S WX SPD DR
================================================================================
1 92 81 87 4 0 22 0.08 M M 13.3 22 80 M M 4 18 29 80
2 93 82 88 5 0 23 0.00 M M 16.4 24 90 M M 4 29 80
3 92 81 87 4 0 22 0.01 M M 16.4 24 90 M M 5 29 90
4 92 80 86 3 0 21 0.04 M M 18.1 26 70 M M 5 18 33 70
5 92 80 86 3 0 21 T M M 19.5 30 80 M M 4 37 80
6 92 78 85 2 0 20 0.11 M M 20.6 29 80 M M 5 18 35 90
7 91 79 85 2 0 20 0.10 0.0 0 18.9 32 80 M M 7 41 80
8 92 81 87 4 0 22 T 0.0 0 17.0 23 80 M M 5 28 70
9 92 80 86 3 0 21 0.01 M M 16.0 24 70 M M 5 28 70
10 92 81 87 4 0 22 T M M 14.9 24 70 M M 4 29 70
11 92 79 86 3 0 21 0.41 M M 14.6 22 80 M M 4 18 29 90
12 91 78 85 2 0 20 0.33 M M 13.8 25 90 M M 4 1 32 100
13 91 80 86 3 0 21 T M M 14.3 21 90 M M 4 26 100
14 91 83 87 4 0 22 T M M 17.2 24 70 M M 5 29 70
15 92 81 87 4 0 22 T M M 16.8 24 80 M M 4 30 80
16 92 80 86 3 0 21 0.01 M M 14.9 25 80 M M 3 31 80
17 92 80 86 3 0 21 0.04 M M 15.8 26 70 M M 3 1 29 80
18 91 80 86 3 0 21 0.01 M M 15.8 22 80 M M 3 27 80
19 90 78 84 1 0 19 0.15 M M 15.2 22 80 M M 4 18 27 90
20 91 80 86 3 0 21 0.07 M M 15.5 24 60 M M 5 18 30 90
21 87 78 83 0 0 18 0.38 0.0 0 15.4 28 100 M M 5 18 33 100
22 90 78 84 1 0 19 0.08 0.0 0 15.0 25 80 M M 3 18 30 80
23 89 78 84 1 0 19 0.53 M M 10.9 21 90 M M 3 18 27 70
24 89 79 84 1 0 19 0.00 M M 10.1 18 100 M M 3 23 80
25 91 81 86 3 0 21 T M M 10.4 15 90 M M 3 20 90
26 91 80 86 3 0 21 0.17 M M 13.5 24 90 M M 4 18 32 90
27 90 79 85 2 0 20 0.13 M M 15.0 25 80 M M 4 18 29 70
28 91 78 85 2 0 20 0.02 M M 14.3 21 90 M M 4 1 27 120
29 91 82 87 4 0 22 0.00 M M 15.5 23 90 M M 3 28 90
30 92 82 87 4 0 22 T 0.0 0 15.9 23 100 M M 3 28 100
31 88 79 84 1 0 19 0.43 0.0 0 14.0 23 110 M M 5 1 31 110
================================================================================
SM 2822 2476 0 643 3.11 0.0 475.0 M 127
================================================================================
AV 91.0 79.9 15.3 FASTST M M 4 MAX(MPH)
MISC ----> 32 80 41 80
================================================================================
NOTES:
# LAST OF SEVERAL OCCURRENCES
COLUMN 17 PEAK WIND IN M.P.H.
PRELIMINARY LOCAL CLIMATOLOGICAL DATA (WS FORM: F-6) , PAGE 2
STATION: SAIPAN/ISLEY_(CGS) MP
MONTH: MAY
YEAR: 2021
LATITUDE: 15 7 N
LONGITUDE: 145-44 E
[TEMPERATURE DATA] [PRECIPITATION DATA] SYMBOLS USED IN COLUMN 16
AVERAGE MONTHLY: 85.5 TOTAL FOR MONTH: 3.11 1 = FOG OR MIST
DPTR FM NORMAL: 2.4 DPTR FM NORMAL: -0.01 2 = FOG REDUCING VISIBILITY
HIGHEST: 93 ON 2 GRTST 24HR 0.74 ON 11-12 TO 1/4 MILE OR LESS
LOWEST: 78 ON 28,23 3 = THUNDER
SNOW, ICE PELLETS, HAIL 4 = ICE PELLETS
TOTAL MONTH: 0.0 INCH 5 = HAIL
GRTST 24HR 0.0 6 = FREEZING RAIN OR DRIZZLE
GRTST DEPTH: 0 7 = DUSTSTORM OR SANDSTORM:
VSBY 1/2 MILE OR LESS
8 = SMOKE OR HAZE
[NO. OF DAYS WITH] [WEATHER - DAYS WITH] 9 = BLOWING SNOW
X = TORNADO
MAX 32 OR BELOW: 0 0.01 INCH OR MORE: 20
MAX 90 OR ABOVE: 27 0.10 INCH OR MORE: 10
MIN 32 OR BELOW: 0 0.50 INCH OR MORE: 1
MIN 0 OR BELOW: 0 1.00 INCH OR MORE: 0
[HDD (BASE 65) ]
TOTAL THIS MO. 0 CLEAR (SCALE 0-3) 4
DPTR FM NORMAL 0 PTCLDY (SCALE 4-7) 27
TOTAL FM JUL 1 0 CLOUDY (SCALE 8-10) 0
DPTR FM NORMAL 0
[CDD (BASE 65) ]
TOTAL THIS MO. 643
DPTR FM NORMAL 82 [PRESSURE DATA]
TOTAL FM JAN 1 2884 HIGHEST SLP 30.04 ON 1
DPTR FM NORMAL 505 LOWEST SLP 29.95 ON 1
[REMARKS]
#FINAL-05-21#