000
CXGM50 PGUM 010030
CF6GSN
PRELIMINARY LOCAL CLIMATOLOGICAL DATA (WS FORM: F-6)
STATION: SAIPAN/ISLEY_(CGS) MP
MONTH: JULY
YEAR: 2023
LATITUDE: 15 7 N
LONGITUDE: 145-44 E
TEMPERATURE IN F: :PCPN: SNOW: WIND :SUNSHINE: SKY :PK WND
================================================================================
1 2 3 4 5 6A 6B 7 8 9 10 11 12 13 14 15 16 17 18
12Z AVG MX 2MIN
DY MAX MIN AVG DEP HDD CDD WTR SNW DPTH SPD SPD DIR MIN PSBL S-S WX SPD DR
================================================================================
1 90 81 86 3 0 21 0.01 0.0 0 11.7 18 70 M M 3 22 80
2 90 82 86 3 0 21 T 0.0 0 11.9 21 70 M M 4 24 70
3 90 81 86 3 0 21 0.10 0.0 0 9.9 17 110 M M 3 22 110
4 89 81 85 2 0 20 0.01 0.0 0 8.4 14 70 M M 2 18 100
5 90 81 86 3 0 21 T 0.0 0 9.4 14 80 M M 4 18 130
6 91 81 86 3 0 21 0.01 0.0 0 11.6 22 80 M M 3 27 70
7 88 79 84 1 0 19 0.67 0.0 0 12.7 26 110 M M 5 36 110
8 89 81 85 2 0 20 0.19 0.0 0 15.0 23 90 M M 4 30 130
9 90 82 86 3 0 21 0.03 0.0 0 14.8 23 100 M M 5 28 90
10 89 81 85 2 0 20 0.03 0.0 0 14.2 23 110 M M 3 28 110
11 86 74 80 -3 0 15 0.43 0.0 0 12.2 29 110 M M 6 35 100
12 89 80 85 2 0 20 0.03 0.0 0 11.1 20 80 M M 5 25 80
13 89 79 84 1 0 19 0.49 0.0 0 11.7 20 90 M M 4 25 100
14 90 81 86 3 0 21 0.02 0.0 0 14.4 20 80 M M 2 24 70
15 89 81 85 2 0 20 0.08 0.0 0 13.2 21 90 M M 4 26 90
16 89 81 85 2 0 20 T 0.0 0 13.2 22 80 M M 3 28 100
17 90 79 85 2 0 20 0.02 0.0 0 11.4 21 90 M M 4 25 100
18 89 81 85 2 0 20 0.19 0.0 0 8.1 21 130 M M 4 26 140
19 90 80 85 2 0 20 T 0.0 0 7.6 14 90 M M 3 22 90
20 90 81 86 3 0 21 0.04 0.0 0 9.3 17 100 M M 3 21 100
21 89 81 85 2 0 20 0.01 0.0 0 9.7 21 80 M M 2 26 80
22 89 80 85 2 0 20 0.30 0.0 0 9.7 18 70 M M 4 24 60
23 89 79 84 1 0 19 0.02 0.0 0 9.3 16 110 M M 6 21 140
24 87 79 83 0 0 18 0.31 0.0 0 9.4 17 100 M M 6 20 110
25 88 79 84 1 0 19 0.12 0.0 0 10.7 20 100 M M 4 26 110
26 88 78 83 0 0 18 0.59 0.0 0 12.7 26 140 M M 7 39 140
27 84 78 81 -2 0 16 0.17 0.0 0 13.5 22 110 M M 6 29 160
28 85 77 81 -1 0 16 0.67 0.0 0 7.2 18 170 M M 4 26 190
29 88 79 84 2 0 19 0.00 0.0 0 5.2 10 120 M M 4 17 100
30 89 78 84 2 0 19 0.01 0.0 0 4.6 10 30 M M 2 14 80
31 89 79 84 2 0 19 0.10 M M 7.9 15 320 M M 4 1 20 320
================================================================================
SM 2752 2474 0 604 4.65 0.0 331.7 M 123
================================================================================
AV 88.8 79.8 10.7 FASTST M M 4 MAX(MPH)
MISC ----> 29 110 39 140
================================================================================
NOTES:
# LAST OF SEVERAL OCCURRENCES
COLUMN 17 PEAK WIND IN M.P.H.
PRELIMINARY LOCAL CLIMATOLOGICAL DATA (WS FORM: F-6) , PAGE 2
STATION: SAIPAN/ISLEY_(CGS) MP
MONTH: JULY
YEAR: 2023
LATITUDE: 15 7 N
LONGITUDE: 145-44 E
[TEMPERATURE DATA] [PRECIPITATION DATA] SYMBOLS USED IN COLUMN 16
AVERAGE MONTHLY: 84.3 TOTAL FOR MONTH: 4.65 1 = FOG OR MIST
DPTR FM NORMAL: 1.4 DPTR FM NORMAL: -2.78 2 = FOG REDUCING VISIBILITY
HIGHEST: 91 ON 6 GRTST 24HR 0.73 ON 26-27 TO 1/4 MILE OR LESS
LOWEST: 74 ON 11 3 = THUNDER
SNOW, ICE PELLETS, HAIL 4 = ICE PELLETS
TOTAL MONTH: 0.0 INCH 5 = HAIL
GRTST 24HR 0.0 6 = FREEZING RAIN OR DRIZZLE
GRTST DEPTH: 0 7 = DUSTSTORM OR SANDSTORM:
VSBY 1/2 MILE OR LESS
8 = SMOKE OR HAZE
[NO. OF DAYS WITH] [WEATHER - DAYS WITH] 9 = BLOWING SNOW
X = TORNADO
MAX 32 OR BELOW: 0 0.01 INCH OR MORE: 26
MAX 90 OR ABOVE: 10 0.10 INCH OR MORE: 13
MIN 32 OR BELOW: 0 0.50 INCH OR MORE: 3
MIN 0 OR BELOW: 0 1.00 INCH OR MORE: 0
[HDD (BASE 65) ]
TOTAL THIS MO. 0 CLEAR (SCALE 0-3) 7
DPTR FM NORMAL 0 PTCLDY (SCALE 4-7) 24
TOTAL FM JUL 1 0 CLOUDY (SCALE 8-10) 0
DPTR FM NORMAL 0
[CDD (BASE 65) ]
TOTAL THIS MO. 604
DPTR FM NORMAL 48 [PRESSURE DATA]
TOTAL FM JAN 1 3750 HIGHEST SLP 30.04 ON 1
DPTR FM NORMAL 261 LOWEST SLP 29.96 ON 1
[REMARKS]
#FINAL-07-23#