000
CXUS52 KGSP 011553
CF6GSP
PRELIMINARY LOCAL CLIMATOLOGICAL DATA (WS FORM: F-6)
STATION: GREENVILLE-SPARTANBURG SC
MONTH: AUGUST
YEAR: 2021
LATITUDE: 34 54 N
LONGITUDE: 82 13 W
TEMPERATURE IN F: :PCPN: SNOW: WIND :SUNSHINE: SKY :PK WND
================================================================================
1 2 3 4 5 6A 6B 7 8 9 10 11 12 13 14 15 16 17 18
12Z AVG MX 2MIN
DY MAX MIN AVG DEP HDD CDD WTR SNW DPTH SPD SPD DIR MIN PSBL S-S WX SPD DR
================================================================================
1 91 70 81 1 0 16 0.31 0.0 0 6.1 22 300 M M 2 138 34 300
2 87 64 76 -4 0 11 0.00 0.0 0 3.6 10 100 M M 0 18 14 80
3 77 67 72 -8 0 7 0.25 0.0 0 6.3 14 60 M M 8 18 23 10
4 81 63 72 -7 0 7 0.00 0.0 0 4.9 14 50 M M 7 18 21 50
5 85 66 76 -3 0 11 T 0.0 0 4.2 13 80 M M 5 18 70
6 83 62 73 -6 0 8 0.00 0.0 0 5.1 12 60 M M 4 15 70
7 90 67 79 0 0 14 0.00 0.0 0 2.4 16 80 M M 5 3 19 80
8 91 63 77 -2 0 12 0.00 0.0 0 2.5 9 60 M M 0 1 12 20
9 88 66 77 -2 0 12 0.68 0.0 0 2.7 15 80 M M 2 1 17 80
10 94 71 83 4 0 18 T 0.0 0 4.1 16 160 M M 2 138 20 150
11 93 70 82 3 0 17 T 0.0 0 4.0 15 230 M M 0 38 21 240
12 92 69 81 2 0 16 0.00 0.0 0 2.2 13 200 M M 1 138 22 190
13 94 70 82 3 0 17 0.00 0.0 0 3.6 10 270 M M 1 38 14 200
14 93 71 82 3 0 17 0.26 0.0 0 3.4 17 250 M M 2 13 20 250
15 85 69 77 -2 0 12 0.00 0.0 0 4.3 14 140 M M 6 1 19 130
16 88 71 80 1 0 15 0.11 0.0 0 5.1 26 160 M M 8 138 35 150
17 82 70 76 -2 0 11 1.16 0.0 0 10.4 25 210 M M 9 13 33 140
18 89 71 80 2 0 15 0.00 0.0 0 5.0 14 230 M M 5 18 220
19 93 73 83 5 0 18 T 0.0 0 2.7 13 300 M M 1 16 270
20 88 70 79 1 0 14 0.00 0.0 0 2.8 12 50 M M 3 1 14 90
21 88 70 79 1 0 14 0.00 0.0 0 4.2 13 220 M M 6 15 210
22 90 71 81 3 0 16 T 0.0 0 3.6 13 120 M M 5 16 110
23 92 69 81 3 0 16 0.00 0.0 0 3.2 9 40 M M 0 1 14 70
24 93 70 82 4 0 17 0.00 0.0 0 3.1 10 60 M M 1 1 15 10
25 94 70 82 4 0 17 T 0.0 0 3.5 15 120 M M 3 13 19 120
26 89 69 79 2 0 14 T 0.0 0 2.0 14 170 M M 2 13 17 170
27 91 70 81 4 0 16 0.00 0.0 0 3.0 12 170 M M 2 1 18 160
28 93 71 82 5 0 17 0.00 0.0 0 3.2 12 150 M M 2 16 130
29 92 68 80 3 0 15 0.00 0.0 0 4.6 12 160 M M 0 1 15 160
30 93 67 80 3 0 15 0.00 0.0 0 4.5 14 200 M M 1 1 16 240
31 87 72 80 3 0 15 0.47 0.0 0 9.2 35 200 M M 5 18 42 200
================================================================================
SM 2766 2130 0 440 3.24 0.0 129.5 M 98
================================================================================
AV 89.2 68.7 4.2 FASTST M M 3 MAX(MPH)
MISC ----> 35 200 42 200
================================================================================
NOTES:
# LAST OF SEVERAL OCCURRENCES
COLUMN 17 PEAK WIND IN M.P.H.
PRELIMINARY LOCAL CLIMATOLOGICAL DATA (WS FORM: F-6) , PAGE 2
STATION: GREENVILLE-SPARTANBURG SC
MONTH: AUGUST
YEAR: 2021
LATITUDE: 34 54 N
LONGITUDE: 82 13 W
[TEMPERATURE DATA] [PRECIPITATION DATA] SYMBOLS USED IN COLUMN 16
AVERAGE MONTHLY: 79.0 TOTAL FOR MONTH: 3.24 1 = FOG OR MIST
DPTR FM NORMAL: 0.6 DPTR FM NORMAL: -1.42 2 = FOG REDUCING VISIBILITY
HIGHEST: 94 ON 25,13 GRTST 24HR 1.19 ON 16-17 TO 1/4 MILE OR LESS
LOWEST: 62 ON 6 3 = THUNDER
SNOW, ICE PELLETS, HAIL 4 = ICE PELLETS
TOTAL MONTH: 0.0 INCH 5 = HAIL
GRTST 24HR 0.0 6 = FREEZING RAIN OR DRIZZLE
GRTST DEPTH: 0 7 = DUSTSTORM OR SANDSTORM:
VSBY 1/2 MILE OR LESS
8 = SMOKE OR HAZE
[NO. OF DAYS WITH] [WEATHER - DAYS WITH] 9 = BLOWING SNOW
X = TORNADO
MAX 32 OR BELOW: 0 0.01 INCH OR MORE: 7
MAX 90 OR ABOVE: 17 0.10 INCH OR MORE: 7
MIN 32 OR BELOW: 0 0.50 INCH OR MORE: 2
MIN 0 OR BELOW: 0 1.00 INCH OR MORE: 1
[HDD (BASE 65) ]
TOTAL THIS MO. 0 CLEAR (SCALE 0-3) 18
DPTR FM NORMAL 0 PTCLDY (SCALE 4-7) 11
TOTAL FM JUL 1 0 CLOUDY (SCALE 8-10) 2
DPTR FM NORMAL 0
[CDD (BASE 65) ]
TOTAL THIS MO. 440
DPTR FM NORMAL 25 [PRESSURE DATA]
TOTAL FM JAN 1 1368 HIGHEST SLP 30.22 ON 28
DPTR FM NORMAL -59 LOWEST SLP 29.65 ON 31
[REMARKS]
#FINAL-08-21#