000
CXUS56 KTFX 011329
CF6GTF
PRELIMINARY LOCAL CLIMATOLOGICAL DATA (WS FORM: F-6)
STATION: GREAT FALLS MT
MONTH: JULY
YEAR: 2023
LATITUDE: 47 28 N
LONGITUDE: 111 22 W
TEMPERATURE IN F: :PCPN: SNOW: WIND :SUNSHINE: SKY :PK WND
================================================================================
1 2 3 4 5 6A 6B 7 8 9 10 11 12 13 14 15 16 17 18
12Z AVG MX 2MIN
DY MAX MIN AVG DEP HDD CDD WTR SNW DPTH SPD SPD DIR MIN PSBL S-S WX SPD DR
================================================================================
1 87 58 73 9 0 8 0.00 0.0 0 14.5 32 230 M M 0 43 220
2 83 53 68 4 0 3 0.00 0.0 0 12.1 21 50 M M 0 35 260
3 74 47 61 -3 4 0 0.42 0.0 0 8.5 37 340 M M 6 35 56 330
4 67 48 58 -7 7 0 T 0.0 0 5.1 16 340 M M 6 1 23 340
5 77 42 60 -5 5 0 0.00 0.0 0 5.0 12 70 M M 3 16 160
6 81 47 64 -1 1 0 0.00 0.0 0 6.1 17 40 M M 3 23 60
7 79 48 64 -2 1 0 0.00 0.0 0 9.5 28 150 M M 0 37 150
8 83 47 65 -1 0 0 0.00 0.0 0 5.6 12 90 M M 0 16 110
9 90 50 70 4 0 5 0.00 0.0 0 6.3 14 350 M M 0 21 340
10 90 56 73 6 0 8 0.10 0.0 0 10.7 36 240 M M 1 3 50 230
11 80 52 66 -1 0 1 0.00 0.0 0 12.9 28 290 M M 3 40 290
12 85 48 67 0 0 2 0.00 0.0 0 8.8 21 10 M M 1 29 290
13 84 53 69 1 0 4 0.03 0.0 0 7.8 28 340 M M 3 3 36 330
14 81 49 65 -3 0 0 0.00 0.0 0 7.6 16 290 M M 0 8 25 270
15 88 50 69 1 0 4 0.00 0.0 0 7.7 17 310 M M 1 8 24 290
16 90 53 72 4 0 7 0.00 0.0 0 7.6 17 140 M M 0 8 23 150
17 91 57 74 5 0 9 T 0.0 0 14.6 40 250 M M 1 8 56 240
18 84 48 66 -3 0 1 0.00 0.0 0 7.5 17 250 M M 0 22 240
19 82 44 63 -6 2 0 0.00 0.0 0 8.6 17 70 M M 0 21 70
20 89 51 70 1 0 5 0.00 0.0 0 6.9 15 70 M M 0 8 22 60
21 95 52 74 4 0 9 0.00 0.0 0 5.0 18 280 M M 0 28 290
22 99 55 77 7 0 12 0.00 0.0 0 9.8 24 280 M M 0 32 230
23 98 53 76 6 0 11 0.00 0.0 0 8.8 15 160 M M 0 22 230
24 101 62 82 12 0 17 0.00 0.0 0 10.9 33 190 M M 0 44 170
25 89 61 75 5 0 10 0.00 0.0 0 15.3 35 250 M M 0 47 250
26 87 56 72 2 0 7 0.00 0.0 0 12.4 28 240 M M 0 35 230
27 78 45 62 -8 3 0 T 0.0 0 5.4 18 110 M M 2 3 22 120
28 81 43 62 -8 3 0 0.02 0.0 0 6.7 22 30 M M 1 3 31 30
29 91 50 71 1 0 6 0.05 0.0 0 7.2 24 320 M M 1 3 46 310
30 90 51 71 1 0 6 T 0.0 0 6.2 18 290 M M 0 3 27 350
31 96 51 74 4 0 9 0.00 0.0 0 7.8 15 330 M M 0 21 340
================================================================================
SM 2670 1580 26 144 0.62 0.0 268.9 M 32
================================================================================
AV 86.1 51.0 8.7 FASTST M M 1 MAX(MPH)
MISC ----> 40 250 # 56 330
================================================================================
NOTES:
# LAST OF SEVERAL OCCURRENCES
COLUMN 17 PEAK WIND IN M.P.H.
PRELIMINARY LOCAL CLIMATOLOGICAL DATA (WS FORM: F-6) , PAGE 2
STATION: GREAT FALLS MT
MONTH: JULY
YEAR: 2023
LATITUDE: 47 28 N
LONGITUDE: 111 22 W
[TEMPERATURE DATA] [PRECIPITATION DATA] SYMBOLS USED IN COLUMN 16
AVERAGE MONTHLY: 68.5 TOTAL FOR MONTH: 0.62 1 = FOG OR MIST
DPTR FM NORMAL: 0.6 DPTR FM NORMAL: -0.61 2 = FOG REDUCING VISIBILITY
HIGHEST: 101 ON 24 GRTST 24HR 0.42 ON 3- 3 TO 1/4 MILE OR LESS
LOWEST: 42 ON 5 3 = THUNDER
SNOW, ICE PELLETS, HAIL 4 = ICE PELLETS
TOTAL MONTH: 0.0 INCH 5 = HAIL
GRTST 24HR 0.0 6 = FREEZING RAIN OR DRIZZLE
GRTST DEPTH: 0 7 = DUSTSTORM OR SANDSTORM:
VSBY 1/2 MILE OR LESS
8 = SMOKE OR HAZE
[NO. OF DAYS WITH] [WEATHER - DAYS WITH] 9 = BLOWING SNOW
X = TORNADO
MAX 32 OR BELOW: 0 0.01 INCH OR MORE: 5
MAX 90 OR ABOVE: 11 0.10 INCH OR MORE: 2
MIN 32 OR BELOW: 0 0.50 INCH OR MORE: 0
MIN 0 OR BELOW: 0 1.00 INCH OR MORE: 0
[HDD (BASE 65) ]
TOTAL THIS MO. 26 CLEAR (SCALE 0-3) 29
DPTR FM NORMAL -22 PTCLDY (SCALE 4-7) 2
TOTAL FM JUL 1 26 CLOUDY (SCALE 8-10) 0
DPTR FM NORMAL -26
[CDD (BASE 65) ]
TOTAL THIS MO. 144
DPTR FM NORMAL 8 [PRESSURE DATA]
TOTAL FM JAN 1 160 HIGHEST SLP 30.31 ON 4
DPTR FM NORMAL -3 LOWEST SLP 29.65 ON 17
[REMARKS]
#FINAL-07-23#