000
CXUS54 KJAN 012255
CF6GWO
PRELIMINARY LOCAL CLIMATOLOGICAL DATA (WS FORM: F-6)
STATION: GREENWOOD
MONTH: FEBRUARY
YEAR: 2024
LATITUDE: 33 30 N
LONGITUDE: 90 5 W
TEMPERATURE IN F: :PCPN: SNOW: WIND :SUNSHINE: SKY :PK WND
================================================================================
1 2 3 4 5 6A 6B 7 8 9 10 11 12 13 14 15 16 17 18
12Z AVG MX 2MIN
DY MAX MIN AVG DEP HDD CDD WTR SNW DPTH SPD SPD DIR MIN PSBL S-S WX SPD DR
================================================================================
1 67 32 50 5 15 0 0.00 0.0 0 2.8 12 200 M M 0 8 14 200
2 74 38 56 10 9 0 0.00 0.0 0 2.7 8 270 M M 0 12 280
3 68 47 58 12 7 0 0.20 0.0 0 5.4 18 120 M M 5 1 23 120
4 56 46 51 5 14 0 0.93 0.0 0 9.7 17 40 M M 10 1 24 100
5 62 41 52 6 13 0 0.01 0.0 0 7.4 14 340 M M 3 26 330
6 65 32 49 3 16 0 0.00 0.0 0 2.0 10 20 M M 0 1 14 290
7 71 33 52 6 13 0 0.00 0.0 0 7.3 16 190 M M 0 24 170
8 67 52 60 13 5 0 T 0.0 0 11.8 22 160 M M 5 32 180
9 68 62 65 18 0 0 0.12 0.0 0 8.1 18 190 M M 9 1 24 180
10 66 57 62 15 3 0 2.59 0.0 0 8.6 22 50 M M 7 1 31 60
11 60 55 58 11 7 0 0.95 0.0 0 7.5 25 80 M M 9 13 30 80
12 56 43 50 2 15 0 0.07 0.0 0 6.4 15 340 M M 10 1 27 320
13 59 34 47 -1 18 0 0.00 0.0 0 1.6 10 10 M M 1 18 15 330
14 66 33 50 2 15 0 0.00 0.0 0 2.0 10 190 M M 0 12 250
15 69 38 54 6 11 0 0.00 0.0 0 3.1 13 210 M M 0 17 210
16 70 42 56 7 9 0 0.08 0.0 0 8.6 23 210 M M 5 1 33 20
17 46 33 40 -9 25 0 T 0.0 0 12.0 22 20 M M 5 31 20
18 51 26 39 -10 26 0 0.00 0.0 0 3.5 10 60 M M 0 15 290
19 60 26 43 -6 22 0 0.00 0.0 0 2.3 12 210 M M 0 15 210
20 70 33 52 2 13 0 0.00 0.0 0 2.6 13 200 M M 0 17 200
21 78 43 61 11 4 0 0.00 0.0 0 9.7 25 210 M M 0 32 210
22 73 58 66 16 0 1 0.23 0.0 0 12.8 21 200 M M 7 13 31 310
23 71 45 58 8 7 0 0.00 0.0 0 4.8 15 340 M M 2 12 25 340
24 69 42 56 5 9 0 0.00 0.0 0 5.1 15 340 M M 0 27 310
25 79 42 61 10 4 0 0.00 0.0 0 9.6 24 200 M M 0 31 210
26 76 54 65 14 0 0 0.00 0.0 0 12.7 24 190 M M 5 31 210
27 83 67 75 23 0 10 0.00 0.0 0 18.4 29 210 M M 1 40 220
28 74 44 59 7 6 0 0.08 0.0 0 12.1 28 200 M M 5 38 210
29 52 41 47 -5 18 0 0.00 0.0 M 9.7 20 70 M M 4 8 24 80
================================================================================
SM 1926 1239 304 11 5.26 0.0 210.3 M 93
================================================================================
AV 66.4 42.7 7.3 FASTST M M 3 MAX(MPH)
MISC ----> 29 210 40 220
================================================================================
NOTES:
# LAST OF SEVERAL OCCURRENCES
COLUMN 17 PEAK WIND IN M.P.H.
PRELIMINARY LOCAL CLIMATOLOGICAL DATA (WS FORM: F-6) , PAGE 2
STATION: GREENWOOD
MONTH: FEBRUARY
YEAR: 2024
LATITUDE: 33 30 N
LONGITUDE: 90 5 W
[TEMPERATURE DATA] [PRECIPITATION DATA] SYMBOLS USED IN COLUMN 16
AVERAGE MONTHLY: 54.6 TOTAL FOR MONTH: 5.26 1 = FOG OR MIST
DPTR FM NORMAL: 6.3 DPTR FM NORMAL: 0.22 2 = FOG REDUCING VISIBILITY
HIGHEST: 83 ON 27 GRTST 24HR 3.05 ON 10-11 TO 1/4 MILE OR LESS
LOWEST: 26 ON 19,18 3 = THUNDER
SNOW, ICE PELLETS, HAIL 4 = ICE PELLETS
TOTAL MONTH: 0.0 INCH 5 = HAIL
GRTST 24HR 0.0 6 = FREEZING RAIN OR DRIZZLE
GRTST DEPTH: 0 7 = DUSTSTORM OR SANDSTORM:
VSBY 1/2 MILE OR LESS
8 = SMOKE OR HAZE
[NO. OF DAYS WITH] [WEATHER - DAYS WITH] 9 = BLOWING SNOW
X = TORNADO
MAX 32 OR BELOW: 0 0.01 INCH OR MORE: 10
MAX 90 OR ABOVE: 0 0.10 INCH OR MORE: 6
MIN 32 OR BELOW: 4 0.50 INCH OR MORE: 3
MIN 0 OR BELOW: 0 1.00 INCH OR MORE: 1
[HDD (BASE 65) ]
TOTAL THIS MO. 304 CLEAR (SCALE 0-3) 15
DPTR FM NORMAL -167 PTCLDY (SCALE 4-7) 10
TOTAL FM JUL 1 1775 CLOUDY (SCALE 8-10) 4
DPTR FM NORMAL -400
[CDD (BASE 65) ]
TOTAL THIS MO. 11
DPTR FM NORMAL 6 [PRESSURE DATA]
TOTAL FM JAN 1 11 HIGHEST SLP 30.50 ON 29
DPTR FM NORMAL 3 LOWEST SLP 29.57 ON 4
[REMARKS]
#FINAL-02-24#