000
CXUS55 KBOU 011334 RRA
CF6GXY
PRELIMINARY LOCAL CLIMATOLOGICAL DATA (WS FORM: F-6)
STATION: GREELEY CO
MONTH: AUGUST
YEAR: 2021
LATITUDE: 40 25 N
LONGITUDE: 104 38 W
TEMPERATURE IN F: :PCPN: SNOW: WIND :SUNSHINE: SKY :PK WND
================================================================================
1 2 3 4 5 6A 6B 7 8 9 10 11 12 13 14 15 16 17 18
12Z AVG MX 2MIN
DY MAX MIN AVG DEP HDD CDD WTR SNW DPTH SPD SPD DIR MIN PSBL S-S WX SPD DR
================================================================================
1 83 56 70 M 0 5 0.00 M M 3.9 10 130 M M 0 18 M M
2 89 55 72 M 0 7 0.00 M M 3.0 8 110 M M 0 18 M M
3 78 61 70 M 0 5 T M M 7.1 14 310 M M 6 M M
4 85 58 72 M 0 7 0.11 M M 5.3 14 20 M M 5 21 20
5 93 54 74 M 0 9 0.00 M M 5.0 9 100 M M 0 M M
6 93 54 74 M 0 9 0.17 M M 4.8 25 230 M M 0 38 39 230
7 81 56 69 M 0 4 0.00 M M 6.4 17 330 M M 1 8 M M
8 94 50 72 M 0 7 0.00 M M 2.9 9 170 M M 0 18 M M
9 98 53 76 M 0 11 0.00 M M 5.3 24 300 M M 0 1 40 300
10 94 53 74 M 0 9 0.00 M M 3.6 8 340 M M 0 8 M M
11 94 51 73 M 0 8 0.00 M M 3.3 7 30 M M 0 18 M M
12 87 54 71 M 0 6 0.00 M M 8.6 16 30 M M 0 20 30
13 85 56 71 M 0 6 0.00 M M 6.5 10 80 M M 0 M M
14 95 56 76 M 0 11 0.03 M M 4.6 15 90 M M 1 3 43 30
15 92 58 75 M 0 10 T M M 4.9 17 320 M M 0 M M
16 95 52 74 M 0 9 0.00 M M 2.2 7 180 M M 0 8 M M
17 97 51 74 M 0 9 0.00 M M 5.4 24 220 M M 0 8 37 150
18 96 54 75 M 0 10 T M M 6.1 15 110 M M 0 8 16 130
19 82 60 71 M 0 6 T M M 9.3 17 10 M M 5 30 10
20 80 51 66 M 0 1 0.11 M M 5.9 18 260 M M 1 26 320
21 87 48 68 M 0 3 T M M 7.0 16 160 M M 2 31 210
22 89 56 73 M 0 8 0.00 M M 6.0 16 150 M M 1 8 M M
23 95 53 74 M 0 9 0.00 M M 4.6 8 200 M M 0 M M
24 96 51 74 M 0 9 0.00 M M 5.6 8 150 M M 0 8 M M
25 85 59 72 M 0 7 0.00 M M 7.9 12 330 M M 2 8 17 170
26 89 59 74 M 0 9 T M M 8.4 26 340 M M 0 1 41 340
27 96 53 75 M 0 10 0.00 M M 5.9 14 200 M M 0 8 23 200
28 91 53 72 M 0 7 0.00 M M 7.0 17 10 M M 0 20 140
29 83 59 71 M 0 6 0.00 M M 8.4 16 150 M M 4 23 150
30 96 55 76 M 0 11 0.00 M M 3.7 7 150 M M 3 128 M M
31 96 49 73 M 0 8 0.00 M M 6.5 13 130 M M 0 8 M M
================================================================================
SM 2794 1688 0 236 0.42 M 175.0 M 31
================================================================================
AV 90.1 54.5 5.6 FASTST M M 1 MAX(MPH)
MISC ----> 26 340 43 30
================================================================================
NOTES:
# LAST OF SEVERAL OCCURRENCES
COLUMN 17 PEAK WIND IN M.P.H.
PRELIMINARY LOCAL CLIMATOLOGICAL DATA (WS FORM: F-6) , PAGE 2
STATION: GREELEY CO
MONTH: AUGUST
YEAR: 2021
LATITUDE: 40 25 N
LONGITUDE: 104 38 W
[TEMPERATURE DATA] [PRECIPITATION DATA] SYMBOLS USED IN COLUMN 16
AVERAGE MONTHLY: 72.3 TOTAL FOR MONTH: 0.42 1 = FOG OR MIST
DPTR FM NORMAL: M DPTR FM NORMAL: M 2 = FOG REDUCING VISIBILITY
HIGHEST: 98 ON 9 GRTST 24HR 0.18 ON 6- 6 TO 1/4 MILE OR LESS
LOWEST: 48 ON 21 3 = THUNDER
SNOW, ICE PELLETS, HAIL 4 = ICE PELLETS
TOTAL MONTH: M 5 = HAIL
GRTST 24HR M ON M 6 = FREEZING RAIN OR DRIZZLE
GRTST DEPTH: M ON M 7 = DUSTSTORM OR SANDSTORM:
VSBY 1/2 MILE OR LESS
8 = SMOKE OR HAZE
[NO. OF DAYS WITH] [WEATHER - DAYS WITH] 9 = BLOWING SNOW
X = TORNADO
MAX 32 OR BELOW: 0 0.01 INCH OR MORE: 4
MAX 90 OR ABOVE: 17 0.10 INCH OR MORE: 3
MIN 32 OR BELOW: 0 0.50 INCH OR MORE: 0
MIN 0 OR BELOW: 0 1.00 INCH OR MORE: 0
[HDD (BASE 65) ]
TOTAL THIS MO. 0 CLEAR (SCALE 0-3) 27
DPTR FM NORMAL M PTCLDY (SCALE 4-7) 4
TOTAL FM JUL 1 0 CLOUDY (SCALE 8-10) 0
DPTR FM NORMAL M
[CDD (BASE 65) ]
TOTAL THIS MO. 236
DPTR FM NORMAL M [PRESSURE DATA]
TOTAL FM JAN 1 826 HIGHEST SLP 30.35 ON 1
DPTR FM NORMAL M LOWEST SLP 29.67 ON 17
[REMARKS]
#FINAL-08-21#