000
CXUS54 KEWX 011110
CF6GYB
PRELIMINARY LOCAL CLIMATOLOGICAL DATA (WS FORM: F-6)
STATION: GIDDINGS-LEE COUNTY AIRPORT
MONTH: NOVEMBER
YEAR: 2023
LATITUDE: 30 10 N
LONGITUDE: 96 59 W
TEMPERATURE IN F: :PCPN: SNOW: WIND :SUNSHINE: SKY :PK WND
================================================================================
1 2 3 4 5 6A 6B 7 8 9 10 11 12 13 14 15 16 17 18
12Z AVG MX 2MIN
DY MAX MIN AVG DEP HDD CDD WTR SNW DPTH SPD SPD DIR MIN PSBL S-S WX SPD DR
================================================================================
1 59 37 48 M 17 0 0.00 M M 0.4 7 10 M M 0 M M
2 66 34 50 M 15 0 0.00 M M 0.2 5 120 M M 3 1 M M
3 75 48 62 M 3 0 0.00 M M 1.4 7 190 M M 6 M M
4 80 53 67 M 0 2 0.00 M M 0.5 8 210 M M 3 12 M M
5 79 62 71 M 0 6 0.00 M M 0.4 6 210 M M 4 12 M M
6 80 64 72 M 0 7 0.00 M M 4.3 12 210 M M 2 17 210
7 84 65 75 M 0 10 0.00 M M 5.2 13 200 M M 2 1 20 220
8 84 68 76 M 0 11 0.00 M M 3.0 12 210 M M 4 18 230
9 78 56 67 M 0 2 0.14 M M 4.1 16 340 M M 8 21 360
10 56 54 55 M 10 0 0.14 M M 5.9 13 10 M M 10 1 23 10
11 60 53 57 M 8 0 0.00 M M 0.4 5 30 M M 10 1 M M
12 61 55 58 M 7 0 0.19 M M 0.8 9 30 M M 9 M M
13 65 54 60 M 5 0 0.08 M M 0.4 6 20 M M 10 M M
14 68 53 61 M 4 0 0.00 M M 1.3 8 360 M M 7 16 20
15 73 51 62 M 3 0 0.00 M M 0.0 M M M M 0 M M
16 62 52 57 M 8 0 0.00 M M 0.0 M M M M 7 1 M M
17 74 55 65 M 0 0 0.00 M M 2.3 12 30 M M 7 1 18 30
18 71 55 63 M 2 0 0.00 M M 0.3 7 350 M M 7 1 M M
19 69 53 61 M 4 0 0.00 M M 0.4 7 160 M M 9 1 16 160
20 81 61 71 M 0 6 0.01 M M 3.5 15 340 M M 6 1 25 340
21 61 46 54 M 11 0 0.00 M M 10.9 23 350 M M 5 31 350
22 61 39 50 M 15 0 0.00 M M 2.5 10 340 M M 0 M M
23 56 36 46 M 19 0 0.00 M M 0.0 M M M M 5 M M
24 65 38 52 M 13 0 0.00 M M 0.3 7 90 M M 1 18 M M
25 62 42 52 M 13 0 0.00 M M 0.4 6 100 M M 8 M M
26 56 43 50 M 15 0 0.00 M M 9.0 18 360 M M 3 28 360
27 56 38 47 M 18 0 0.00 M M 0.0 M M M M 2 M M
28 61 39 50 M 15 0 0.00 M M 0.2 5 90 M M 5 M M
29 64 37 51 M 14 0 0.00 M M 0.0 M M M M 8 M M
30 73 58 66 M 0 1 0.16 M M 1.8 10 210 M M 7 1 18 160
================================================================================
SM 2040 1499 219 45 0.72 M 59.9 M 158
================================================================================
AV 68.0 50.0 2.0 FASTST M M 5 MAX(MPH)
MISC ----> 23 350 31 350
================================================================================
NOTES:
# LAST OF SEVERAL OCCURRENCES
COLUMN 17 PEAK WIND IN M.P.H.
PRELIMINARY LOCAL CLIMATOLOGICAL DATA (WS FORM: F-6) , PAGE 2
STATION: GIDDINGS-LEE COUNTY AIRPORT
MONTH: NOVEMBER
YEAR: 2023
LATITUDE: 30 10 N
LONGITUDE: 96 59 W
[TEMPERATURE DATA] [PRECIPITATION DATA] SYMBOLS USED IN COLUMN 16
AVERAGE MONTHLY: 59.0 TOTAL FOR MONTH: 0.72 1 = FOG OR MIST
DPTR FM NORMAL: 0.0 DPTR FM NORMAL: M 2 = FOG REDUCING VISIBILITY
HIGHEST: 84 ON 8, 7 GRTST 24HR 0.19 ON 12-12 TO 1/4 MILE OR LESS
LOWEST: 34 ON 2 3 = THUNDER
SNOW, ICE PELLETS, HAIL 4 = ICE PELLETS
TOTAL MONTH: M 5 = HAIL
GRTST 24HR M ON M 6 = FREEZING RAIN OR DRIZZLE
GRTST DEPTH: M ON M 7 = DUSTSTORM OR SANDSTORM:
VSBY 1/2 MILE OR LESS
8 = SMOKE OR HAZE
[NO. OF DAYS WITH] [WEATHER - DAYS WITH] 9 = BLOWING SNOW
X = TORNADO
MAX 32 OR BELOW: 0 0.01 INCH OR MORE: 6
MAX 90 OR ABOVE: 0 0.10 INCH OR MORE: 4
MIN 32 OR BELOW: 0 0.50 INCH OR MORE: 0
MIN 0 OR BELOW: 0 1.00 INCH OR MORE: 0
[HDD (BASE 65) ]
TOTAL THIS MO. 219 CLEAR (SCALE 0-3) 8
DPTR FM NORMAL M PTCLDY (SCALE 4-7) 17
TOTAL FM JUL 1 276 CLOUDY (SCALE 8-10) 5
DPTR FM NORMAL M
[CDD (BASE 65) ]
TOTAL THIS MO. 45
DPTR FM NORMAL M [PRESSURE DATA]
TOTAL FM JAN 1 3573 HIGHEST SLP M ON M
DPTR FM NORMAL M LOWEST SLP M ON M
[REMARKS]
#FINAL-11-23#