000
CXUS54 KEWX 011010
CF6GYB
PRELIMINARY LOCAL CLIMATOLOGICAL DATA (WS FORM: F-6)
STATION: GIDDINGS-LEE COUNTY AIRPORT
MONTH: SEPTEMBER
YEAR: 2023
LATITUDE: 30 10 N
LONGITUDE: 96 59 W
TEMPERATURE IN F: :PCPN: SNOW: WIND :SUNSHINE: SKY :PK WND
================================================================================
1 2 3 4 5 6A 6B 7 8 9 10 11 12 13 14 15 16 17 18
12Z AVG MX 2MIN
DY MAX MIN AVG DEP HDD CDD WTR SNW DPTH SPD SPD DIR MIN PSBL S-S WX SPD DR
================================================================================
1 99 70 85 M 0 20 0.00 M M 1.4 10 70 M M 1 16 110
2 100 71 86 M 0 21 0.00 M M 1.2 7 60 M M 1 M M
3 100 73 87 M 0 22 0.00 M M 3.3 12 180 M M 1 16 180
4 101 77 89 M 0 24 0.00 M M 6.4 13 210 M M 3 20 0
5 103 79 91 M 0 26 0.00 M M 5.9 15 200 M M 5 20 200
6 102 77 90 M 0 25 0.00 M M 1.5 7 170 M M 3 1 M M
7 104 79 92 M 0 27 0.00 M M 2.7 7 210 M M 1 M M
8 105 79 92 M 0 27 0.00 M M 3.0 8 170 M M 0 17 170
9 103 79 91 M 0 26 0.00 M M 4.4 12 240 M M 2 18 250
10 98 77 88 M 0 23 0.00 M M 4.0 10 80 M M 0 16 30
11 96 67 82 M 0 17 0.00 M M 1.0 5 170 M M 0 M M
12 96 76 86 M 0 21 0.00 M M 1.5 8 360 M M 2 M M
13 91 75 83 M 0 18 0.00 M M 4.5 12 30 M M 5 16 30
14 94 72 83 M 0 18 0.27 M M 1.4 9 80 M M 6 1 21 250
15 87 74 81 M 0 16 0.00 M M 2.1 13 70 M M 5 12 28 350
16 89 70 80 M 0 15 0.62 M M 1.1 13 320 M M 5 28 0
17 92 71 82 M 0 17 0.00 M M 1.7 6 50 M M 2 1 M M
18 94 67 81 M 0 16 0.00 M M 0.1 4 160 M M 2 M M
19 94 67 81 M 0 16 0.00 M M 3.5 10 190 M M 1 M M
20 96 71 84 M 0 19 0.00 M M 4.0 9 160 M M 1 16 150
21 97 72 85 M 0 20 0.00 M M 2.4 8 170 M M 1 17 170
22 97 72 85 M 0 20 0.00 M M 3.7 9 200 M M 3 18 180
23 98 77 88 M 0 23 0.00 M M 5.2 10 190 M M 4 16 180
24 99 78 89 M 0 24 0.00 M M 6.2 14 170 M M 3 20 170
25 97 74 86 M 0 21 0.00 M M 3.3 13 90 M M 5 28 0
26 95 72 84 M 0 19 0.00 M M 2.5 7 50 M M 2 16 70
27 94 71 83 M 0 18 0.00 M M 1.0 9 160 M M 1 M M
28 94 67 81 M 0 16 0.00 M M 1.1 9 100 M M 1 M M
29 94 69 82 M 0 17 0.00 M M 2.3 10 100 M M 2 M M
30 95 71 83 M 0 18 0.00 M M 2.7 12 100 M M 1 17 100
================================================================================
SM 2904 2194 0 610 0.89 M 85.1 M 69
================================================================================
AV 96.8 73.1 2.8 FASTST M M 2 MAX(MPH)
MISC ----> 15 200 # 28 0
================================================================================
NOTES:
# LAST OF SEVERAL OCCURRENCES
COLUMN 17 PEAK WIND IN M.P.H.
PRELIMINARY LOCAL CLIMATOLOGICAL DATA (WS FORM: F-6) , PAGE 2
STATION: GIDDINGS-LEE COUNTY AIRPORT
MONTH: SEPTEMBER
YEAR: 2023
LATITUDE: 30 10 N
LONGITUDE: 96 59 W
[TEMPERATURE DATA] [PRECIPITATION DATA] SYMBOLS USED IN COLUMN 16
AVERAGE MONTHLY: 85.0 TOTAL FOR MONTH: 0.89 1 = FOG OR MIST
DPTR FM NORMAL: 0.0 DPTR FM NORMAL: M 2 = FOG REDUCING VISIBILITY
HIGHEST: 105 ON 8 GRTST 24HR 0.62 ON 16-16 TO 1/4 MILE OR LESS
LOWEST: 67 ON 28,19 3 = THUNDER
SNOW, ICE PELLETS, HAIL 4 = ICE PELLETS
TOTAL MONTH: M 5 = HAIL
GRTST 24HR M ON M 6 = FREEZING RAIN OR DRIZZLE
GRTST DEPTH: M ON M 7 = DUSTSTORM OR SANDSTORM:
VSBY 1/2 MILE OR LESS
8 = SMOKE OR HAZE
[NO. OF DAYS WITH] [WEATHER - DAYS WITH] 9 = BLOWING SNOW
X = TORNADO
MAX 32 OR BELOW: 0 0.01 INCH OR MORE: 2
MAX 90 OR ABOVE: 28 0.10 INCH OR MORE: 2
MIN 32 OR BELOW: 0 0.50 INCH OR MORE: 1
MIN 0 OR BELOW: 0 1.00 INCH OR MORE: 0
[HDD (BASE 65) ]
TOTAL THIS MO. 0 CLEAR (SCALE 0-3) 20
DPTR FM NORMAL M PTCLDY (SCALE 4-7) 10
TOTAL FM JUL 1 0 CLOUDY (SCALE 8-10) 0
DPTR FM NORMAL M
[CDD (BASE 65) ]
TOTAL THIS MO. 610
DPTR FM NORMAL M [PRESSURE DATA]
TOTAL FM JAN 1 3277 HIGHEST SLP M ON M
DPTR FM NORMAL M LOWEST SLP M ON M
[REMARKS]
#FINAL-09-23#