000
CXUS54 KFWD 010731
CF6GYI
PRELIMINARY LOCAL CLIMATOLOGICAL DATA (WS FORM: F-6)
STATION: SHERMAN/DENISON
MONTH: MAY
YEAR: 2021
LATITUDE: 33 42 N
LONGITUDE: 96 40 W
TEMPERATURE IN F: :PCPN: SNOW: WIND :SUNSHINE: SKY :PK WND
================================================================================
1 2 3 4 5 6A 6B 7 8 9 10 11 12 13 14 15 16 17 18
12Z AVG MX 2MIN
DY MAX MIN AVG DEP HDD CDD WTR SNW DPTH SPD SPD DIR MIN PSBL S-S WX SPD DR
================================================================================
1 69 60 65 -1 0 0 0.00 M M 5.1 13 90 M M 9 16 110
2 78 63 71 4 0 6 0.00 M M 7.0 12 170 M M 6 1 16 110
3 84 66 75 8 0 10 0.04 M M 11.1 21 180 M M 2 13 29 180
4 69 52 61 -6 4 0 0.00 M M 11.1 23 330 M M 6 28 330
5 74 47 61 -7 4 0 0.00 M M 3.0 9 90 M M 0 1 M M
6 80 52 66 -2 0 1 0.00 M M 7.8 58 350 M M 3 M M
7 81 55 68 0 0 3 0.00 M M 9.9 18 120 M M 0 22 170
8 84 62 73 5 0 8 0.00 M M 16.4 25 180 M M 1 33 170
9 77 56 67 -2 0 2 0.00 M M 15.2 28 190 M M 5 40 190
10 59 53 56 -13 9 0 0.04 M M 10.0 21 320 M M 10 13 25 320
11 59 55 57 -12 8 0 M M M 9.4 13 40 M M 10 13 17 80
12 65 54 60 -9 5 0 0.00 M M 7.6 12 359 M M 10 1 17 359
13 73 56 65 -5 0 0 0.00 M M 3.2 6 110 M M 4 M M
14 74 57 66 -4 0 1 0.00 M M 10.7 16 150 M M 4 22 150
15 80 61 71 1 0 6 0.00 M M 10.0 16 180 M M 2 22 180
16 72 62 67 -3 0 2 0.83 M M 10.5 17 260 M M 7 35 260
17 82 64 73 2 0 8 0.03 M M 5.6 9 130 M M 2 20 220
18 72 64 68 -3 0 3 M M M 6.4 16 80 M M 8 22 80
19 80 65 73 2 0 8 0.00 M M 6.1 13 140 M M 4 1 M M
20 73 64 69 -3 0 4 0.05 M M 5.0 14 110 M M 8 1 18 110
21 80 68 74 2 0 9 M M M 8.5 15 140 M M 8 23 140
22 74 68 71 -1 0 6 0.09 M M 9.4 18 140 M M 10 1 23 130
23 77 67 72 0 0 7 0.03 M M 6.0 14 130 M M 6 M M
24 75 67 71 -2 0 6 0.00 M M 7.2 14 140 M M 7 1 18 140
25 75 66 71 -2 0 6 0.02 M M 14.2117 210 M M 9 13 24 210
26 87 69 78 5 0 13 0.00 M M 7.3 12 150 M M 4 1 M M
27 87 66 77 3 0 12 1.01 M M 12.2 23 190 M M 6 3 32 10
28 78 64 71 -3 0 6 0.03 M M 4.1 9 10 M M 6 13 M M
29 79 60 70 -4 0 5 0.00 M M 6.2 12 360 M M 2 M M
30 76 57 67 -7 0 2 0.00 M M 8.5 15 90 M M 4 17 80
31 72 61 67 -7 0 2 0.17 M M 6.2 14 120 M M 8 1 20 120
================================================================================
SM 2345 1881 30 136 2.34 M 261.0 M 171
================================================================================
AV 75.6 60.7 8.4 FASTST M M 6 MAX(MPH)
MISC ----> 117 210 40 190
================================================================================
NOTES:
# LAST OF SEVERAL OCCURRENCES
COLUMN 17 PEAK WIND IN M.P.H.
PRELIMINARY LOCAL CLIMATOLOGICAL DATA (WS FORM: F-6) , PAGE 2
STATION: SHERMAN/DENISON
MONTH: MAY
YEAR: 2021
LATITUDE: 33 42 N
LONGITUDE: 96 40 W
[TEMPERATURE DATA] [PRECIPITATION DATA] SYMBOLS USED IN COLUMN 16
AVERAGE MONTHLY: 68.2 TOTAL FOR MONTH: 2.34 1 = FOG OR MIST
DPTR FM NORMAL: -2.3 DPTR FM NORMAL: -2.98 2 = FOG REDUCING VISIBILITY
HIGHEST: 87 ON 27,26 GRTST 24HR 1.01 ON 27-27 TO 1/4 MILE OR LESS
LOWEST: 47 ON 5 3 = THUNDER
SNOW, ICE PELLETS, HAIL 4 = ICE PELLETS
TOTAL MONTH: M 5 = HAIL
GRTST 24HR M ON M 6 = FREEZING RAIN OR DRIZZLE
GRTST DEPTH: M ON M 7 = DUSTSTORM OR SANDSTORM:
VSBY 1/2 MILE OR LESS
8 = SMOKE OR HAZE
[NO. OF DAYS WITH] [WEATHER - DAYS WITH] 9 = BLOWING SNOW
X = TORNADO
MAX 32 OR BELOW: 0 0.01 INCH OR MORE: 11
MAX 90 OR ABOVE: 0 0.10 INCH OR MORE: 3
MIN 32 OR BELOW: 0 0.50 INCH OR MORE: 2
MIN 0 OR BELOW: 0 1.00 INCH OR MORE: 1
[HDD (BASE 65) ]
TOTAL THIS MO. 30 CLEAR (SCALE 0-3) 8
DPTR FM NORMAL 6 PTCLDY (SCALE 4-7) 16
TOTAL FM JUL 1 2631 CLOUDY (SCALE 8-10) 7
DPTR FM NORMAL -239
[CDD (BASE 65) ]
TOTAL THIS MO. 136
DPTR FM NORMAL -58 [PRESSURE DATA]
TOTAL FM JAN 1 195 HIGHEST SLP M ON M
DPTR FM NORMAL -73 LOWEST SLP M ON M
[REMARKS]
#FINAL-05-21#