000
CXUS54 KOUN 010910
CF6HBR
PRELIMINARY LOCAL CLIMATOLOGICAL DATA (WS FORM: F-6)
STATION: HOBART
MONTH: DECEMBER
YEAR: 2022
LATITUDE: 35 0 N
LONGITUDE: 99 3 W
TEMPERATURE IN F: :PCPN: SNOW: WIND :SUNSHINE: SKY :PK WND
================================================================================
1 2 3 4 5 6A 6B 7 8 9 10 11 12 13 14 15 16 17 18
12Z AVG MX 2MIN
DY MAX MIN AVG DEP HDD CDD WTR SNW DPTH SPD SPD DIR MIN PSBL S-S WX SPD DR
================================================================================
1 48 29 39 -5 26 0 0.00 M M 14.9 29 200 M M 5 36 200
2 72 44 58 14 7 0 T M M 22.0 35 30 M M 5 8 45 10
3 46 31 39 -5 26 0 0.00 M M 11.2 35 30 M M 0 38 30
4 50 36 43 -1 22 0 0.17 M M 12.5 26 220 M M 2 30 210
5 78 46 62 19 3 0 0.00 M M 13.1 23 240 M M 0 34 230
6 50 39 45 2 20 0 0.00 M M 9.1 14 110 M M 5 12 18 70
7 48 39 44 1 21 0 0.23 M M 8.4 16 100 M M 8 1 20 120
8 60 45 53 11 12 0 0.12 M M 9.9 20 220 M M 6 12 22 210
9 53 37 45 3 20 0 0.02 M M 10.3 21 70 M M 4 25 60
10 50 37 44 2 21 0 0.03 M M 8.6 21 40 M M 8 123 24 30
11 46 40 43 1 22 0 0.00 M M 8.5 16 170 M M 9 1 20 210
12 61 46 54 13 11 0 T M M 17.6 24 170 M M 10 12 32 170
13 62 36 49 8 16 0 0.66 M M 18.4 35 200 M M 0 1 41 190
14 49 26 38 -3 27 0 0.00 M M 9.1 18 300 M M 0 26 330
15 49 27 38 -3 27 0 0.00 M M 9.7 23 340 M M 0 28 340
16 47 27 37 -3 28 0 0.00 M M 9.8 20 340 M M 6 26 340
17 46 20 33 -7 32 0 0.00 M M 8.0 15 240 M M 0 19 230
18 48 25 37 -3 28 0 0.00 M M 13.6 22 160 M M 2 28 160
19 58 29 44 4 21 0 0.00 M M 16.4 28 190 M M 3 35 210
20 36 27 32 -8 33 0 0.00 M M 10.4 20 30 M M 9 1 24 30
21 39 26 33 -7 32 0 0.00 M M 12.0 23 190 M M 7 128 28 190
22 38 5 22 -18 43 0 T M M 26.2 44 10 M M 6 189 57 360
23 23 6 15 -24 50 0 0.00 M M 13.4 26 340 M M 0 30 350
24 37 11 24 -15 41 0 0.00 M M 9.2 23 220 M M 0 28 210
25 48 17 33 -6 32 0 0.00 M M 11.0 22 200 M M 0 28 210
26 53 19 36 -3 29 0 0.00 M M 13.3 30 20 M M 1 37 10
27 59 18 39 0 26 0 0.00 M M 18.7 36 200 M M 0 40 200
28 68 41 55 16 10 0 0.00 M M 22.7 32 200 M M 0 38 210
29 66 37 52 13 13 0 0.00 M M 16.1 26 270 M M 0 33 260
30 56 27 42 3 23 0 0.00 M M 9.7 16 100 M M 0 20 210
31 62 38 50 11 15 0 0.00 M M 11.9 20 220 M M 1 24 210
================================================================================
SM 1606 931 737 0 1.23 M 405.7 M 97
================================================================================
AV 51.8 30.0 13.1 FASTST M M 3 MAX(MPH)
MISC ----> 44 10 57 360
================================================================================
NOTES:
# LAST OF SEVERAL OCCURRENCES
COLUMN 17 PEAK WIND IN M.P.H.
PRELIMINARY LOCAL CLIMATOLOGICAL DATA (WS FORM: F-6) , PAGE 2
STATION: HOBART
MONTH: DECEMBER
YEAR: 2022
LATITUDE: 35 0 N
LONGITUDE: 99 3 W
[TEMPERATURE DATA] [PRECIPITATION DATA] SYMBOLS USED IN COLUMN 16
AVERAGE MONTHLY: 40.9 TOTAL FOR MONTH: 1.23 1 = FOG OR MIST
DPTR FM NORMAL: 0.0 DPTR FM NORMAL: -0.07 2 = FOG REDUCING VISIBILITY
HIGHEST: 78 ON 5 GRTST 24HR 0.66 ON 13-13 TO 1/4 MILE OR LESS
LOWEST: 5 ON 22 3 = THUNDER
SNOW, ICE PELLETS, HAIL 4 = ICE PELLETS
TOTAL MONTH: M 5 = HAIL
GRTST 24HR M ON M 6 = FREEZING RAIN OR DRIZZLE
GRTST DEPTH: M ON M 7 = DUSTSTORM OR SANDSTORM:
VSBY 1/2 MILE OR LESS
8 = SMOKE OR HAZE
[NO. OF DAYS WITH] [WEATHER - DAYS WITH] 9 = BLOWING SNOW
X = TORNADO
MAX 32 OR BELOW: 1 0.01 INCH OR MORE: 6
MAX 90 OR ABOVE: 0 0.10 INCH OR MORE: 4
MIN 32 OR BELOW: 17 0.50 INCH OR MORE: 1
MIN 0 OR BELOW: 0 1.00 INCH OR MORE: 0
[HDD (BASE 65) ]
TOTAL THIS MO. 737 CLEAR (SCALE 0-3) 17
DPTR FM NORMAL -10 PTCLDY (SCALE 4-7) 9
TOTAL FM JUL 1 1413 CLOUDY (SCALE 8-10) 5
DPTR FM NORMAL 54
[CDD (BASE 65) ]
TOTAL THIS MO. 0
DPTR FM NORMAL 0 [PRESSURE DATA]
TOTAL FM JAN 1 2791 HIGHEST SLP 30.82 ON 23
DPTR FM NORMAL 485 LOWEST SLP 29.51 ON 13
[REMARKS]
#FINAL-12-22#