000
CXUS53 KBIS 031506
CF6HEI
PRELIMINARY LOCAL CLIMATOLOGICAL DATA (WS FORM: F-6)
STATION: HETTINGER ND
MONTH: DECEMBER
YEAR: 2020
LATITUDE: 46 0 N
LONGITUDE: 102 39 W
TEMPERATURE IN F: :PCPN: SNOW: WIND :SUNSHINE: SKY :PK WND
================================================================================
1 2 3 4 5 6A 6B 7 8 9 10 11 12 13 14 15 16 17 18
12Z AVG MX 2MIN
DY MAX MIN AVG DEP HDD CDD WTR SNW DPTH SPD SPD DIR MIN PSBL S-S WX SPD DR
================================================================================
1 40 12 26 4 39 0 T M M 17.0 32 310 M M 5 42 310
2 37 14 26 4 39 0 0.00 M M 10.4 20 300 M M 3 26 280
3 52 20 36 15 29 0 0.00 M M 12.3 24 300 M M 0 31 300
4 54 25 40 19 25 0 0.00 M M 13.8 28 300 M M 0 36 300
5 53 19 36 15 29 0 0.00 M M 7.3 18 300 M M 0 23 290
6 58 15 37 17 28 0 0.00 M M 6.8 20 300 M M 0 24 300
7 56 25 41 21 24 0 0.00 M M 12.4 23 290 M M 0 28 270
8 59 35 47 27 18 0 0.00 M M 11.1 23 270 M M 0 30 270
9 60 26 43 24 22 0 0.00 M M 8.9 26 320 M M 0 38 320
10 37 7 22 3 43 0 0.00 M M 10.3 24 340 M M 4 36 330
11 28 4 16 -3 49 0 0.00 M M 2.5 9 70 M M 8 12 12 70
12 20 13 17 -2 48 0 0.00 M M 6.9 18 300 M M 10 12 25 300
13 24 3 14 -4 51 0 T M M 12.2 29 320 M M 8 38 320
14 16 -1 8 -10 57 0 T M M 7.7 14 150 M M 5 1 18 150
15 35 12 24 6 41 0 0.00 M M 6.9 13 310 M M 5 1 17 330
16 45 13 29 11 36 0 0.00 M M 8.1 25 290 M M 2 32 290
17 39 10 25 7 40 0 0.00 M M 4.5 16 140 M M 1 20 140
18 35 9 22 5 43 0 0.00 M M 10.8 24 320 M M 3 33 310
19 48 16 32 15 33 0 0.00 M M 9.6 26 300 M M 1 36 290
20 55 19 37 20 28 0 T M M 16.5 46 310 M M 5 66 320
21 43 24 34 17 31 0 0.00 M M 8.9 20 270 M M 5 26 260
22 59 17 38 21 27 0 M M M 14.3 40 340 M M 2 1 55 330
23 22 0 11 -6 54 0 M M M 22.8 40 330 M M 7 1 53 320
24 42 14 28 11 37 0 0.00 M M 10.0 21 300 M M 7 26 310
25 46 9 28 11 37 0 0.00 M M 6.8 18 310 M M 0 24 310
26 41 8 25 9 40 0 0.00 M M 4.1 18 320 M M 5 24 320
27 33 2 18 2 47 0 T M M 10.6 25 330 M M 9 1 34 330
28 24 2 13 -3 52 0 T M M 8.7 15 230 M M 4 18 230
29 29 11 20 4 45 0 0.04 M M 9.7 25 320 M M 5 1 33 320
30 34 1 18 2 47 0 0.00 M M 7.0 21 310 M M 2 30 330
31 46 9 28 12 37 0 0.00 M M 6.9 23 280 M M 4 32 270
================================================================================
SM 1270 393 1176 0 0.04 M 305.8 M 110
================================================================================
AV 41.0 12.7 9.9 FASTST M M 4 MAX(MPH)
MISC ----> 46 310 66 320
================================================================================
NOTES:
# LAST OF SEVERAL OCCURRENCES
COLUMN 17 PEAK WIND IN M.P.H.
PRELIMINARY LOCAL CLIMATOLOGICAL DATA (WS FORM: F-6) , PAGE 2
STATION: HETTINGER ND
MONTH: DECEMBER
YEAR: 2020
LATITUDE: 46 0 N
LONGITUDE: 102 39 W
[TEMPERATURE DATA] [PRECIPITATION DATA] SYMBOLS USED IN COLUMN 16
AVERAGE MONTHLY: 26.8 TOTAL FOR MONTH: 0.04 1 = FOG OR MIST
DPTR FM NORMAL: 8.6 DPTR FM NORMAL: -0.27 2 = FOG REDUCING VISIBILITY
HIGHEST: 60 ON 9 GRTST 24HR 0.04 ON 29-29 TO 1/4 MILE OR LESS
LOWEST: -1 ON 14 3 = THUNDER
SNOW, ICE PELLETS, HAIL 4 = ICE PELLETS
TOTAL MONTH: M 5 = HAIL
GRTST 24HR M ON M 6 = FREEZING RAIN OR DRIZZLE
GRTST DEPTH: M ON M 7 = DUSTSTORM OR SANDSTORM:
VSBY 1/2 MILE OR LESS
8 = SMOKE OR HAZE
[NO. OF DAYS WITH] [WEATHER - DAYS WITH] 9 = BLOWING SNOW
X = TORNADO
MAX 32 OR BELOW: 7 0.01 INCH OR MORE: 1
MAX 90 OR ABOVE: 0 0.10 INCH OR MORE: 0
MIN 32 OR BELOW: 30 0.50 INCH OR MORE: 0
MIN 0 OR BELOW: 2 1.00 INCH OR MORE: 0
[HDD (BASE 65) ]
TOTAL THIS MO. 1176 CLEAR (SCALE 0-3) 15
DPTR FM NORMAL -273 PTCLDY (SCALE 4-7) 14
TOTAL FM JUL 1 3218 CLOUDY (SCALE 8-10) 2
DPTR FM NORMAL -362
[CDD (BASE 65) ]
TOTAL THIS MO. 0
DPTR FM NORMAL 0 [PRESSURE DATA]
TOTAL FM JAN 1 362 HIGHEST SLP 30.61 ON 2
DPTR FM NORMAL -15 LOWEST SLP 29.29 ON 22
[REMARKS]
#FINAL-12-20#
USED HETTINGER EXPERIMENTAL STATION FOR PRECIP ON 12/29