000
CXUS56 KLOX 011255
CF6HHR
PRELIMINARY LOCAL CLIMATOLOGICAL DATA (WS FORM: F-6)
STATION: HAWTHORNE AIRPORT CA
MONTH: DECEMBER
YEAR: 2021
LATITUDE: 33 55 N
LONGITUDE: 118 20 W
TEMPERATURE IN F: :PCPN: SNOW: WIND :SUNSHINE: SKY :PK WND
================================================================================
1 2 3 4 5 6A 6B 7 8 9 10 11 12 13 14 15 16 17 18
12Z AVG MX 2MIN
DY MAX MIN AVG DEP HDD CDD WTR SNW DPTH SPD SPD DIR MIN PSBL S-S WX SPD DR
================================================================================
1 73 51 62 3 3 0 0.01 M M 2.5 13 250 M M 7 128 16 260
2 63 54 59 0 6 0 0.00 M M 3.0 13 270 M M 8 18 14 260
3 63 55 59 0 6 0 0.00 M M 2.5 13 250 M M 6 8 15 260
4 64 56 60 2 5 0 0.00 M M 2.7 13 260 M M 5 8 17 260
5 65 53 59 1 6 0 0.00 M M 1.7 9 260 M M 4 18 13 270
6 66 50 58 0 7 0 0.00 M M 3.3 9 90 M M 3 18 12 120
7 65 56 61 3 4 0 0.01 M M 1.9 8 150 M M 7 18 11 80
8 67 52 60 2 5 0 0.01 M M 3.2 13 260 M M 3 18 16 240
9 60 53 57 -1 8 0 0.03 M M 6.9 20 260 M M 6 24 260
10 64 47 56 -2 9 0 0.00 M M 2.1 10 110 M M 1 14 120
11 70 48 59 1 6 0 0.00 M M 2.9 12 260 M M 0 8 14 260
12 64 46 55 -3 10 0 0.00 M M 2.4 10 250 M M 0 13 260
13 61 50 56 -1 9 0 0.00 M M 4.8 14 130 M M 7 8 18 150
14 62 45 54 -3 11 0 0.75 M M 10.4 29 270 M M 7 18 40 250
15 58 40 49 -8 16 0 0.00 M M 1.8 10 260 M M 0 18 13 270
16 58 43 51 -6 14 0 0.09 M M 2.8 9 280 M M 4 18 12 270
17 68 49 59 2 6 0 0.00 M M 1.3 9 230 M M 2 8 12 260
18 70 44 57 0 8 0 0.00 M M 1.2 10 260 M M 0 8 13 260
19 65 43 54 -3 11 0 0.00 M M 2.0 12 260 M M 0 14 270
20 66 44 55 -2 10 0 0.00 M M 1.0 9 260 M M 0 18 10 260
21 71 52 62 5 3 0 0.00 M M 1.4 14 270 M M 0 1 16 260
22 67 49 58 1 7 0 0.00 M M 2.3 9 250 M M 2 18 11 230
23 59 53 56 -1 9 0 0.91 M M 6.6 18 120 M M 10 18 24 130
24 62 54 58 1 7 0 0.15 M M 5.8 18 260 M M 7 1 25 260
25 58 52 55 -2 10 0 0.22 M M 4.5 16 240 M M 9 1 21 240
26 60 49 55 -2 10 0 0.12 M M 4.8 17 270 M M 2 1 21 260
27 58 46 52 -5 13 0 0.31 M M 6.8 21 250 M M 5 18 29 250
28 56 47 52 -5 13 0 T M M 4.5 15 270 M M 3 22 270
29 57 47 52 -5 13 0 1.34 M M 5.9 14 100 M M 9 18 19 100
30 57 52 55 -3 10 0 3.32 M M 6.8 20 90 M M 10 1 27 90
31 59 47 53 -5 12 0 0.00 M M 3.9 16 250 M M 1 20 250
================================================================================
SM 1956 1527 267 0 7.27 M 113.7 M 128
================================================================================
AV 63.1 49.3 3.7 FASTST M M 4 MAX(MPH)
MISC ----> 29 270 40 250
================================================================================
NOTES:
# LAST OF SEVERAL OCCURRENCES
COLUMN 17 PEAK WIND IN M.P.H.
PRELIMINARY LOCAL CLIMATOLOGICAL DATA (WS FORM: F-6) , PAGE 2
STATION: HAWTHORNE AIRPORT CA
MONTH: DECEMBER
YEAR: 2021
LATITUDE: 33 55 N
LONGITUDE: 118 20 W
[TEMPERATURE DATA] [PRECIPITATION DATA] SYMBOLS USED IN COLUMN 16
AVERAGE MONTHLY: 56.2 TOTAL FOR MONTH: 7.27 1 = FOG OR MIST
DPTR FM NORMAL: -1.4 DPTR FM NORMAL: 5.08 2 = FOG REDUCING VISIBILITY
HIGHEST: 73 ON 1 GRTST 24HR 4.19 ON 29-30 TO 1/4 MILE OR LESS
LOWEST: 40 ON 15 3 = THUNDER
SNOW, ICE PELLETS, HAIL 4 = ICE PELLETS
TOTAL MONTH: M 5 = HAIL
GRTST 24HR M ON M 6 = FREEZING RAIN OR DRIZZLE
GRTST DEPTH: M ON M 7 = DUSTSTORM OR SANDSTORM:
VSBY 1/2 MILE OR LESS
8 = SMOKE OR HAZE
[NO. OF DAYS WITH] [WEATHER - DAYS WITH] 9 = BLOWING SNOW
X = TORNADO
MAX 32 OR BELOW: 0 0.01 INCH OR MORE: 13
MAX 90 OR ABOVE: 0 0.10 INCH OR MORE: 8
MIN 32 OR BELOW: 0 0.50 INCH OR MORE: 4
MIN 0 OR BELOW: 0 1.00 INCH OR MORE: 2
[HDD (BASE 65) ]
TOTAL THIS MO. 267 CLEAR (SCALE 0-3) 13
DPTR FM NORMAL 35 PTCLDY (SCALE 4-7) 14
TOTAL FM JUL 1 356 CLOUDY (SCALE 8-10) 4
DPTR FM NORMAL -9
[CDD (BASE 65) ]
TOTAL THIS MO. 0
DPTR FM NORMAL -2 [PRESSURE DATA]
TOTAL FM JAN 1 842 HIGHEST SLP 30.27 ON 15
DPTR FM NORMAL -81 LOWEST SLP 29.69 ON 31
[REMARKS]
#FINAL-12-21#