000
CXUS53 KGID 011307
CF6HJH
PRELIMINARY LOCAL CLIMATOLOGICAL DATA (WS FORM: F-6)
STATION: HEBRON NE
MONTH: AUGUST
YEAR: 2022
LATITUDE: 40 9 N
LONGITUDE: 97 35 W
TEMPERATURE IN F: :PCPN: SNOW: WIND :SUNSHINE: SKY :PK WND
================================================================================
1 2 3 4 5 6A 6B 7 8 9 10 11 12 13 14 15 16 17 18
12Z AVG MX 2MIN
DY MAX MIN AVG DEP HDD CDD WTR SNW DPTH SPD SPD DIR MIN PSBL S-S WX SPD DR
================================================================================
1 93 68 81 M 0 16 0.00 M M 3.3 9 190 M M 0 16 190
2 96 73 85 M 0 20 0.00 M M 8.7 13 180 M M 0 20 180
3 94 74 84 M 0 19 0.01 M M 7.4 14 30 M M 1 3 20 10
4 92 69 81 M 0 16 0.00 M M 5.7 9 90 M M 0 M M
5 94 68 81 M 0 16 0.00 M M 7.4 14 150 M M 0 20 170
6 98 78 88 M 0 23 0.00 M M 9.6 15 180 M M 0 21 200
7 94 68 81 M 0 16 0.00 M M 9.8 20 210 M M 4 24 210
8 81 60 71 M 0 6 0.00 M M 6.6 13 30 M M 4 24 30
9 88 53 71 M 0 6 0.00 M M 1.8 5 130 M M 0 1 M M
10 91 60 76 M 0 11 0.00 M M 1.9 6 160 M M 0 M M
11 90 61 76 M 0 11 0.00 M M 4.5 10 190 M M 1 16 170
12 93 57 75 M 0 10 0.00 M M 6.8 12 180 M M 0 18 180
13 95 66 81 M 0 16 0.00 M M 6.1 13 250 M M 1 18 250
14 92 66 79 M 0 14 0.00 M M 6.6 12 100 M M 0 16 90
15 82 64 73 M 0 8 0.97 M M 11.1 18 60 M M 5 3 25 70
16 67 62 65 M 0 0 0.16 M M 7.2 10 70 M M 10 13 21 70
17 82 60 71 M 0 6 0.00 M M 2.0 9 60 M M 3 1 M M
18 86 58 72 M 0 7 0.00 M M 3.9 9 200 M M 1 1 16 220
19 82 62 72 M 0 7 0.86 M M 2.8 12 10 M M 4 3 22 10
20 80 60 70 M 0 5 0.00 M M 4.8 12 20 M M 2 18 20
21 83 56 70 M 0 5 0.00 M M 1.0 7 50 M M 2 1 M M
22 85 57 71 M 0 6 0.00 M M 0.9 5 170 M M 1 1 M M
23 86 58 72 M 0 7 0.00 M M 2.8 8 140 M M 0 16 140
24 89 61 75 M 0 10 0.00 M M 3.7 8 180 M M 1 M M
25 91 63 77 M 0 12 0.00 M M 2.2 8 60 M M 1 M M
26 91 66 79 M 0 14 0.00 M M 6.1 15 170 M M 0 22 170
27 79 71 75 M 0 10 0.03 M M 7.5 13 170 M M 3 21 190
28 95 67 81 M 0 16 0.00 M M 9.2 16 210 M M 1 23 210
29 88 61 75 M 0 10 0.00 M M 7.0 18 50 M M 1 23 50
30 88 55 72 M 0 7 0.00 M M 2.2 7 10 M M 0 M M
31 94 56 75 M 0 10 0.00 M M 5.0 12 210 M M 0 18 210
================================================================================
SM 2739 1958 0 340 2.03 M 165.6 M 46
================================================================================
AV 88.4 63.2 5.3 FASTST M M 1 MAX(MPH)
MISC ----> 20 210 M M
================================================================================
NOTES:
# LAST OF SEVERAL OCCURRENCES
COLUMN 17 PEAK WIND IN M.P.H.
PRELIMINARY LOCAL CLIMATOLOGICAL DATA (WS FORM: F-6) , PAGE 2
STATION: HEBRON NE
MONTH: AUGUST
YEAR: 2022
LATITUDE: 40 9 N
LONGITUDE: 97 35 W
[TEMPERATURE DATA] [PRECIPITATION DATA] SYMBOLS USED IN COLUMN 16
AVERAGE MONTHLY: 75.8 TOTAL FOR MONTH: 2.03 1 = FOG OR MIST
DPTR FM NORMAL: M DPTR FM NORMAL: M 2 = FOG REDUCING VISIBILITY
HIGHEST: 98 ON 6 GRTST 24HR 0.97 ON 15-15 TO 1/4 MILE OR LESS
LOWEST: 53 ON 9 3 = THUNDER
SNOW, ICE PELLETS, HAIL 4 = ICE PELLETS
TOTAL MONTH: M 5 = HAIL
GRTST 24HR M ON M 6 = FREEZING RAIN OR DRIZZLE
GRTST DEPTH: M ON M 7 = DUSTSTORM OR SANDSTORM:
VSBY 1/2 MILE OR LESS
8 = SMOKE OR HAZE
[NO. OF DAYS WITH] [WEATHER - DAYS WITH] 9 = BLOWING SNOW
X = TORNADO
MAX 32 OR BELOW: 0 0.01 INCH OR MORE: 5
MAX 90 OR ABOVE: 16 0.10 INCH OR MORE: 3
MIN 32 OR BELOW: 0 0.50 INCH OR MORE: 2
MIN 0 OR BELOW: 0 1.00 INCH OR MORE: 0
[HDD (BASE 65) ]
TOTAL THIS MO. 0 CLEAR (SCALE 0-3) 26
DPTR FM NORMAL M PTCLDY (SCALE 4-7) 4
TOTAL FM JUL 1 0 CLOUDY (SCALE 8-10) 1
DPTR FM NORMAL M
[CDD (BASE 65) ]
TOTAL THIS MO. 340
DPTR FM NORMAL M [PRESSURE DATA]
TOTAL FM JAN 1 1209 HIGHEST SLP M ON M
DPTR FM NORMAL M LOWEST SLP M ON M
[REMARKS]
#FINAL-08-22#