000
CXUS53 KGID 011119
CF6HJH
PRELIMINARY LOCAL CLIMATOLOGICAL DATA (WS FORM: F-6)
STATION: HEBRON
MONTH: MARCH
YEAR: 2021
LATITUDE: 40 9 N
LONGITUDE: 97 35 W
TEMPERATURE IN F: :PCPN: SNOW: WIND :SUNSHINE: SKY :PK WND
================================================================================
1 2 3 4 5 6A 6B 7 8 9 10 11 12 13 14 15 16 17 18
12Z AVG MX 2MIN
DY MAX MIN AVG DEP HDD CDD WTR SNW DPTH SPD SPD DIR MIN PSBL S-S WX SPD DR
================================================================================
1 50 25 38 4 27 0 0.00 M M 4.2 12 340 M M 0 M M
2 67 30 49 14 16 0 0.00 M M 10.3 21 220 M M 0 29 220
3 70 25 48 13 17 0 0.00 M M 1.9 7 90 M M 0 M M
4 71 26 49 13 16 0 0.00 M M 4.1 15 130 M M 0 21 130
5 61 33 47 11 18 0 0.00 M M 4.2 9 50 M M 0 1 M M
6 71 28 50 14 15 0 0.00 M M 6.1 14 210 M M 0 21 210
7 71 42 57 20 8 0 0.00 M M 16.0 27 210 M M 0 35 210
8 74 42 58 21 7 0 0.00 M M 11.3 21 180 M M 0 29 180
9 75 49 62 24 3 0 0.00 M M 15.3 23 190 M M 0 28 190
10 69 36 53 15 12 0 0.00 M M 20.3 31 210 M M 0 41 240
11 56 31 44 6 21 0 0.00 M M 5.3 12 50 M M 0 18 20
12 51 29 40 1 25 0 T M M 8.5 17 90 M M 6 23 100
13 47 43 45 6 20 0 0.81 M M 12.9 27 80 M M 10 30 80
14 46 42 44 5 21 0 1.59 M M 18.6 29 90 M M 10 1 38 90
15 45 41 43 3 22 0 0.01 M M 8.2 16 50 M M 10 1 20 50
16 51 39 45 5 20 0 0.00 M M 5.1 14 360 M M 10 1 23 360
17 40 34 37 -4 28 0 0.00 M M 16.5 22 350 M M 10 1 32 10
18 51 33 42 1 23 0 0.00 M M 13.7 24 360 M M 6 30 350
19 57 24 41 0 24 0 0.00 M M 4.2 13 150 M M 0 1 16 130
20 67 36 52 10 13 0 0.00 M M 16.0 24 160 M M 0 32 170
21 68 47 58 16 7 0 0.00 M M 16.9 29 190 M M 4 44 190
22 50 44 47 5 18 0 0.66 M M 9.1 16 50 M M 9 21 50
23 51 42 47 4 18 0 1.57 M M 10.8 16 330 M M 10 27 330
24 50 40 45 2 20 0 T M M 11.6 20 320 M M 9 29 320
25 50 39 45 2 20 0 T M M 2.9 8 30 M M 9 M M
26 63 33 48 4 17 0 T M M 9.2 17 130 M M 4 3 25 130
27 59 37 48 4 17 0 0.00 M M 11.1 22 330 M M 6 1 31 340
28 66 30 48 4 17 0 0.00 M M 8.3 16 180 M M 0 23 180
29 82 49 66 21 0 1 0.00 M M 19.0 27 210 M M 0 35 190
30 53 31 42 -3 23 0 0.00 M M 13.8 27 10 M M 0 39 10
31 52 26 39 -7 26 0 0.00 M M 6.9 17 320 M M 2 22 320
================================================================================
SM 1834 1106 539 1 4.64 M 322.3 M 115
================================================================================
AV 59.2 35.7 10.4 FASTST M M 4 MAX(MPH)
MISC ----> 31 210 M M
================================================================================
NOTES:
# LAST OF SEVERAL OCCURRENCES
COLUMN 17 PEAK WIND IN M.P.H.
PRELIMINARY LOCAL CLIMATOLOGICAL DATA (WS FORM: F-6) , PAGE 2
STATION: HEBRON
MONTH: MARCH
YEAR: 2021
LATITUDE: 40 9 N
LONGITUDE: 97 35 W
[TEMPERATURE DATA] [PRECIPITATION DATA] SYMBOLS USED IN COLUMN 16
AVERAGE MONTHLY: 47.4 TOTAL FOR MONTH: 4.64 1 = FOG OR MIST
DPTR FM NORMAL: 7.3 DPTR FM NORMAL: 2.49 2 = FOG REDUCING VISIBILITY
HIGHEST: 82 ON 29 GRTST 24HR 1.59 ON 14-14 TO 1/4 MILE OR LESS
LOWEST: 24 ON 19 3 = THUNDER
SNOW, ICE PELLETS, HAIL 4 = ICE PELLETS
TOTAL MONTH: M 5 = HAIL
GRTST 24HR M ON M 6 = FREEZING RAIN OR DRIZZLE
GRTST DEPTH: M ON M 7 = DUSTSTORM OR SANDSTORM:
VSBY 1/2 MILE OR LESS
8 = SMOKE OR HAZE
[NO. OF DAYS WITH] [WEATHER - DAYS WITH] 9 = BLOWING SNOW
X = TORNADO
MAX 32 OR BELOW: 0 0.01 INCH OR MORE: 5
MAX 90 OR ABOVE: 0 0.10 INCH OR MORE: 4
MIN 32 OR BELOW: 11 0.50 INCH OR MORE: 4
MIN 0 OR BELOW: 0 1.00 INCH OR MORE: 2
[HDD (BASE 65) ]
TOTAL THIS MO. 539 CLEAR (SCALE 0-3) 17
DPTR FM NORMAL -234 PTCLDY (SCALE 4-7) 5
TOTAL FM JUL 1 4924 CLOUDY (SCALE 8-10) 9
DPTR FM NORMAL -460
[CDD (BASE 65) ]
TOTAL THIS MO. 1
DPTR FM NORMAL 0 [PRESSURE DATA]
TOTAL FM JAN 1 1 HIGHEST SLP M ON M
DPTR FM NORMAL 0 LOWEST SLP M ON M
[REMARKS]
#FINAL-03-21#