000
CXUS56 KHNX 052252
CF6HJO
PRELIMINARY LOCAL CLIMATOLOGICAL DATA (WS FORM: F-6)
STATION: HANFORD CA AIRPORT
MONTH: SEPTEMBER
YEAR: 2022
LATITUDE: 36 19 N
LONGITUDE: 119 38 W
TEMPERATURE IN F: :PCPN: SNOW: WIND :SUNSHINE: SKY :PK WND
================================================================================
1 2 3 4 5 6A 6B 7 8 9 10 11 12 13 14 15 16 17 18
12Z AVG MX 2MIN
DY MAX MIN AVG DEP HDD CDD WTR SNW DPTH SPD SPD DIR MIN PSBL S-S WX SPD DR
================================================================================
1 105 63 84 6 0 19 0.00 0.0 0 3.3 10 320 M M 2 8 16 290
2 109 65 87 9 0 22 0.00 0.0 0 5.8 15 320 M M 3 20 300
3 104 71 88 10 0 23 0.00 0.0 0 4.7 14 330 M M 2 8 16 330
4 107 66 87 9 0 22 0.00 0.0 0 4.6 14 320 M M 3 16 330
5 109 70 90 13 0 25 0.00 0.0 0 3.5 10 310 M M 3 8 15 310
6 114 68 91 14 0 26 0.00 0.0 0 2.9 8 240 M M 3 8 10 260
7 112 74 93 16 0 28 0.00 0.0 0 6.7 16 310 M M 4 8 20 320
8 106 69 88 11 0 23 0.00 0.0 0 4.6 15 290 M M 4 8 18 290
9 108 71 90 13 0 25 0.00 0.0 0 3.7 10 200 M M 4 8 16 300
10 99 78 89 13 0 24 T 0.0 0 6.2 17 170 M M 2 8 22 170
11 96 74 85 9 0 20 0.00 0.0 0 6.5 15 310 M M 2 18 320
12 99 66 83 7 0 18 0.00 0.0 0 5.0 16 310 M M 3 21 300
13 94 68 81 5 0 16 0.00 0.0 0 7.2 18 310 M M 3 24 310
14 85 57 71 -4 0 6 0.00 0.0 0 7.6 17 320 M M 0 24 320
15 85 57 71 -4 0 6 0.00 0.0 0 8.8 16 320 M M 0 20 320
16 87 59 73 -2 0 8 0.00 0.0 0 6.5 16 320 M M 0 22 320
17 89 56 73 -2 0 8 0.00 0.0 0 4.3 18 330 M M 0 23 320
18 83 57 70 -4 0 5 T 0.0 0 4.8 16 290 M M 3 23 260
19 75 62 69 -5 0 4 0.02 0.0 0 4.4 16 290 M M 8 1 20 270
20 84 62 73 -1 0 8 T 0.0 0 4.0 14 310 M M 6 18 20 310
21 83 59 71 -2 0 6 0.00 0.0 0 5.8 14 300 M M 3 8 23 290
22 85 60 73 0 0 8 0.00 0.0 0 7.9 14 320 M M 0 8 19 320
23 91 54 73 0 0 8 0.00 0.0 0 2.9 10 330 M M 0 14 320
24 97 57 77 5 0 12 0.00 0.0 0 4.1 10 320 M M 0 18 15 320
25 99 62 81 9 0 16 0.00 0.0 0 4.3 9 320 M M 0 13 320
26 99 66 83 11 0 18 0.00 0.0 0 5.0 12 320 M M 0 15 330
27 97 66 82 10 0 17 0.00 0.0 0 7.1 12 330 M M 0 16 320
28 96 61 79 8 0 14 0.00 0.0 0 5.9 12 320 M M 0 16 330
29 92 59 76 5 0 11 0.00 0.0 0 6.9 14 330 M M 0 8 17 320
30 93 56 75 5 0 10 0.00 0.0 0 3.5 10 320 M M 0 14 330
================================================================================
SM 2882 1913 0 456 0.02 0.0 158.5 M 58
================================================================================
AV 96.1 63.8 5.3 FASTST M M 2 MAX(MPH)
MISC ----> # 18 310 # 24 310
================================================================================
NOTES:
# LAST OF SEVERAL OCCURRENCES
COLUMN 17 PEAK WIND IN M.P.H.
PRELIMINARY LOCAL CLIMATOLOGICAL DATA (WS FORM: F-6) , PAGE 2
STATION: HANFORD CA AIRPORT
MONTH: SEPTEMBER
YEAR: 2022
LATITUDE: 36 19 N
LONGITUDE: 119 38 W
[TEMPERATURE DATA] [PRECIPITATION DATA] SYMBOLS USED IN COLUMN 16
AVERAGE MONTHLY: 79.9 TOTAL FOR MONTH: 0.02 1 = FOG OR MIST
DPTR FM NORMAL: 5.2 DPTR FM NORMAL: -0.02 2 = FOG REDUCING VISIBILITY
HIGHEST: 114 ON 6 GRTST 24HR 0.02 ON 18-19 TO 1/4 MILE OR LESS
LOWEST: 54 ON 23 3 = THUNDER
SNOW, ICE PELLETS, HAIL 4 = ICE PELLETS
TOTAL MONTH: 0.0 INCH 5 = HAIL
GRTST 24HR 0.0 6 = FREEZING RAIN OR DRIZZLE
GRTST DEPTH: 0 7 = DUSTSTORM OR SANDSTORM:
VSBY 1/2 MILE OR LESS
8 = SMOKE OR HAZE
[NO. OF DAYS WITH] [WEATHER - DAYS WITH] 9 = BLOWING SNOW
X = TORNADO
MAX 32 OR BELOW: 0 0.01 INCH OR MORE: 1
MAX 90 OR ABOVE: 21 0.10 INCH OR MORE: 0
MIN 32 OR BELOW: 0 0.50 INCH OR MORE: 0
MIN 0 OR BELOW: 0 1.00 INCH OR MORE: 0
[HDD (BASE 65) ]
TOTAL THIS MO. 0 CLEAR (SCALE 0-3) 23
DPTR FM NORMAL -4 PTCLDY (SCALE 4-7) 7
TOTAL FM JUL 1 0 CLOUDY (SCALE 8-10) 0
DPTR FM NORMAL -1
[CDD (BASE 65) ]
TOTAL THIS MO. 456
DPTR FM NORMAL 159 [PRESSURE DATA]
TOTAL FM JAN 1 2301 HIGHEST SLP 30.08 ON 22
DPTR FM NORMAL 503 LOWEST SLP 29.47 ON 9
[REMARKS]
#FINAL-09-22#