000
CXUS53 KGLD 010800
CF6HLC
PRELIMINARY LOCAL CLIMATOLOGICAL DATA (WS FORM: F-6)
STATION: HILL CITY KS
MONTH: MAY
YEAR: 2020
LATITUDE: 39 22 N
LONGITUDE: 99 50 W
TEMPERATURE IN F: :PCPN: SNOW: WIND :SUNSHINE: SKY :PK WND
================================================================================
1 2 3 4 5 6A 6B 7 8 9 10 11 12 13 14 15 16 17 18
12Z AVG MX 2MIN
DY MAX MIN AVG DEP HDD CDD WTR SNW DPTH SPD SPD DIR MIN PSBL S-S WX SPD DR
================================================================================
1 91 54 73 16 0 8 0.00 M M 8.1 24 320 M M 0 34 320
2 74 57 66 8 0 1 T M M 15.2 30 60 M M 4 39 50
3 77 49 63 5 2 0 0.15 M M 7.7 17 340 M M 1 13 25 340
4 71 45 58 0 7 0 0.07 M M 12.6 32 350 M M 6 1 42 340
5 74 38 56 -3 9 0 0.00 M M 9.1 18 330 M M 0 30 300
6 69 34 52 -7 13 0 0.00 M M 6.4 14 20 M M 0 20 10
7 77 45 61 2 4 0 0.07 M M 12.6 26 350 M M 3 3 38 180
8 63 33 48 -12 17 0 0.00 M M 13.2 39 350 M M 2 59 360
9 66 33 50 -10 15 0 0.00 M M 6.9 31 10 M M 5 40 10
10 61 31 46 -14 19 0 0.00 M M 6.9 15 10 M M 5 20 50
11 43 34 39 -22 26 0 0.44 M M 8.2 16 90 M M 10 1 21 130
12 48 36 42 -19 23 0 T M M 9.4 17 140 M M 10 1 23 130
13 62 45 54 -8 11 0 0.06 M M 9.8 18 170 M M 10 1 27 160
14 79 54 67 5 0 2 0.01 M M 8.7 17 360 M M 5 128 23 360
15 77 56 67 5 0 2 0.01 M M 9.7 18 100 M M 3 1 28 90
16 76 52 64 1 1 0 0.11 M M 9.5 17 350 M M 6 1 29 340
17 71 49 60 -3 5 0 0.00 M M 11.5 21 340 M M 0 27 330
18 76 42 59 -4 6 0 0.00 M M 5.9 12 20 M M 0 16 110
19 78 43 61 -3 4 0 0.00 M M 7.4 15 100 M M 0 1 23 110
20 79 47 63 -1 2 0 0.00 M M 12.5 23 130 M M 0 1 33 120
21 73 58 66 2 0 1 1.09 M M 9.6 26 280 M M 9 13 41 270
22 68 49 59 -6 6 0 0.36 M M 7.2 18 20 M M 4 1 27 20
23 84 46 65 0 0 0 0.00 M M 9.5 21 140 M M 3 29 130
24 78 61 70 5 0 5 0.18 M M 10.0 20 50 M M 3 13 29 40
25 63 49 56 -10 9 0 0.77 M M 12.0 24 10 M M 8 13 33 360
26 75 50 63 -3 2 0 0.00 M M 8.0 21 360 M M 0 27 340
27 75 47 61 -5 4 0 0.00 M M 5.2 14 40 M M 0 20 50
28 81 51 66 -1 0 1 0.00 M M 9.4 21 360 M M 1 27 10
29 81 50 66 -1 0 1 0.00 M M 6.5 16 170 M M 3 24 170
30 89 57 73 6 0 8 T M M 12.4 25 140 M M 0 36 150
31 90 64 77 9 0 12 0.01 M M 18.1 28 200 M M 0 41 180
================================================================================
SM 2269 1459 185 41 3.33 M 299.2 M 101
================================================================================
AV 73.2 47.1 9.7 FASTST M M 3 MAX(MPH)
MISC ----> 39 350 59 360
================================================================================
NOTES:
# LAST OF SEVERAL OCCURRENCES
COLUMN 17 PEAK WIND IN M.P.H.
PRELIMINARY LOCAL CLIMATOLOGICAL DATA (WS FORM: F-6) , PAGE 2
STATION: HILL CITY KS
MONTH: MAY
YEAR: 2020
LATITUDE: 39 22 N
LONGITUDE: 99 50 W
[TEMPERATURE DATA] [PRECIPITATION DATA] SYMBOLS USED IN COLUMN 16
AVERAGE MONTHLY: 60.1 TOTAL FOR MONTH: 3.33 1 = FOG OR MIST
DPTR FM NORMAL: -2.4 DPTR FM NORMAL: -0.45 2 = FOG REDUCING VISIBILITY
HIGHEST: 91 ON 1 GRTST 24HR 1.44 ON 21-22 TO 1/4 MILE OR LESS
LOWEST: 31 ON 10 3 = THUNDER
SNOW, ICE PELLETS, HAIL 4 = ICE PELLETS
TOTAL MONTH: M 5 = HAIL
GRTST 24HR M ON M 6 = FREEZING RAIN OR DRIZZLE
GRTST DEPTH: M ON M 7 = DUSTSTORM OR SANDSTORM:
VSBY 1/2 MILE OR LESS
8 = SMOKE OR HAZE
[NO. OF DAYS WITH] [WEATHER - DAYS WITH] 9 = BLOWING SNOW
X = TORNADO
MAX 32 OR BELOW: 0 0.01 INCH OR MORE: 13
MAX 90 OR ABOVE: 2 0.10 INCH OR MORE: 7
MIN 32 OR BELOW: 1 0.50 INCH OR MORE: 2
MIN 0 OR BELOW: 0 1.00 INCH OR MORE: 1
[HDD (BASE 65) ]
TOTAL THIS MO. 185 CLEAR (SCALE 0-3) 18
DPTR FM NORMAL 38 PTCLDY (SCALE 4-7) 9
TOTAL FM JUL 1 5200 CLOUDY (SCALE 8-10) 4
DPTR FM NORMAL -325
[CDD (BASE 65) ]
TOTAL THIS MO. 41
DPTR FM NORMAL -30 [PRESSURE DATA]
TOTAL FM JAN 1 42 HIGHEST SLP M ON M
DPTR FM NORMAL -36 LOWEST SLP 29.57 ON 23
[REMARKS]
#FINAL-05-20#