000
CXUS53 KGLD 011552
CLAHLC
CLIMATE REPORT
NATIONAL WEATHER SERVICE
852 AM MST SUN JAN 01 2023
...................................
...THE HILL CITY KS CLIMATE SUMMARY FOR THE YEAR OF 2022...
CLIMATE NORMAL PERIOD: 1991 TO 2020
CLIMATE RECORD PERIOD: 1896 TO 2022
WEATHER OBSERVED NORMAL DEPART LAST YEAR`S
VALUE DATE(S) VALUE FROM VALUE DATE(S)
NORMAL
................................................................
TEMPERATURE (F)
RECORD
HIGH 117 07/24/1936
LOW -26 12/22/1989
HIGHEST 111 07/10 106 5 108 06/17
LOWEST -11 12/22 -9 -2 -21 02/15
AVG. MAXIMUM 70.3 67.6 2.7 69.8
AVG. MINIMUM 39.3 40.3 -1.0 41.3
MEAN 54.8 53.9 0.9 55.5
DAYS MAX >= 90 89 68.6 20.4 78
DAYS MAX <= 32 21 22.1 -1.1 19
DAYS MIN <= 32 152 142.6 9.4 128
DAYS MIN <= 0 9 4.4 4.6 8
PRECIPITATION (INCHES)
RECORD
MAXIMUM 36.31 2018
MINIMUM 10.53 2012
TOTALS 12.13 21.50 -9.37
DAYS >= .01 61 78.2 -17.2 62
DAYS >= .10 25 37.6 -12.6 31
DAYS >= .50 6 12.8 -6.8 12
DAYS >= 1.00 4 5.0 -1.0 4
GREATEST
24 HR. TOTAL 1.28 09/15 TO 09/15 3.00
................................................................
- INDICATES NEGATIVE NUMBERS.
R INDICATES RECORD WAS SET OR TIED.
MM INDICATES DATA IS MISSING.
T INDICATES TRACE AMOUNT.
$$