000
CXUS51 KPBZ 010730
CF6HLG
PRELIMINARY LOCAL CLIMATOLOGICAL DATA (WS FORM: F-6)
STATION: WHEELING WV
MONTH: MAY
YEAR: 2020
LATITUDE: 40 10 N
LONGITUDE: 80 39 W
TEMPERATURE IN F: :PCPN: SNOW: WIND :SUNSHINE: SKY :PK WND
================================================================================
1 2 3 4 5 6A 6B 7 8 9 10 11 12 13 14 15 16 17 18
12Z AVG MX 2MIN
DY MAX MIN AVG DEP HDD CDD WTR SNW DPTH SPD SPD DIR MIN PSBL S-S WX SPD DR
================================================================================
1 54 44 49 -7 16 0 0.02 M M 7.0 16 290 M M 8 1 22 310
2 72 39 56 0 9 0 0.00 M M 9.0 18 230 M M 3 12 25 190
3 73 61 67 10 0 2 0.03 M M 7.8 17 260 M M 8 24 230
4 62 42 52 -5 13 0 0.00 M M 9.9 21 330 M M 0 27 340
5 50 37 44 -13 21 0 0.14 M M 9.3 18 60 M M 7 1 23 50
6 54 37 46 -11 19 0 0.07 M M 9.0 21 320 M M 7 1 28 310
7 64 32 48 -10 17 0 0.02 M M 10.0 30 260 M M 4 42 260
8 52 30 41 -17 24 0 0.27 M M 7.3 23 340 M M 9 1 31 340
9 43 28 36 -22 29 0 T M M 10.6 25 290 M M 7 1 37 300
10 63 34 49 -9 16 0 0.11 M M 10.3 31 270 M M 3 1 42 280
11 43 37 40 -19 25 0 0.04 M M 10.2 21 270 M M 10 1 29 240
12 55 37 46 -13 19 0 0.00 M M 8.7 18 260 M M 6 27 270
13 65 37 51 -8 14 0 0.00 M M 4.9 14 310 M M 0 19 310
14 71 43 57 -2 8 0 0.14 M M 7.7 22 260 M M 7 13 31 260
15 79 59 69 9 0 4 0.17 M M 10.4 23 220 M M 8 18 33 240
16 75 57 66 6 0 1 0.00 M M 6.7 15 70 M M 5 1 19 70
17 84 61 73 13 0 8 0.00 M M 8.6 16 190 M M 5 21 180
18 81 63 72 12 0 7 T M M 11.0 21 100 M M 2 27 90
19 67 53 60 -1 5 0 0.62 M M 11.3 26 120 M M 10 1 34 120
20 65 47 56 -5 9 0 0.01 M M 13.0 21 90 M M 8 31 90
21 67 51 59 -2 6 0 T M M 10.2 25 130 M M 9 38 120
22 72 57 65 3 0 0 0.39 M M 3.5 9 10 M M 9 13 11 70
23 78 55 67 5 0 2 0.00 M M 2.9 9 210 M M 5 12 12 220
24 83 62 73 11 0 8 0.00 M M 5.1 13 200 M M 3 15 200
25 86 63 75 13 0 10 0.00 M M 5.7 12 130 M M 1 16 100
26 86 65 76 13 0 11 0.00 M M 7.0 16 110 M M 0 21 120
27 82 66 74 11 0 9 T M M 7.3 15 130 M M 1 18 120
28 81 65 73 10 0 8 0.55 M M 7.3 17 200 M M 6 1 22 200
29 80 56 68 4 0 3 0.48 M M 9.2 24 350 M M 7 13 35 350
30 71 51 61 -3 4 0 0.00 M M 5.8 18 300 M M 6 12 23 310
31 65 47 56 -8 9 0 0.00 M M 7.8 17 310 M M 2 24 310
================================================================================
SM 2123 1516 263 73 3.06 M 254.5 M 166
================================================================================
AV 68.5 48.9 8.2 FASTST M M 5 MAX(MPH)
MISC ----> 31 270 # 42 260
================================================================================
NOTES:
# LAST OF SEVERAL OCCURRENCES
COLUMN 17 PEAK WIND IN M.P.H.
PRELIMINARY LOCAL CLIMATOLOGICAL DATA (WS FORM: F-6) , PAGE 2
STATION: WHEELING WV
MONTH: MAY
YEAR: 2020
LATITUDE: 40 10 N
LONGITUDE: 80 39 W
[TEMPERATURE DATA] [PRECIPITATION DATA] SYMBOLS USED IN COLUMN 16
AVERAGE MONTHLY: 58.7 TOTAL FOR MONTH: 3.06 1 = FOG OR MIST
DPTR FM NORMAL: -1.3 DPTR FM NORMAL: -1.14 2 = FOG REDUCING VISIBILITY
HIGHEST: 86 ON 26,25 GRTST 24HR 0.62 ON 19-19 TO 1/4 MILE OR LESS
LOWEST: 28 ON 9 3 = THUNDER
SNOW, ICE PELLETS, HAIL 4 = ICE PELLETS
TOTAL MONTH: M 5 = HAIL
GRTST 24HR M ON M 6 = FREEZING RAIN OR DRIZZLE
GRTST DEPTH: M ON M 7 = DUSTSTORM OR SANDSTORM:
VSBY 1/2 MILE OR LESS
8 = SMOKE OR HAZE
[NO. OF DAYS WITH] [WEATHER - DAYS WITH] 9 = BLOWING SNOW
X = TORNADO
MAX 32 OR BELOW: 0 0.01 INCH OR MORE: 15
MAX 90 OR ABOVE: 0 0.10 INCH OR MORE: 9
MIN 32 OR BELOW: 3 0.50 INCH OR MORE: 2
MIN 0 OR BELOW: 0 1.00 INCH OR MORE: 0
[HDD (BASE 65) ]
TOTAL THIS MO. 263 CLEAR (SCALE 0-3) 9
DPTR FM NORMAL 72 PTCLDY (SCALE 4-7) 15
TOTAL FM JUL 1 4967 CLOUDY (SCALE 8-10) 7
DPTR FM NORMAL -582
[CDD (BASE 65) ]
TOTAL THIS MO. 73
DPTR FM NORMAL 37 [PRESSURE DATA]
TOTAL FM JAN 1 79 HIGHEST SLP 30.35 ON 13
DPTR FM NORMAL 33 LOWEST SLP 29.73 ON 8
[REMARKS]
#FINAL-05-20#