000
CXUS54 KLZK 011130
CF6HOT
PRELIMINARY LOCAL CLIMATOLOGICAL DATA (WS FORM: F-6)
STATION: HOT SPRINGS MEMORIAL FIELD
MONTH: AUGUST
YEAR: 2021
LATITUDE: 34 28 N
LONGITUDE: 93 6 W
TEMPERATURE IN F: :PCPN: SNOW: WIND :SUNSHINE: SKY :PK WND
================================================================================
1 2 3 4 5 6A 6B 7 8 9 10 11 12 13 14 15 16 17 18
12Z AVG MX 2MIN
DY MAX MIN AVG DEP HDD CDD WTR SNW DPTH SPD SPD DIR MIN PSBL S-S WX SPD DR
================================================================================
1 90 78 84 1 0 19 T M M 3.6 15 60 M M 3 138 19 60
2 88 69 79 -4 0 14 0.43 M M 4.5 10 80 M M 7 18 20 50
3 86 73 80 -3 0 15 0.03 M M 3.6 9 140 M M 7 18 13 70
4 88 67 78 -5 0 13 0.00 M M 2.9 9 110 M M 2 1 13 130
5 89 66 78 -5 0 13 0.00 M M 2.8 10 150 M M 3 1 13 140
6 90 73 82 -1 0 17 T M M 2.5 9 190 M M 3 18 13 200
7 93 70 82 -1 0 17 0.00 M M 4.5 12 170 M M 1 18 17 170
8 95 76 86 3 0 21 0.00 M M 6.7 16 250 M M 4 18 21 230
9 96 79 88 5 0 23 0.00 M M 9.1 17 230 M M 3 22 230
10 98 78 88 5 0 23 0.00 M M 8.6 17 240 M M 3 25 240
11 99 78 89 6 0 24 0.00 M M 7.2 15 250 M M 1 22 260
12 99 77 88 5 0 23 0.00 M M 4.1 13 230 M M 0 18 240
13 97 76 87 4 0 22 0.00 M M 3.9 10 30 M M 1 3 16 270
14 90 75 83 0 0 18 0.01 M M 3.6 15 60 M M 3 21 60
15 88 72 80 -3 0 15 0.95 M M 5.1 14 70 M M 3 13 19 80
16 91 69 80 -2 0 15 0.00 M M 4.6 13 150 M M 1 18 150
17 88 73 81 -1 0 16 T M M 3.0 9 100 M M 1 13 170
18 87 74 81 -1 0 16 0.28 M M 3.5 9 230 M M 6 1 13 200
19 88 74 81 -1 0 16 0.51 M M 3.4 16 200 M M 4 13 22 200
20 92 75 84 2 0 19 0.00 M M 4.2 12 230 M M 6 1 16 240
21 94 77 86 4 0 21 T M M 3.7 13 230 M M 2 17 200
22 98 77 88 6 0 23 0.00 M M 2.7 17 90 M M 1 13 21 90
23 97 75 86 4 0 21 0.00 M M 2.3 10 250 M M 0 13 260
24 99 73 86 5 0 21 0.00 M M 2.2 10 260 M M 0 13 260
25 99 74 87 6 0 22 0.00 M M 2.7 8 120 M M 1 M M
26 97 73 85 4 0 20 0.00 M M 4.2 13 90 M M 1 1 19 120
27 95 76 86 5 0 21 0.00 M M 5.5 14 120 M M 1 20 110
28 94 73 84 4 0 19 0.00 M M 6.9 16 110 M M 2 20 110
29 96 77 87 7 0 22 0.00 M M 7.1 20 110 M M 2 31 110
30 93 75 84 4 0 19 T M M 8.9 20 80 M M 1 26 40
31 99 71 85 5 0 20 0.00 M M 2.7 12 260 M M 0 17 290
================================================================================
SM 2893 2293 0 588 2.21 M 140.3 M 73
================================================================================
AV 93.3 74.0 4.5 FASTST M M 2 MAX(MPH)
MISC ----> # 20 110 31 110
================================================================================
NOTES:
# LAST OF SEVERAL OCCURRENCES
COLUMN 17 PEAK WIND IN M.P.H.
PRELIMINARY LOCAL CLIMATOLOGICAL DATA (WS FORM: F-6) , PAGE 2
STATION: HOT SPRINGS MEMORIAL FIELD
MONTH: AUGUST
YEAR: 2021
LATITUDE: 34 28 N
LONGITUDE: 93 6 W
[TEMPERATURE DATA] [PRECIPITATION DATA] SYMBOLS USED IN COLUMN 16
AVERAGE MONTHLY: 83.6 TOTAL FOR MONTH: 2.21 1 = FOG OR MIST
DPTR FM NORMAL: 1.5 DPTR FM NORMAL: -1.12 2 = FOG REDUCING VISIBILITY
HIGHEST: 99 ON 24,31 GRTST 24HR 0.96 ON 14-15 TO 1/4 MILE OR LESS
LOWEST: 66 ON 5 3 = THUNDER
SNOW, ICE PELLETS, HAIL 4 = ICE PELLETS
TOTAL MONTH: M 5 = HAIL
GRTST 24HR M ON M 6 = FREEZING RAIN OR DRIZZLE
GRTST DEPTH: M ON M 7 = DUSTSTORM OR SANDSTORM:
VSBY 1/2 MILE OR LESS
8 = SMOKE OR HAZE
[NO. OF DAYS WITH] [WEATHER - DAYS WITH] 9 = BLOWING SNOW
X = TORNADO
MAX 32 OR BELOW: 0 0.01 INCH OR MORE: 6
MAX 90 OR ABOVE: 23 0.10 INCH OR MORE: 4
MIN 32 OR BELOW: 0 0.50 INCH OR MORE: 2
MIN 0 OR BELOW: 0 1.00 INCH OR MORE: 0
[HDD (BASE 65) ]
TOTAL THIS MO. 0 CLEAR (SCALE 0-3) 21
DPTR FM NORMAL 0 PTCLDY (SCALE 4-7) 10
TOTAL FM JUL 1 0 CLOUDY (SCALE 8-10) 0
DPTR FM NORMAL 0
[CDD (BASE 65) ]
TOTAL THIS MO. 588
DPTR FM NORMAL 56 [PRESSURE DATA]
TOTAL FM JAN 1 1723 HIGHEST SLP 30.17 ON 14
DPTR FM NORMAL -74 LOWEST SLP 29.67 ON 31
[REMARKS]
#FINAL-08-21#