000
CXUS54 KHGX 020701
CLMHOU
CLIMATE REPORT
NATIONAL WEATHER SERVICE HOUSTON/GALVESTON TX
201 AM CDT SUN JUL 02 2023
...................................
...THE HOUSTON/HOBBY AIRPORT CLIMATE SUMMARY FOR THE MONTH OF JUNE 2023...
CLIMATE NORMAL PERIOD: 1991 TO 2020
CLIMATE RECORD PERIOD: 1930 TO 2023
WEATHER OBSERVED NORMAL DEPART LAST YEAR`S
VALUE DATE(S) VALUE FROM VALUE DATE(S)
NORMAL
................................................................
TEMPERATURE (F)
RECORD
HIGH 105 06/29/2013
LOW 56 06/01/1984
HIGHEST 100 06/18 MM MM 101 06/20
06/26
LOWEST 68 06/04 MM MM 73 06/03
06/04
AVG. MAXIMUM 95.2 91.0 4.2 95.7
AVG. MINIMUM 76.6 74.9 1.7 77.2
MEAN 85.9 82.9 3.0 86.4
DAYS MAX >= 90 27 20.8 6.2 29
DAYS MAX <= 32 0 0.0 0.0 0
DAYS MIN <= 32 0 0.0 0.0 0
DAYS MIN <= 0 0 0.0 0.0 0
PRECIPITATION (INCHES)
RECORD
MAXIMUM 11.03 2006
TOTALS 3.62 6.09 -2.47
DAILY AVG. 0.12 0.20 -0.08 0.01
DAYS >= .01 6 10.4 -4.4 5
DAYS >= .10 5 7.2 -2.2 2
DAYS >= .50 4 3.5 0.5 0
DAYS >= 1.00 1 1.9 -0.9 0
GREATEST
24 HR. TOTAL 1.28 06/08 TO 06/08 0.12 06/27 TO 06/27
06/21 TO 06/21
06/27 TO 06/27
SNOWFALL (INCHES)
RECORDS
TOTAL MM MM
TOTALS 0.0
SINCE 7/1 0.0
LIQUID 7/1 0.00
DAYS >= TRACE 0
GREATEST
24 HR TOTAL MM
DEGREE DAYS
HEATING TOTAL 0 0 0 0
SINCE 7/1 874 1099 -225 MM
COOLING TOTAL 636 538 98 650
SINCE 1/1 1643 1260 383 MM
................................................................
WIND (MPH)
AVERAGE WIND SPEED 8.8
HIGHEST WIND SPEED/DIRECTION 39/050 DATE 06/10
HIGHEST GUST SPEED/DIRECTION 53/050 DATE 06/10
SKY COVER
AVERAGE SKY COVER 0.50
AVERAGE RH (PERCENT) 68
WEATHER CONDITIONS. NUMBER OF DAYS WITH
THUNDERSTORM 8 MIXED PRECIP 0
HEAVY RAIN 4 RAIN 3
LIGHT RAIN 9 FREEZING RAIN 0
LT FREEZING RAIN 0 HAIL 0
HEAVY SNOW 0 SNOW 0
LIGHT SNOW 0 SLEET 0
FOG 6 FOG W/VIS <= 1/4 MILE 0
HAZE 2
- INDICATES NEGATIVE NUMBERS.
R INDICATES RECORD WAS SET OR TIED.
MM INDICATES DATA IS MISSING.
T INDICATES TRACE AMOUNT.
$$