000
CXUS55 KSEW 011030
CF6HQM
PRELIMINARY LOCAL CLIMATOLOGICAL DATA (WS FORM: F-6)
STATION: HOQUIAM WA AIRPORT
MONTH: JANUARY
YEAR: 2024
LATITUDE: 46 58 N
LONGITUDE: 123 56 W
TEMPERATURE IN F: :PCPN: SNOW: WIND :SUNSHINE: SKY :PK WND
================================================================================
1 2 3 4 5 6A 6B 7 8 9 10 11 12 13 14 15 16 17 18
12Z AVG MX 2MIN
DY MAX MIN AVG DEP HDD CDD WTR SNW DPTH SPD SPD DIR MIN PSBL S-S WX SPD DR
================================================================================
1 45 39 42 0 23 0 0.00 M M 10.1 15 110 M M 6 1 22 120
2 45 40 43 1 22 0 0.34 M M 13.3 22 90 M M 8 1 36 80
3 49 42 46 4 19 0 0.40 M M 9.0 18 260 M M 10 1 24 260
4 49 39 44 2 21 0 0.16 M M 6.4 13 290 M M 8 1 19 310
5 50 39 45 3 20 0 0.67 M M 12.3 29 220 M M 8 1 40 190
6 47 39 43 1 22 0 0.86 M M 7.2 23 270 M M 8 1 39 270
7 43 34 39 -3 26 0 0.01 M M 5.1 9 80 M M 9 12 13 80
8 52 39 46 4 19 0 1.25 M M 14.5 39 270 M M 10 1 59 180
9 49 36 43 1 22 0 0.46 M M 23.1 46 290 M M 9 1 62 280
10 46 33 40 -2 25 0 0.61 M M 5.4 26 290 M M 7 1 39 280
11 44 35 40 -3 25 0 0.25 M M 16.8 32 290 M M 8 1 49 300
12 37 19 28 -15 37 0 0.00 M M 16.1 23 80 M M 5 37 80
13 26 20 23 -20 42 0 0.00 M M 19.3 30 90 M M 1 46 80
14 34 20 27 -16 38 0 0.00 M M 10.3 18 100 M M 0 24 90
15 38 27 33 -10 32 0 0.00 M M 14.4 22 100 M M 0 34 90
16 37 27 32 -11 33 0 0.17 M M 12.4 20 80 M M 5 1 32 80
17 45 35 40 -3 25 0 0.15 M M 9.3 24 290 M M 9 1 33 290
18 40 34 37 -6 28 0 1.17 M M 16.9 28 80 M M 10 1 46 80
19 47 39 43 0 22 0 0.04 M M 14.7 26 80 M M 7 38 80
20 51 38 45 2 20 0 0.21 M M 11.3 17 100 M M 8 1 24 80
21 50 44 47 4 18 0 0.90 M M 10.9 16 120 M M 10 1 22 80
22 49 46 48 5 17 0 0.34 M M 6.6 18 230 M M 10 1 27 110
23 48 45 47 4 18 0 0.12 M M 6.8 13 220 M M 9 1 17 220
24 52 45 49 6 16 0 0.64 M M 13.5 23 90 M M 10 1 37 80
25 50 47 49 6 16 0 0.59 M M 11.4 21 210 M M 10 1 27 210
26 52 47 50 7 15 0 0.64 M M 10.5 17 100 M M 10 1 27 110
27 56 50 53 10 12 0 1.23 M M 14.8 29 180 M M 10 1 52 170
28 59 51 55 12 10 0 0.65 M M 8.7 26 210 M M 10 1 34 210
29 59 50 55 12 10 0 0.06 M M 9.5 31 200 M M 5 1 48 170
30 57 50 54 11 11 0 0.17 M M 9.6 21 100 M M 9 1 30 80
31 56 50 53 10 12 0 0.20 M M 11.1 20 130 M M 10 1 27 120
================================================================================
SM 1462 1199 676 0 12.29 M 361.3 M 239
================================================================================
AV 47.2 38.7 11.7 FASTST M M 8 MAX(MPH)
MISC ----> 46 290 62 280
================================================================================
NOTES:
# LAST OF SEVERAL OCCURRENCES
COLUMN 17 PEAK WIND IN M.P.H.
PRELIMINARY LOCAL CLIMATOLOGICAL DATA (WS FORM: F-6) , PAGE 2
STATION: HOQUIAM WA AIRPORT
MONTH: JANUARY
YEAR: 2024
LATITUDE: 46 58 N
LONGITUDE: 123 56 W
[TEMPERATURE DATA] [PRECIPITATION DATA] SYMBOLS USED IN COLUMN 16
AVERAGE MONTHLY: 42.9 TOTAL FOR MONTH: 12.29 1 = FOG OR MIST
DPTR FM NORMAL: 0.1 DPTR FM NORMAL: 1.38 2 = FOG REDUCING VISIBILITY
HIGHEST: 59 ON 29,28 GRTST 24HR 3.18 ON 27-28 TO 1/4 MILE OR LESS
LOWEST: 19 ON 12 3 = THUNDER
SNOW, ICE PELLETS, HAIL 4 = ICE PELLETS
TOTAL MONTH: M 5 = HAIL
GRTST 24HR M ON M 6 = FREEZING RAIN OR DRIZZLE
GRTST DEPTH: M ON M 7 = DUSTSTORM OR SANDSTORM:
VSBY 1/2 MILE OR LESS
8 = SMOKE OR HAZE
[NO. OF DAYS WITH] [WEATHER - DAYS WITH] 9 = BLOWING SNOW
X = TORNADO
MAX 32 OR BELOW: 1 0.01 INCH OR MORE: 26
MAX 90 OR ABOVE: 0 0.10 INCH OR MORE: 23
MIN 32 OR BELOW: 5 0.50 INCH OR MORE: 11
MIN 0 OR BELOW: 0 1.00 INCH OR MORE: 3
[HDD (BASE 65) ]
TOTAL THIS MO. 676 CLEAR (SCALE 0-3) 3
DPTR FM NORMAL -14 PTCLDY (SCALE 4-7) 11
TOTAL FM JUL 1 2432 CLOUDY (SCALE 8-10) 17
DPTR FM NORMAL -397
[CDD (BASE 65) ]
TOTAL THIS MO. 0
DPTR FM NORMAL 0 [PRESSURE DATA]
TOTAL FM JAN 1 0 HIGHEST SLP 30.35 ON 15
DPTR FM NORMAL 0 LOWEST SLP 29.36 ON 22
[REMARKS]
#FINAL-01-24#