000
CXUS54 KBRO 010800
CF6HRL
PRELIMINARY LOCAL CLIMATOLOGICAL DATA (WS FORM: F-6)
STATION: HARLINGEN
MONTH: AUGUST
YEAR: 2021
LATITUDE: 26 13 N
LONGITUDE: 97 40 W
TEMPERATURE IN F: :PCPN: SNOW: WIND :SUNSHINE: SKY :PK WND
================================================================================
1 2 3 4 5 6A 6B 7 8 9 10 11 12 13 14 15 16 17 18
12Z AVG MX 2MIN
DY MAX MIN AVG DEP HDD CDD WTR SNW DPTH SPD SPD DIR MIN PSBL S-S WX SPD DR
================================================================================
1 96 76 86 -1 0 21 0.00 0.0 0 10.7 22 150 M M 1 1 28 150
2 96 76 86 -1 0 21 0.00 0.0 0 9.2 20 150 M M 1 1 24 140
3 97 76 87 0 0 22 T 0.0 0 7.0 22 270 M M 3 3 27 270
4 97 76 87 0 0 22 T 0.0 0 7.5 20 130 M M 1 1 24 110
5 96 76 86 -1 0 21 T 0.0 0 7.0 35 90 M M 1 138 44 80
6 95 75 85 -2 0 20 0.00 0.0 0 7.8 22 110 M M 2 13 25 110
7 98 73 86 -1 0 21 0.00 0.0 0 12.0 23 140 M M 1 28 140
8 98 77 88 1 0 23 0.00 0.0 0 14.7 29 170 M M 2 35 170
9 97 79 88 1 0 23 0.00 0.0 0 14.0 25 150 M M 2 32 160
10 97 75 86 -1 0 21 T 0.0 0 12.1 23 140 M M 1 29 150
11 97 74 86 -1 0 21 0.00 0.0 0 10.4 23 130 M M 1 1 27 140
12 97 75 86 -1 0 21 T 0.0 M 10.0 24 110 M M 1 1 29 120
13 97 75 86 -1 0 21 0.00 0.0 0 9.3 23 120 M M 2 3 27 110
14 96 74 85 -2 0 20 0.00 0.0 0 6.3 21 140 M M 1 3 26 140
15 93 74 84 -3 0 19 T 0.0 0 5.9 20 20 M M 2 1 24 80
16 96 74 85 -2 0 20 0.00 0.0 0 6.7 18 120 M M 1 23 90
17 98 74 86 0 0 21 T 0.0 0 10.4 22 130 M M 2 34 160
18 98 79 89 3 0 24 T 0.0 0 14.8 25 160 M M 1 18 33 170
19 98 78 88 2 0 23 0.00 0.0 0 12.4 23 120 M M 2 1 29 150
20 96 74 85 -1 0 20 T 0.0 0 9.3 24 130 M M 2 18 32 130
21 97 76 87 1 0 22 0.09 0.0 0 9.0 26 120 M M 2 18 33 130
22 96 73 85 -1 0 20 0.00 0.0 0 7.0 20 100 M M 1 1 24 120
23 97 73 85 -1 0 20 T 0.0 0 8.3 21 130 M M 1 1 28 110
24 97 72 85 -1 0 20 0.00 0.0 0 8.1 21 110 M M 2 1 26 120
25 94 75 85 -1 0 20 0.62 0.0 0 6.4 26 120 M M 2 138 32 120
26 94 74 84 -2 0 19 0.15 0.0 0 4.9 21 20 M M 1 1 27 110
27 94 73 84 -1 0 19 T 0.0 0 6.4 18 90 M M 1 1 25 90
28 95 73 84 -1 0 19 0.00 0.0 0 6.6 20 130 M M 1 13 24 120
29 97 74 86 1 0 21 0.00 0.0 0 6.5 20 100 M M 1 1 25 110
30 97 73 85 0 0 20 0.00 0.0 0 9.2 22 110 M M 0 25 110
31 98 72 85 0 0 20 0.00 0.0 M 9.6 22 150 M M 1 8 28 140
================================================================================
SM 2989 2318 0 645 0.86 0.0 279.5 M 43
================================================================================
AV 96.4 74.8 9.0 FASTST M M 1 MAX(MPH)
MISC ----> 35 90 44 80
================================================================================
NOTES:
# LAST OF SEVERAL OCCURRENCES
COLUMN 17 PEAK WIND IN M.P.H.
PRELIMINARY LOCAL CLIMATOLOGICAL DATA (WS FORM: F-6) , PAGE 2
STATION: HARLINGEN
MONTH: AUGUST
YEAR: 2021
LATITUDE: 26 13 N
LONGITUDE: 97 40 W
[TEMPERATURE DATA] [PRECIPITATION DATA] SYMBOLS USED IN COLUMN 16
AVERAGE MONTHLY: 85.6 TOTAL FOR MONTH: 0.86 1 = FOG OR MIST
DPTR FM NORMAL: -0.6 DPTR FM NORMAL: -1.06 2 = FOG REDUCING VISIBILITY
HIGHEST: 98 ON 31,19 GRTST 24HR 0.62 ON 25-25 TO 1/4 MILE OR LESS
LOWEST: 72 ON 31,24 3 = THUNDER
SNOW, ICE PELLETS, HAIL 4 = ICE PELLETS
TOTAL MONTH: 0.0 INCH 5 = HAIL
GRTST 24HR 0.0 6 = FREEZING RAIN OR DRIZZLE
GRTST DEPTH: 0 7 = DUSTSTORM OR SANDSTORM:
VSBY 1/2 MILE OR LESS
8 = SMOKE OR HAZE
[NO. OF DAYS WITH] [WEATHER - DAYS WITH] 9 = BLOWING SNOW
X = TORNADO
MAX 32 OR BELOW: 0 0.01 INCH OR MORE: 3
MAX 90 OR ABOVE: 31 0.10 INCH OR MORE: 2
MIN 32 OR BELOW: 0 0.50 INCH OR MORE: 1
MIN 0 OR BELOW: 0 1.00 INCH OR MORE: 0
[HDD (BASE 65) ]
TOTAL THIS MO. 0 CLEAR (SCALE 0-3) 31
DPTR FM NORMAL 0 PTCLDY (SCALE 4-7) 0
TOTAL FM JUL 1 0 CLOUDY (SCALE 8-10) 0
DPTR FM NORMAL 0
[CDD (BASE 65) ]
TOTAL THIS MO. 645
DPTR FM NORMAL -13 [PRESSURE DATA]
TOTAL FM JAN 1 2956 HIGHEST SLP M ON M
DPTR FM NORMAL -134 LOWEST SLP 29.69 ON 31
[REMARKS]
#FINAL-08-21#