000
CXUS54 KLZK 011230
CF6HRO
PRELIMINARY LOCAL CLIMATOLOGICAL DATA (WS FORM: F-6)
STATION: HARRISON
MONTH: FEBRUARY
YEAR: 2021
LATITUDE: 36 15 N
LONGITUDE: 93 9 W
TEMPERATURE IN F: :PCPN: SNOW: WIND :SUNSHINE: SKY :PK WND
================================================================================
1 2 3 4 5 6A 6B 7 8 9 10 11 12 13 14 15 16 17 18
12Z AVG MX 2MIN
DY MAX MIN AVG DEP HDD CDD WTR SNW DPTH SPD SPD DIR MIN PSBL S-S WX SPD DR
================================================================================
1 42 26 34 -4 31 0 0.00 0.0 0 8.3 18 310 M M 6 26 320
2 46 21 34 -4 31 0 0.00 0.0 0 2.6 8 140 M M 3 12 9 180
3 58 24 41 3 24 0 0.00 0.0 0 10.6 22 160 M M 0 27 170
4 56 31 44 6 21 0 T 0.0 0 11.5 26 300 M M 4 28 38 280
5 53 24 39 1 26 0 0.00 0.0 0 4.8 17 280 M M 1 23 280
6 43 28 36 -3 29 0 0.15 T 0 4.1 14 170 M M 9 1 19 160
7 28 24 26 -13 39 0 0.00 0.0 0 7.8 13 100 M M 10 1 15 110
8 32 23 28 -11 37 0 0.09 0.0 0 6.0 16 130 M M 10 126 19 130
9 32 24 28 -11 37 0 0.01 0.0 0 5.8 9 60 M M 10 126 12 320
10 27 19 23 -16 42 0 T T 0 5.2 10 10 M M 10 1246 16 340
11 21 17 19 -21 46 0 T 0.4 0 6.9 12 20 M M 10 1 17 20
12 20 14 17 -23 48 0 T T T 7.6 12 20 M M 10 18 16 10
13 16 9 13 -27 52 0 T T T 7.6 13 10 M M 9 1 17 340
14 9 4 7 -33 58 0 T 1.0 T 8.8 14 360 M M 10 8 20 360
15 4 -6 -1 -41 66 0 0.40 6.0 2 11.0 16 310 M M 10 12 22 310
16 16 -9 4 -37 61 0 T T 5 5.7 17 140 M M 5 21 140
17 18 11 15 -26 50 0 0.15 2.8 8 6.4 15 130 M M 10 18 21 120
18 28 12 20 -21 45 0 T T 7 7.3 13 330 M M 5 18 18 330
19 35 6 21 -20 44 0 0.11 0.0 6 2.9 8 150 M M 0 10 120
20 46 12 29 -13 36 0 0.00 0.0 3 7.6 17 140 M M 0 21 140
21 46 32 39 -3 26 0 0.00 0.0 1 11.5 26 160 M M 6 18 32 160
22 59 32 46 4 19 0 0.00 0.0 T 8.6 17 280 M M 0 27 280
23 74 50 62 20 3 0 0.00 0.0 0 10.5 20 180 M M 0 27 170
24 67 39 53 10 12 0 0.00 0.0 0 7.3 16 340 M M 2 24 190
25 54 27 41 -2 24 0 T 0.0 0 6.0 17 110 M M 2 23 110
26 46 36 41 -2 24 0 0.23 0.0 0 7.4 16 120 M M 10 12 19 100
27 55 33 44 0 21 0 0.36 0.0 0 7.8 21 140 M M 8 123 26 130
28 70 41 56 12 9 0 0.22 0.0 0 7.1 17 330 M M 7 13 25 330
================================================================================
SM 1101 604 961 0 1.72 10.2 204.7 M 167
================================================================================
AV 39.3 21.6 7.3 FASTST M M 6 MAX(MPH)
MISC ----> # 26 300 38 280
================================================================================
NOTES:
# LAST OF SEVERAL OCCURRENCES
COLUMN 17 PEAK WIND IN M.P.H.
PRELIMINARY LOCAL CLIMATOLOGICAL DATA (WS FORM: F-6) , PAGE 2
STATION: HARRISON
MONTH: FEBRUARY
YEAR: 2021
LATITUDE: 36 15 N
LONGITUDE: 93 9 W
[TEMPERATURE DATA] [PRECIPITATION DATA] SYMBOLS USED IN COLUMN 16
AVERAGE MONTHLY: 30.4 TOTAL FOR MONTH: 1.72 1 = FOG OR MIST
DPTR FM NORMAL: -10.1 DPTR FM NORMAL: -0.92 2 = FOG REDUCING VISIBILITY
HIGHEST: 74 ON 23 GRTST 24HR 0.56 ON 27-28 TO 1/4 MILE OR LESS
LOWEST: -9 ON 16 3 = THUNDER
SNOW, ICE PELLETS, HAIL 4 = ICE PELLETS
TOTAL MONTH: 10.2 INCHES 5 = HAIL
GRTST 24HR 6.0 ON 15-15 6 = FREEZING RAIN OR DRIZZLE
GRTST DEPTH: 8 ON 17 7 = DUSTSTORM OR SANDSTORM:
VSBY 1/2 MILE OR LESS
8 = SMOKE OR HAZE
[NO. OF DAYS WITH] [WEATHER - DAYS WITH] 9 = BLOWING SNOW
X = TORNADO
MAX 32 OR BELOW: 12 0.01 INCH OR MORE: 9
MAX 90 OR ABOVE: 0 0.10 INCH OR MORE: 7
MIN 32 OR BELOW: 23 0.50 INCH OR MORE: 0
MIN 0 OR BELOW: 2 1.00 INCH OR MORE: 0
[HDD (BASE 65) ]
TOTAL THIS MO. 961 CLEAR (SCALE 0-3) 9
DPTR FM NORMAL 275 PTCLDY (SCALE 4-7) 7
TOTAL FM JUL 1 3192 CLOUDY (SCALE 8-10) 12
DPTR FM NORMAL 20
[CDD (BASE 65) ]
TOTAL THIS MO. 0
DPTR FM NORMAL 0 [PRESSURE DATA]
TOTAL FM JAN 1 0 HIGHEST SLP 30.48 ON 19
DPTR FM NORMAL 0 LOWEST SLP 29.54 ON 4
[REMARKS]
#FINAL-02-21#