000
CXUS53 KGID 010831
CF6HSI
PRELIMINARY LOCAL CLIMATOLOGICAL DATA (WS FORM: F-6)
STATION: HASTINGS NE
MONTH: MAY
YEAR: 2022
LATITUDE: 40 35 N
LONGITUDE: 98 26 W
TEMPERATURE IN F: :PCPN: SNOW: WIND :SUNSHINE: SKY :PK WND
================================================================================
1 2 3 4 5 6A 6B 7 8 9 10 11 12 13 14 15 16 17 18
12Z AVG MX 2MIN
DY MAX MIN AVG DEP HDD CDD WTR SNW DPTH SPD SPD DIR MIN PSBL S-S WX SPD DR
================================================================================
1 65 37 51 -5 14 0 0.00 0.0 0 10.3 23 310 M M 0 30 320
2 50 34 42 -14 23 0 1.45 T 0 15.6 29 30 M M 10 1 37 20
3 49 38 44 -12 21 0 0.00 0.0 0 9.9 17 360 M M 10 1 23 360
4 50 45 48 -9 17 0 0.09 0.0 0 8.1 14 80 M M 10 18 19 120
5 53 46 50 -7 15 0 0.12 0.0 0 9.6 16 60 M M 10 1 22 10
6 68 47 58 0 7 0 0.00 0.0 0 8.3 15 170 M M 6 12 22 140
7 77 52 65 7 0 0 0.00 0.0 0 18.0 29 160 M M 3 1 43 170
8 74 57 66 8 0 1 0.10 0.0 0 11.0 20 130 M M 8 18 30 150
9 84 64 74 15 0 9 0.00 0.0 0 13.4 24 160 M M 4 18 37 170
10 79 60 70 11 0 5 0.00 0.0 0 14.7 24 40 M M 5 8 32 50
11 89 59 74 14 0 9 T 0.0 0 12.0 25 200 M M 2 18 39 150
12 89 58 74 14 0 9 0.25 0.0 0 14.7 39 320 M M 2 1 59 320
13 79 50 65 5 0 0 0.00 0.0 0 4.4 10 270 M M 0 15 260
14 83 57 70 9 0 5 T 0.0 0 9.6 21 300 M M 1 26 300
15 73 54 64 3 1 0 0.23 0.0 0 9.1 23 350 M M 4 31 110
16 80 52 66 4 0 1 0.00 0.0 0 8.7 17 170 M M 0 27 200
17 88 62 75 13 0 10 T 0.0 0 10.2 23 80 M M 2 3 36 190
18 85 56 71 8 0 6 0.00 0.0 0 7.0 15 340 M M 0 1 21 190
19 92 54 73 10 0 8 0.00 0.0 0 13.1 35 360 M M 0 8 46 10
20 68 50 59 -4 6 0 0.00 0.0 0 18.1 30 10 M M 9 42 10
21 59 38 49 -15 16 0 0.00 0.0 0 12.2 23 350 M M 6 29 350
22 70 36 53 -11 12 0 0.00 0.0 0 5.1 14 240 M M 2 21 250
23 62 49 56 -9 9 0 0.10 0.0 0 7.6 20 150 M M 8 1 30 170
24 54 48 51 -14 14 0 0.85 0.0 0 13.6 25 40 M M 10 1 35 50
25 54 48 51 -15 14 0 0.13 0.0 0 19.3 26 360 M M 10 1 37 30
26 74 47 61 -5 4 0 0.05 0.0 0 12.2 24 350 M M 4 33 350
27 87 53 70 4 0 5 0.00 0.0 0 8.9 20 170 M M 0 28 180
28 84 62 73 6 0 8 0.00 0.0 0 13.5 21 170 M M 0 32 160
29 83 70 77 10 0 12 0.00 0.0 0 11.8 26 170 M M 0 44 180
30 84 62 73 5 0 8 T 0.0 0 18.1 35 280 M M 3 54 220
31 77 50 64 -4 1 0 0.00 0.0 0 9.4 24 300 M M 2 31 320
================================================================================
SM 2263 1595 174 96 3.37 T 357.5 M 131
================================================================================
AV 73.0 51.5 11.5 FASTST M M 4 MAX(MPH)
MISC ----> 39 320 59 320
================================================================================
NOTES:
# LAST OF SEVERAL OCCURRENCES
COLUMN 17 PEAK WIND IN M.P.H.
PRELIMINARY LOCAL CLIMATOLOGICAL DATA (WS FORM: F-6) , PAGE 2
STATION: HASTINGS NE
MONTH: MAY
YEAR: 2022
LATITUDE: 40 35 N
LONGITUDE: 98 26 W
[TEMPERATURE DATA] [PRECIPITATION DATA] SYMBOLS USED IN COLUMN 16
AVERAGE MONTHLY: 62.2 TOTAL FOR MONTH: 3.37 1 = FOG OR MIST
DPTR FM NORMAL: 0.4 DPTR FM NORMAL: -0.98 2 = FOG REDUCING VISIBILITY
HIGHEST: 92 ON 19 GRTST 24HR 1.45 ON 2- 2 TO 1/4 MILE OR LESS
LOWEST: 34 ON 2 3 = THUNDER
SNOW, ICE PELLETS, HAIL 4 = ICE PELLETS
TOTAL MONTH: T 5 = HAIL
GRTST 24HR T ON 2- 2 6 = FREEZING RAIN OR DRIZZLE
GRTST DEPTH: 0 7 = DUSTSTORM OR SANDSTORM:
VSBY 1/2 MILE OR LESS
8 = SMOKE OR HAZE
[NO. OF DAYS WITH] [WEATHER - DAYS WITH] 9 = BLOWING SNOW
X = TORNADO
MAX 32 OR BELOW: 0 0.01 INCH OR MORE: 10
MAX 90 OR ABOVE: 1 0.10 INCH OR MORE: 8
MIN 32 OR BELOW: 0 0.50 INCH OR MORE: 2
MIN 0 OR BELOW: 0 1.00 INCH OR MORE: 1
[HDD (BASE 65) ]
TOTAL THIS MO. 174 CLEAR (SCALE 0-3) 14
DPTR FM NORMAL 7 PTCLDY (SCALE 4-7) 8
TOTAL FM JUL 1 5454 CLOUDY (SCALE 8-10) 9
DPTR FM NORMAL -401
[CDD (BASE 65) ]
TOTAL THIS MO. 96
DPTR FM NORMAL 30 [PRESSURE DATA]
TOTAL FM JAN 1 113 HIGHEST SLP 30.45 ON 22
DPTR FM NORMAL 39 LOWEST SLP 29.18 ON 9
[REMARKS]
#FINAL-05-22#