000
CXUS53 KAPX 020551
CLMHTL
CLIMATE REPORT
NATIONAL WEATHER SERVICE
1251 AM EST SAT DEC 02 2023
...................................
...THE HOUGHTON LAKE MI CLIMATE SUMMARY FOR THE MONTH OF NOVEMBER 2023...
CLIMATE NORMAL PERIOD: 1991 TO 2020
CLIMATE RECORD PERIOD: 1913 TO 2023
WEATHER OBSERVED NORMAL DEPART LAST YEAR`S
VALUE DATE(S) VALUE FROM VALUE
NORMAL
..............................................................
TEMPERATURE (F)
HIGHEST 62 11/16 MM MM
LOWEST 16 11/28 MM MM
AVG. MAXIMUM 43.5 43.1 0.4
AVG. MINIMUM 27.2 27.9 -0.7
MEAN 35.4 35.5 -0.1
DAYS MAX >= 90 0 0.0 0.0
DAYS MAX <= 32 4 4.8 -0.8
DAYS MIN <= 32 23 21.0 2.0
DAYS MIN <= 0 0 0.0 0.0
PRECIPITATION (INCHES)
TOTALS 1.28 2.20 -0.92
DAYS >= .01 9 13.2 -4.2
DAYS >= .10 2 5.7 -3.7
DAYS >= .50 1 1.2 -0.2
DAYS >= 1.00 0 0.2 -0.2
GREATEST
24 HR. TOTAL 0.59 11/08 TO 11/08
SNOWFALL (INCHES)
RECORDS
TOTAL 41.9 1995
24 HR TOTAL 4.2 MM
TOTALS 2.2 7.5 -5.3
DAYS >= TRACE 8 5.8 2.2
DAYS >= 1.0 0 2.7 -2.7
GREATEST
SNOW DEPTH 1 11/27
11/28
11/29
24 HR TOTAL 2.2
DEGREE DAYS
HEATING TOTAL 881 885 -4
SINCE 7/1 1658 1787 -129
COOLING TOTAL 0 0 0
SINCE 1/1 276 337 -61
..............................................................
WIND (MPH)
AVERAGE WIND SPEED 8.8
HIGHEST WIND SPEED/DIRECTION 179/290 DATE 11/24
HIGHEST GUST SPEED/DIRECTION 41/270 DATE 11/09
SKY COVER
AVERAGE SKY COVER 0.48
AVERAGE RH (PERCENT) 75
- INDICATES NEGATIVE NUMBERS.
R INDICATES RECORD WAS SET OR TIED.
MM INDICATES DATA IS MISSING.
T INDICATES TRACE AMOUNT.
$$