000
CXUS53 KIND 010600
CF6HUF
PRELIMINARY LOCAL CLIMATOLOGICAL DATA (WS FORM: F-6)
STATION: TERRE HAUTE IN
MONTH: AUGUST
YEAR: 2023
LATITUDE: 39 27 N
LONGITUDE: 87 18 W
TEMPERATURE IN F: :PCPN: SNOW: WIND :SUNSHINE: SKY :PK WND
================================================================================
1 2 3 4 5 6A 6B 7 8 9 10 11 12 13 14 15 16 17 18
12Z AVG MX 2MIN
DY MAX MIN AVG DEP HDD CDD WTR SNW DPTH SPD SPD DIR MIN PSBL S-S WX SPD DR
================================================================================
1 82 55 69 -6 0 4 0.00 M M 2.6 9 90 M M 0 13 90
2 78 61 70 -5 0 5 0.00 M M 4.3 14 230 M M 4 19 230
3 88 66 77 2 0 12 0.00 M M 1.9 8 80 M M 4 11 90
4 90 63 77 2 0 12 0.00 M M 2.3 9 70 M M 1 1 12 80
5 87 69 78 3 0 13 0.01 M M 9.3 22 180 M M 4 3 33 180
6 84 69 77 2 0 12 0.25 M M 7.7 16 260 M M 7 13 25 250
7 78 66 72 -2 0 7 0.23 M M 7.4 17 340 M M 8 18 26 330
8 84 59 72 -2 0 7 0.00 M M 4.5 15 230 M M 3 12 21 250
9 81 62 72 -2 0 7 0.45 M M 4.5 22 200 M M 5 13 32 190
10 84 66 75 1 0 10 0.00 M M 4.1 12 250 M M 7 1 18 260
11 87 64 76 2 0 11 T M M 5.7 20 220 M M 1 1 25 210
12 89 65 77 3 0 12 T M M 7.3 18 240 M M 2 3 24 250
13 86 60 73 -1 0 8 0.00 M M 2.6 7 60 M M 2 12 10 90
14 80 69 75 1 0 10 1.07 M M 6.4 21 320 M M 9 1238 30 320
15 75 59 67 -7 0 2 T M M 6.4 16 300 M M 7 1 24 310
16 81 54 68 -6 0 3 0.00 M M 1.2 9 200 M M 2 12 12 220
17 81 59 70 -4 0 5 0.00 M M 8.6 20 230 M M 2 29 220
18 79 52 66 -8 0 1 0.00 M M 2.2 8 360 M M 1 2 11 10
19 83 55 69 -4 0 4 0.00 M M 5.4 14 160 M M 0 1 18 160
20 89 63 76 3 0 11 T M M 3.8 10 190 M M 1 1 14 190
21 94 75 85 12 0 20 0.00 M M 2.5 9 60 M M 4 1 12 80
22 92 74 83 10 0 18 0.00 M M 4.3 10 110 M M 2 1 16 120
23 93 68 81 8 0 16 0.00 M M 5.1 14 190 M M 1 1 17 190
24 96 77 87 14 0 22 0.00 M M 8.1 18 220 M M 1 18 26 240
25 97 71 84 11 0 19 1.09 M M 7.1 32 320 M M 1 13 56 340
26 86 71 79 7 0 14 0.05 M M 6.7 13 50 M M 3 13 19 40
27 81 63 72 0 0 7 0.00 M M 8.0 15 60 M M 3 1 20 90
28 80 58 69 -3 0 4 0.00 M M 5.7 15 70 M M 0 24 60
29 83 53 68 -4 0 3 0.00 M M 2.3 9 310 M M 1 12 14 320
30 76 59 68 -4 0 3 0.00 M M 9.0 17 40 M M 2 25 40
31 77 51 64 -7 1 0 0.00 M M 6.3 13 50 M M 0 17 20
================================================================================
SM 2621 1956 1 282 3.15 M 163.3 M 88
================================================================================
AV 84.5 63.1 5.3 FASTST M M 3 MAX(MPH)
MISC ----> 32 320 56 340
================================================================================
NOTES:
# LAST OF SEVERAL OCCURRENCES
COLUMN 17 PEAK WIND IN M.P.H.
PRELIMINARY LOCAL CLIMATOLOGICAL DATA (WS FORM: F-6) , PAGE 2
STATION: TERRE HAUTE IN
MONTH: AUGUST
YEAR: 2023
LATITUDE: 39 27 N
LONGITUDE: 87 18 W
[TEMPERATURE DATA] [PRECIPITATION DATA] SYMBOLS USED IN COLUMN 16
AVERAGE MONTHLY: 73.8 TOTAL FOR MONTH: 3.15 1 = FOG OR MIST
DPTR FM NORMAL: 0.2 DPTR FM NORMAL: 0.16 2 = FOG REDUCING VISIBILITY
HIGHEST: 97 ON 25 GRTST 24HR 1.14 ON 25-26 TO 1/4 MILE OR LESS
LOWEST: 51 ON 31 3 = THUNDER
SNOW, ICE PELLETS, HAIL 4 = ICE PELLETS
TOTAL MONTH: M 5 = HAIL
GRTST 24HR M ON M 6 = FREEZING RAIN OR DRIZZLE
GRTST DEPTH: M ON M 7 = DUSTSTORM OR SANDSTORM:
VSBY 1/2 MILE OR LESS
8 = SMOKE OR HAZE
[NO. OF DAYS WITH] [WEATHER - DAYS WITH] 9 = BLOWING SNOW
X = TORNADO
MAX 32 OR BELOW: 0 0.01 INCH OR MORE: 7
MAX 90 OR ABOVE: 6 0.10 INCH OR MORE: 5
MIN 32 OR BELOW: 0 0.50 INCH OR MORE: 2
MIN 0 OR BELOW: 0 1.00 INCH OR MORE: 2
[HDD (BASE 65) ]
TOTAL THIS MO. 1 CLEAR (SCALE 0-3) 21
DPTR FM NORMAL -2 PTCLDY (SCALE 4-7) 9
TOTAL FM JUL 1 1 CLOUDY (SCALE 8-10) 1
DPTR FM NORMAL 0
[CDD (BASE 65) ]
TOTAL THIS MO. 282
DPTR FM NORMAL 14 [PRESSURE DATA]
TOTAL FM JAN 1 946 HIGHEST SLP M ON M
DPTR FM NORMAL 5 LOWEST SLP 29.72 ON 7
[REMARKS]
#FINAL-08-23#