000
CXUS55 KTFX 020300
CLMHVR
CLIMATE REPORT
NATIONAL WEATHER SERVICE GREAT FALLS MT
800 PM MST THU FEB 01 2024
...................................
...THE HAVRE MT CLIMATE SUMMARY FOR THE MONTH OF JANUARY 2024...
CLIMATE NORMAL PERIOD 1991 TO 2020
CLIMATE RECORD PERIOD 1880 TO 2024
WEATHER OBSERVED NORMAL DEPART LAST YEAR`S
VALUE DATE(S) VALUE FROM VALUE
NORMAL
..............................................................
TEMPERATURE (F)
RECORD
HIGH 68 01/31/1992
LOW -57 01/27/1916
HIGHEST 60 01/30 28 32 42
LOWEST -44 01/14 3 -47 -11
AVG. MAXIMUM 23.4 28.3 -4.9 26.9
AVG. MINIMUM 0.9 7.2 -6.3 8.9
MEAN 12.2 17.7 -5.5 17.9
DAYS MAX >= 90 0 0.0 0.0 0
DAYS MAX <= 32 18 15.8 2.2 18
DAYS MIN <= 32 28 29.6 -1.6 31
DAYS MIN <= 0 13 10.8 2.2 7
PRECIPITATION (INCHES)
RECORD
MAXIMUM 2.40 1883
MINIMUM T
TOTALS 0.95 0.43 0.52 0.46
DAYS >= .01 6 6.7 -0.7
DAYS >= .10 4 1.6 2.4
DAYS >= .50 0 0.0 0.0
DAYS >= 1.00 0 0.0 0.0
GREATEST
24 HR. TOTAL 0.46 01/17 TO 01/18
SNOWFALL (INCHES)
RECORDS
TOTAL 41.4 1971
24 HR TOTAL 11.7
SNOW DEPTH 23 01/30/1969
01/29/1969
01/28/1969
TOTALS 12.9 9.0 3.9 5.8
SINCE 7/1 19.6 25.8 -6.2
SNOWDEPTH AVG. 3
DAYS >= TRACE 7 7.2 -0.2
DAYS >= 1.0 5 2.9 2.1
GREATEST
SNOW DEPTH 9 01/18 10
01/19
01/20
24 HR TOTAL 12.9R
DEGREE DAYS
HEATING TOTAL 1629 1465 164 1452
SINCE 7/1 4299 4817 -518 MM
COOLING TOTAL 0 0 0 0
SINCE 1/1 0 0 0 MM
..............................................................
WIND (MPH)
AVERAGE WIND SPEED 8.4
HIGHEST WIND SPEED/DIRECTION 38/260 DATE 01/09
HIGHEST GUST SPEED/DIRECTION 50/260 DATE 01/09
SKY COVER
AVERAGE SKY COVER 0.39
AVERAGE RH (PERCENT) 75
WEATHER CONDITIONS. NUMBER OF DAYS WITH
THUNDERSTORM 0 MIXED PRECIP 0
HEAVY RAIN 0 RAIN 0
LIGHT RAIN 0 FREEZING RAIN 0
LT FREEZING RAIN 0 HAIL 0
HEAVY SNOW 1 SNOW 2
LIGHT SNOW 7 SLEET 0
FOG 13 FOG W/VIS <= 1/4 MILE 3
HAZE 9
- INDICATES NEGATIVE NUMBERS.
R INDICATES RECORD WAS SET OR TIED.
MM INDICATES DATA IS MISSING.
T INDICATES TRACE AMOUNT.
$$