000
CXUS56 KMTR 011000
CF6HWD
PRELIMINARY LOCAL CLIMATOLOGICAL DATA (WS FORM: F-6)
STATION: HAYWARD AIRPORT
MONTH: MARCH
YEAR: 2020
LATITUDE: 37 39 N
LONGITUDE: 122 7 W
TEMPERATURE IN F: :PCPN: SNOW: WIND :SUNSHINE: SKY :PK WND
================================================================================
1 2 3 4 5 6A 6B 7 8 9 10 11 12 13 14 15 16 17 18
12Z AVG MX 2MIN
DY MAX MIN AVG DEP HDD CDD WTR SNW DPTH SPD SPD DIR MIN PSBL S-S WX SPD DR
================================================================================
1 60 42 51 -4 14 0 0.00 0.0 0 8.6 23 10 M M 3 29 20
2 73 47 60 5 5 0 0.00 0.0 0 8.9 28 10 M M 0 38 30
3 76 47 62 7 3 0 0.00 0.0 0 6.2 18 290 M M 0 21 280
4 77 48 63 8 2 0 0.00 0.0 0 5.4 14 290 M M 0 8 17 290
5 65 48 57 2 8 0 0.00 0.0 0 5.8 20 280 M M 5 8 23 280
6 61 50 56 1 9 0 T 0.0 0 8.3 16 280 M M 8 1 20 300
7 55 49 52 -3 13 0 0.23 M 0 6.5 15 290 M M 9 18 18 290
8 60 45 53 -2 12 0 0.00 0.0 0 5.0 14 190 M M 6 16 190
9 66 47 57 2 8 0 0.00 0.0 0 5.3 14 280 M M 1 17 290
10 70 52 61 6 4 0 0.01 M M 5.2 12 170 M M 3 13 170
11 70 52 61 6 4 0 0.01 M M 6.5 18 280 M M 4 23 290
12 70 47 59 4 6 0 0.00 M M 5.3 15 290 M M 0 19 280
13 66 46 56 0 9 0 0.00 M M 9.5 25 210 M M 3 32 210
14 54 49 52 -4 13 0 0.48 M M 8.7 17 280 M M 10 18 21 270
15 54 46 50 -6 15 0 0.44 M M 9.1 16 220 M M 10 1 25 220
16 56 42 49 -7 16 0 0.24 M M 7.1 14 70 M M 7 M M
17 57 40 49 -7 16 0 0.00 M M 5.8 18 280 M M 3 22 300
18 55 45 50 -6 15 0 T M M 6.4 12 290 M M 9 14 290
19 61 45 53 -3 12 0 0.00 M M 5.8 16 290 M M 7 20 290
20 64 43 54 -2 11 0 0.00 M M 6.0 15 300 M M 3 17 300
21 63 45 54 -2 11 0 0.01 M M 4.4 13 190 M M 5 14 120
22 69 48 59 3 6 0 T M M 5.3 16 260 M M 4 19 310
23 55 48 52 -4 13 0 T M M 8.1 15 280 M M 8 19 290
24 58 48 53 -3 12 0 0.07 M M 7.9 18 260 M M 9 23 260
25 57 43 50 -6 15 0 0.03 M M 8.4 22 280 M M 5 1 26 290
26 58 37 48 -8 17 0 0.04 M M 6.1 21 330 M M 2 29 330
27 58 39 49 -7 16 0 0.00 M M 8.2 18 280 M M 4 23 280
28 59 49 54 -2 11 0 0.10 M M 5.5 10 270 M M 10 1 14 270
29 62 51 57 1 8 0 0.03 M M 7.1 16 290 M M 9 1 20 280
30 63 51 57 1 8 0 0.00 M M 6.9 17 300 M M 5 21 290
31 64 49 57 1 8 0 0.00 M M 7.4 17 290 M M 6 22 280
================================================================================
SM 1936 1438 320 0 1.69 0.0 210.7 M 158
================================================================================
AV 62.5 46.4 6.8 FASTST M M 5 MAX(MPH)
MISC ----> 28 10 38 30
================================================================================
NOTES:
# LAST OF SEVERAL OCCURRENCES
COLUMN 17 PEAK WIND IN M.P.H.
PRELIMINARY LOCAL CLIMATOLOGICAL DATA (WS FORM: F-6) , PAGE 2
STATION: HAYWARD AIRPORT
MONTH: MARCH
YEAR: 2020
LATITUDE: 37 39 N
LONGITUDE: 122 7 W
[TEMPERATURE DATA] [PRECIPITATION DATA] SYMBOLS USED IN COLUMN 16
AVERAGE MONTHLY: 54.4 TOTAL FOR MONTH: 1.69 1 = FOG OR MIST
DPTR FM NORMAL: -1.1 DPTR FM NORMAL: -0.94 2 = FOG REDUCING VISIBILITY
HIGHEST: 77 ON 4 GRTST 24HR 0.66 ON 15-16 TO 1/4 MILE OR LESS
LOWEST: 37 ON 26 3 = THUNDER
SNOW, ICE PELLETS, HAIL 4 = ICE PELLETS
TOTAL MONTH: 0.0 INCH 5 = HAIL
GRTST 24HR 0.0 6 = FREEZING RAIN OR DRIZZLE
GRTST DEPTH: 0 7 = DUSTSTORM OR SANDSTORM:
VSBY 1/2 MILE OR LESS
8 = SMOKE OR HAZE
[NO. OF DAYS WITH] [WEATHER - DAYS WITH] 9 = BLOWING SNOW
X = TORNADO
MAX 32 OR BELOW: 0 0.01 INCH OR MORE: 12
MAX 90 OR ABOVE: 0 0.10 INCH OR MORE: 5
MIN 32 OR BELOW: 0 0.50 INCH OR MORE: 0
MIN 0 OR BELOW: 0 1.00 INCH OR MORE: 0
[HDD (BASE 65) ]
TOTAL THIS MO. 320 CLEAR (SCALE 0-3) 8
DPTR FM NORMAL 24 PTCLDY (SCALE 4-7) 16
TOTAL FM JUL 1 1824 CLOUDY (SCALE 8-10) 7
DPTR FM NORMAL -237
[CDD (BASE 65) ]
TOTAL THIS MO. 0
DPTR FM NORMAL -3 [PRESSURE DATA]
TOTAL FM JAN 1 0 HIGHEST SLP M ON M
DPTR FM NORMAL -3 LOWEST SLP 29.73 ON 13
[REMARKS]
#FINAL-03-20#