000
CXUS54 KEWX 011010
CF6HYI
PRELIMINARY LOCAL CLIMATOLOGICAL DATA (WS FORM: F-6)
STATION: SAN MARCOS
MONTH: SEPTEMBER
YEAR: 2023
LATITUDE: 29 53 N
LONGITUDE: 97 52 W
TEMPERATURE IN F: :PCPN: SNOW: WIND :SUNSHINE: SKY :PK WND
================================================================================
1 2 3 4 5 6A 6B 7 8 9 10 11 12 13 14 15 16 17 18
12Z AVG MX 2MIN
DY MAX MIN AVG DEP HDD CDD WTR SNW DPTH SPD SPD DIR MIN PSBL S-S WX SPD DR
================================================================================
1 102 70 86 M 0 21 0.00 M M 4.8 10 160 M M 1 M M
2 102 70 86 M 0 21 0.00 M M 4.5 16 120 M M 0 21 110
3 101 74 88 M 0 23 0.00 M M 7.7 15 150 M M 0 18 180
4 102 77 90 M 0 25 0.00 M M 10.3 18 160 M M 4 24 160
5 103 80 92 M 0 27 0.00 M M 12.5 20 180 M M 3 24 180
6 103 78 91 M 0 26 0.00 M M 6.3 13 190 M M 2 17 190
7 105 78 92 M 0 27 0.00 M M 7.3 13 180 M M 1 16 99
8 106 77 92 M 0 27 0.00 M M 7.8 13 190 M M 0 16 160
9 103 75 89 M 0 24 0.00 M M 8.8 24 300 M M 1 31 300
10 100 76 88 M 0 23 0.00 M M 7.1 12 80 M M 0 M M
11 97 72 85 M 0 20 0.00 M M 5.7 13 160 M M 1 M M
12 97 76 87 M 0 22 0.00 M M 8.4 14 350 M M 1 17 99
13 91 73 82 M 0 17 T M M 9.4 17 50 M M 2 M M
14 99 70 85 M 0 20 1.41 M M 5.8 21 90 M M 5 138 30 320
15 92 71 82 M 0 17 0.00 M M 5.8 15 60 M M 5 18 M M
16 91 72 82 M 0 17 0.16 M M 6.2 36 340 M M 4 138 45 340
17 94 69 82 M 0 17 0.00 M M 7.3 13 40 M M 1 M M
18 96 67 82 M 0 17 0.00 M M 5.4 14 150 M M 2 M M
19 97 68 83 M 0 18 0.00 M M 8.4 18 150 M M 0 18 210
20 98 69 84 M 0 19 0.00 M M 9.4 16 220 M M 2 22 190
21 99 73 86 M 0 21 0.00 M M 6.7 15 160 M M 3 20 170
22 99 72 86 M 0 21 0.00 M M 8.5 15 170 M M 5 20 170
23 101 78 90 M 0 25 0.00 M M 10.2 16 180 M M 2 20 200
24 103 78 91 M 0 26 T M M 12.7 24 170 M M 3 35 160
25 99 76 88 M 0 23 0.04 M M 7.3 20 60 M M 1 23 60
26 97 70 84 M 0 19 0.00 M M 5.4 13 20 M M 1 18 20
27 96 67 82 M 0 17 0.00 M M 4.0 8 100 M M 0 M M
28 96 66 81 M 0 16 0.00 M M 5.6 14 90 M M 1 16 140
29 96 67 82 M 0 17 0.00 M M 5.9 13 140 M M 1 1 M M
30 96 68 82 M 0 17 0.00 M M 6.7 16 90 M M 2 21 50
================================================================================
SM 2961 2177 0 630 1.61 M 222.0 M 54
================================================================================
AV 98.7 72.6 7.4 FASTST M M 2 MAX(MPH)
MISC ----> 36 340 45 340
================================================================================
NOTES:
# LAST OF SEVERAL OCCURRENCES
COLUMN 17 PEAK WIND IN M.P.H.
PRELIMINARY LOCAL CLIMATOLOGICAL DATA (WS FORM: F-6) , PAGE 2
STATION: SAN MARCOS
MONTH: SEPTEMBER
YEAR: 2023
LATITUDE: 29 53 N
LONGITUDE: 97 52 W
[TEMPERATURE DATA] [PRECIPITATION DATA] SYMBOLS USED IN COLUMN 16
AVERAGE MONTHLY: 85.6 TOTAL FOR MONTH: 1.61 1 = FOG OR MIST
DPTR FM NORMAL: 0.0 DPTR FM NORMAL: M 2 = FOG REDUCING VISIBILITY
HIGHEST: 106 ON 8 GRTST 24HR 1.41 ON 14-14 TO 1/4 MILE OR LESS
LOWEST: 66 ON 28 3 = THUNDER
SNOW, ICE PELLETS, HAIL 4 = ICE PELLETS
TOTAL MONTH: M 5 = HAIL
GRTST 24HR M ON M 6 = FREEZING RAIN OR DRIZZLE
GRTST DEPTH: M ON M 7 = DUSTSTORM OR SANDSTORM:
VSBY 1/2 MILE OR LESS
8 = SMOKE OR HAZE
[NO. OF DAYS WITH] [WEATHER - DAYS WITH] 9 = BLOWING SNOW
X = TORNADO
MAX 32 OR BELOW: 0 0.01 INCH OR MORE: 3
MAX 90 OR ABOVE: 30 0.10 INCH OR MORE: 2
MIN 32 OR BELOW: 0 0.50 INCH OR MORE: 1
MIN 0 OR BELOW: 0 1.00 INCH OR MORE: 1
[HDD (BASE 65) ]
TOTAL THIS MO. 0 CLEAR (SCALE 0-3) 24
DPTR FM NORMAL M PTCLDY (SCALE 4-7) 6
TOTAL FM JUL 1 0 CLOUDY (SCALE 8-10) 0
DPTR FM NORMAL M
[CDD (BASE 65) ]
TOTAL THIS MO. 630
DPTR FM NORMAL M [PRESSURE DATA]
TOTAL FM JAN 1 3383 HIGHEST SLP 30.08 ON 17
DPTR FM NORMAL M LOWEST SLP 29.72 ON 4
[REMARKS]
#FINAL-09-23#