000
CXUS54 KHGX 011410
CF6IAH
PRELIMINARY LOCAL CLIMATOLOGICAL DATA (WS FORM: F-6)
STATION: HOUSTON INTERCONTINENTAL
MONTH: JULY
YEAR: 2023
LATITUDE: 29 58 N
LONGITUDE: 95 21 W
TEMPERATURE IN F: :PCPN: SNOW: WIND :SUNSHINE: SKY :PK WND
================================================================================
1 2 3 4 5 6A 6B 7 8 9 10 11 12 13 14 15 16 17 18
12Z AVG MX 2MIN
DY MAX MIN AVG DEP HDD CDD WTR SNW DPTH SPD SPD DIR MIN PSBL S-S WX SPD DR
================================================================================
1 100 79 90 6 0 25 0.00 0.0 0 6.1 14 110 M M 5 20 110
2 97 76 87 3 0 22 0.74 0.0 0 5.4 26 110 M M 7 3 34 140
3 98 77 88 4 0 23 0.00 0.0 0 4.6 20 140 M M 7 27 150
4 92 78 85 1 0 20 0.00 0.0 0 6.3 16 150 M M 7 3 24 170
5 94 77 86 2 0 21 0.06 0.0 0 6.0 21 150 M M 7 3 27 140
6 89 74 82 -3 0 17 2.18 0.0 0 4.7 17 160 M M 8 13 27 240
7 91 73 82 -3 0 17 T 0.0 0 4.6 29 140 M M 6 39 150
8 94 74 84 -1 0 19 T 0.0 0 5.4 16 140 M M 3 22 160
9 96 80 88 3 0 23 0.00 0.0 0 7.7 16 230 M M 5 24 230
10 98 79 89 4 0 24 0.00 0.0 0 7.2 17 160 M M 3 24 160
11 98 81 90 5 0 25 0.00 0.0 0 7.4 15 160 M M 6 23 220
12 98 82 90 5 0 25 0.00 0.0 0 9.2 18 170 M M 6 27 170
13 99 82 91 6 0 26 0.00 0.0 0 7.9 16 180 M M 6 24 170
14 98 81 90 5 0 25 0.00 0.0 0 8.5 17 160 M M 5 27 170
15 99 81 90 5 0 25 0.00 0.0 0 7.4 14 240 M M 4 22 230
16 99 80 90 5 0 25 0.00 0.0 0 6.0 16 150 M M 4 21 150
17 99 81 90 5 0 25 0.00 0.0 0 6.8 20 150 M M 2 24 140
18 100 81 91 6 0 26 0.00 0.0 0 8.1 17 160 M M 3 24 230
19 100 80 90 5 0 25 0.00 0.0 0 8.1 20 150 M M 2 25 150
20 99 79 89 4 0 24 0.00 0.0 0 7.1 21 130 M M 2 25 150
21 99 78 89 4 0 24 0.00 0.0 0 5.2 16 160 M M 3 23 160
22 101 78 90 5 0 25 T 0.0 0 7.0 23 120 M M 3 27 120
23 100 75 88 2 0 23 0.00 0.0 0 4.1 18 50 M M 5 24 60
24 99 74 87 1 0 22 0.00 0.0 0 5.1 18 140 M M 4 24 130
25 98 75 87 1 0 22 0.00 0.0 0 5.7 22 160 M M 3 28 140
26 99 76 88 2 0 23 0.00 0.0 0 6.1 25 140 M M 3 31 130
27 97 75 86 0 0 21 0.00 0.0 0 6.4 20 140 M M 3 24 160
28 97 74 86 0 0 21 0.00 0.0 0 5.1 17 160 M M 3 23 160
29 98 75 87 1 0 22 0.00 0.0 0 4.3 17 150 M M 4 24 150
30 101 77 89 3 0 24 0.00 0.0 0 5.6 14 160 M M 2 18 150
31 103 80 92 6 0 27 0.00 0.0 0 6.3 15 110 M M 4 20 100
================================================================================
SM 3030 2412 0 716 2.98 0.0 195.4 M 135
================================================================================
AV 97.7 77.8 6.3 FASTST M M 4 MAX(MPH)
MISC ----> 29 140 39 150
================================================================================
NOTES:
# LAST OF SEVERAL OCCURRENCES
COLUMN 17 PEAK WIND IN M.P.H.
PRELIMINARY LOCAL CLIMATOLOGICAL DATA (WS FORM: F-6) , PAGE 2
STATION: HOUSTON INTERCONTINENTAL
MONTH: JULY
YEAR: 2023
LATITUDE: 29 58 N
LONGITUDE: 95 21 W
[TEMPERATURE DATA] [PRECIPITATION DATA] SYMBOLS USED IN COLUMN 16
AVERAGE MONTHLY: 87.8 TOTAL FOR MONTH: 2.98 1 = FOG OR MIST
DPTR FM NORMAL: 2.7 DPTR FM NORMAL: -0.79 2 = FOG REDUCING VISIBILITY
HIGHEST: 103 ON 31 GRTST 24HR 2.19 ON 5- 6 TO 1/4 MILE OR LESS
LOWEST: 73 ON 7 3 = THUNDER
SNOW, ICE PELLETS, HAIL 4 = ICE PELLETS
TOTAL MONTH: 0.0 INCH 5 = HAIL
GRTST 24HR 0.0 6 = FREEZING RAIN OR DRIZZLE
GRTST DEPTH: 0 7 = DUSTSTORM OR SANDSTORM:
VSBY 1/2 MILE OR LESS
8 = SMOKE OR HAZE
[NO. OF DAYS WITH] [WEATHER - DAYS WITH] 9 = BLOWING SNOW
X = TORNADO
MAX 32 OR BELOW: 0 0.01 INCH OR MORE: 3
MAX 90 OR ABOVE: 30 0.10 INCH OR MORE: 2
MIN 32 OR BELOW: 0 0.50 INCH OR MORE: 2
MIN 0 OR BELOW: 0 1.00 INCH OR MORE: 1
[HDD (BASE 65) ]
TOTAL THIS MO. 0 CLEAR (SCALE 0-3) 13
DPTR FM NORMAL 0 PTCLDY (SCALE 4-7) 18
TOTAL FM JUL 1 0 CLOUDY (SCALE 8-10) 0
DPTR FM NORMAL 0
[CDD (BASE 65) ]
TOTAL THIS MO. 716
DPTR FM NORMAL 93 [PRESSURE DATA]
TOTAL FM JAN 1 2110 HIGHEST SLP 30.15 ON 25
DPTR FM NORMAL 250 LOWEST SLP 29.82 ON 22
[REMARKS]
#FINAL-07-23#