000
CXUS53 KICT 052208
CF6ICT
PRELIMINARY LOCAL CLIMATOLOGICAL DATA (WS FORM: F-6)
STATION: WICHITA EISENHOWER NATIONAL
MONTH: MARCH
YEAR: 2023
LATITUDE: 37 39 N
LONGITUDE: 97 25 W
TEMPERATURE IN F: :PCPN: SNOW: WIND :SUNSHINE: SKY :PK WND
================================================================================
1 2 3 4 5 6A 6B 7 8 9 10 11 12 13 14 15 16 17 18
12Z AVG MX 2MIN
DY MAX MIN AVG DEP HDD CDD WTR SNW DPTH SPD SPD DIR MIN PSBL S-S WX SPD DR
================================================================================
1 61 41 51 9 14 0 0.00 0.0 0 12.1 29 340 M M 3 41 350
2 51 36 44 2 21 0 0.00 0.0 0 16.4 24 50 M M 8 31 70
3 60 32 46 3 19 0 0.05 0.0 0 10.9 21 330 M M 4 1 26 340
4 63 37 50 7 15 0 0.00 0.0 0 8.7 21 10 M M 6 28 10
5 75 46 61 17 4 0 0.00 0.0 0 14.5 28 190 M M 5 35 180
6 61 39 50 6 15 0 0.00 0.0 0 14.9 24 40 M M 6 32 30
7 46 35 41 -3 24 0 0.03 0.0 0 12.4 23 40 M M 9 30 40
8 47 41 44 -1 21 0 T 0.0 0 10.0 17 350 M M 10 1 22 340
9 50 35 43 -2 22 0 0.01 0.0 0 10.6 22 350 M M 8 1 29 350
10 50 31 41 -4 24 0 0.00 0.0 0 10.5 20 120 M M 7 28 120
11 56 38 47 1 18 0 T 0.0 0 14.1 28 350 M M 9 18 36 350
12 50 33 42 -4 23 0 0.00 0.0 0 13.5 21 340 M M 7 1 31 20
13 42 24 33 -13 32 0 0.00 0.0 0 8.7 16 350 M M 6 22 360
14 55 28 42 -5 23 0 0.00 0.0 0 12.4 23 180 M M 4 30 180
15 64 39 52 5 13 0 0.00 0.0 0 22.4 39 190 M M 6 52 190
16 64 33 49 1 16 0 T T 0 23.7 41 330 M M 8 1 51 340
17 51 26 39 -9 26 0 0.00 0.0 0 12.9 24 340 M M 3 32 310
18 39 21 30 -18 35 0 0.00 0.0 0 14.2 28 340 M M 1 37 340
19 48 12 30 -19 35 0 0.00 0.0 0 10.4 22 190 M M 0 28 190
20 61 31 46 -3 19 0 T 0.0 0 22.2 38 180 M M 6 51 180
21 69 44 57 8 8 0 T 0.0 0 18.3 28 140 M M 7 35 170
22 79 53 66 16 0 1 0.00 0.0 0 15.6 24 180 M M 7 1 34 180
23 67 40 54 4 11 0 0.00 0.0 0 15.6 25 210 M M 8 1 36 210
24 54 39 47 -3 18 0 0.00 0.0 0 11.4 20 70 M M 9 25 70
25 62 32 47 -3 18 0 0.01 0.0 0 8.3 26 300 M M 6 1 34 310
26 49 33 41 -10 24 0 0.00 0.0 0 12.8 23 330 M M 6 29 330
27 56 30 43 -8 22 0 T 0.0 0 8.1 21 10 M M 6 28 350
28 54 33 44 -7 21 0 T T 0 9.1 21 350 M M 4 1 28 340
29 68 32 50 -2 15 0 0.00 0.0 0 13.3 26 170 M M 4 34 190
30 67 48 58 6 7 0 0.02 0.0 0 20.0 31 170 M M 7 1 42 170
31 75 45 60 8 5 0 T 0.0 0 19.6 43 260 M M 5 62 240
================================================================================
SM 1794 1087 568 1 0.12 T 427.6 M 185
================================================================================
AV 57.9 35.1 13.8 FASTST M M 6 MAX(MPH)
MISC ----> 43 260 62 240
================================================================================
NOTES:
# LAST OF SEVERAL OCCURRENCES
COLUMN 17 PEAK WIND IN M.P.H.
PRELIMINARY LOCAL CLIMATOLOGICAL DATA (WS FORM: F-6) , PAGE 2
STATION: WICHITA EISENHOWER NATIONAL
MONTH: MARCH
YEAR: 2023
LATITUDE: 37 39 N
LONGITUDE: 97 25 W
[TEMPERATURE DATA] [PRECIPITATION DATA] SYMBOLS USED IN COLUMN 16
AVERAGE MONTHLY: 46.5 TOTAL FOR MONTH: 0.12 1 = FOG OR MIST
DPTR FM NORMAL: -0.9 DPTR FM NORMAL: -2.18 2 = FOG REDUCING VISIBILITY
HIGHEST: 79 ON 22 GRTST 24HR 0.05 ON 3- 3 TO 1/4 MILE OR LESS
LOWEST: 12 ON 19 3 = THUNDER
SNOW, ICE PELLETS, HAIL 4 = ICE PELLETS
TOTAL MONTH: T 5 = HAIL
GRTST 24HR T ON 16-16 6 = FREEZING RAIN OR DRIZZLE
GRTST DEPTH: 0 7 = DUSTSTORM OR SANDSTORM:
VSBY 1/2 MILE OR LESS
8 = SMOKE OR HAZE
[NO. OF DAYS WITH] [WEATHER - DAYS WITH] 9 = BLOWING SNOW
X = TORNADO
MAX 32 OR BELOW: 0 0.01 INCH OR MORE: 5
MAX 90 OR ABOVE: 0 0.10 INCH OR MORE: 0
MIN 32 OR BELOW: 11 0.50 INCH OR MORE: 0
MIN 0 OR BELOW: 0 1.00 INCH OR MORE: 0
[HDD (BASE 65) ]
TOTAL THIS MO. 568 CLEAR (SCALE 0-3) 4
DPTR FM NORMAL 18 PTCLDY (SCALE 4-7) 21
TOTAL FM JUL 1 3945 CLOUDY (SCALE 8-10) 6
DPTR FM NORMAL -109
[CDD (BASE 65) ]
TOTAL THIS MO. 1
DPTR FM NORMAL -3 [PRESSURE DATA]
TOTAL FM JAN 1 1 HIGHEST SLP 30.56 ON 19
DPTR FM NORMAL -3 LOWEST SLP 29.47 ON 31
[REMARKS]
#FINAL-03-23#