000
CXUS53 KICT 270159
CF6ICT
PRELIMINARY LOCAL CLIMATOLOGICAL DATA (WS FORM: F-6)
STATION: WICHITA EISENHOWER NATIONAL
MONTH: DECEMBER
YEAR: 2021
LATITUDE: 37 39 N
LONGITUDE: 97 25 W
TEMPERATURE IN F: :PCPN: SNOW: WIND :SUNSHINE: SKY :PK WND
================================================================================
1 2 3 4 5 6A 6B 7 8 9 10 11 12 13 14 15 16 17 18
12Z AVG MX 2MIN
DY MAX MIN AVG DEP HDD CDD WTR SNW DPTH SPD SPD DIR MIN PSBL S-S WX SPD DR
================================================================================
1 67 32 50 10 15 0 0.00 0.0 0 5.8 12 220 M M 4 14 240
2 74 35 55 16 10 0 0.00 0.0 0 6.0 13 200 M M 1 8 16 200
3 66 36 51 12 14 0 0.00 0.0 0 8.8 20 30 M M 2 27 40
4 60 39 50 12 15 0 0.00 0.0 0 10.9 17 30 M M 6 23 80
5 64 42 53 15 12 0 0.00 0.0 0 15.1 35 360 M M 5 18 46 10
6 42 29 36 -2 29 0 0.00 0.0 0 13.4 36 360 M M 3 51 10
7 44 23 34 -4 31 0 0.00 0.0 0 9.3 22 180 M M 7 8 29 170
8 56 22 39 2 26 0 0.00 0.0 0 11.5 26 170 M M 3 39 170
9 69 35 52 15 13 0 0.00 0.0 0 6.5 28 180 M M 2 8 38 180
10 70 33 52 15 13 0 0.00 0.0 0 17.3 32 310 M M 5 43 310
11 49 27 38 2 27 0 0.00 0.0 0 11.6 29 330 M M 2 35 330
12 57 26 42 6 23 0 0.00 0.0 0 16.2 31 180 M M 1 40 190
13 65 31 48 12 17 0 0.00 0.0 0 11.4 18 170 M M 1 24 180
14 69 41 55 19 10 0 0.00 0.0 0 15.4 28 190 M M 5 18 34 190
15 77 46 62 27 3 0 0.01 0.0 0 25.8 48 190 M M 7 378 69 180
16 51 30 41 6 24 0 0.00 0.0 0 7.6 22 350 M M 2 8 29 340
17 56 29 43 8 22 0 0.00 0.0 0 7.9 17 340 M M 4 22 330
18 36 19 28 -7 37 0 0.00 0.0 0 14.0 29 350 M M 3 39 340
19 41 9 25 -10 40 0 0.00 0.0 0 9.2 20 170 M M 0 18 24 160
20 54 19 37 3 28 0 0.00 0.0 0 7.4 14 360 M M 0 19 360
21 55 19 37 3 28 0 0.00 0.0 0 5.8 17 20 M M 3 18 23 330
22 58 20 39 5 26 0 0.00 0.0 0 9.8 24 200 M M 2 33 190
23 54 36 45 11 20 0 0.00 0.0 0 8.2 16 180 M M 5 128 21 170
24 76 38 57 23 8 0 0.00 0.0 0 14.3 23 210 M M 6 1 32 210
25 64 34 49 15 16 0 0.00 0.0 0 5.5 20 300 M M 3 26 300
26 69 41 55 21 10 0 0.00 0.0 0 11.7 21 180 M M 7 30 190
27 61 37 49 16 16 0 0.00 0.0 0 9.8 25 330 M M 6 37 310
28 61 29 45 12 20 0 T 0.0 0 14.4 25 280 M M 4 36 300
29 42 24 33 0 32 0 0.00 0.0 0 8.9 17 30 M M 4 23 50
30 50 16 33 0 32 0 0.00 0.0 0 6.8 17 180 M M 4 128 22 170
31 61 27 44 11 21 0 0.00 0.0 0 12.1 26 350 M M 7 18 34 350
================================================================================
SM 1818 924 638 0 0.01 0.0 338.4 M 114
================================================================================
AV 58.6 29.8 10.9 FASTST M M 4 MAX(MPH)
MISC ----> 48 190 69 180
================================================================================
NOTES:
# LAST OF SEVERAL OCCURRENCES
COLUMN 17 PEAK WIND IN M.P.H.
PRELIMINARY LOCAL CLIMATOLOGICAL DATA (WS FORM: F-6) , PAGE 2
STATION: WICHITA EISENHOWER NATIONAL
MONTH: DECEMBER
YEAR: 2021
LATITUDE: 37 39 N
LONGITUDE: 97 25 W
[TEMPERATURE DATA] [PRECIPITATION DATA] SYMBOLS USED IN COLUMN 16
AVERAGE MONTHLY: 44.2 TOTAL FOR MONTH: 0.01 1 = FOG OR MIST
DPTR FM NORMAL: 8.6 DPTR FM NORMAL: -1.21 2 = FOG REDUCING VISIBILITY
HIGHEST: 77 ON 15 GRTST 24HR 0.01 ON 15-15 TO 1/4 MILE OR LESS
LOWEST: 9 ON 19 3 = THUNDER
SNOW, ICE PELLETS, HAIL 4 = ICE PELLETS
TOTAL MONTH: 0.0 INCH 5 = HAIL
GRTST 24HR 0.0 6 = FREEZING RAIN OR DRIZZLE
GRTST DEPTH: 0 7 = DUSTSTORM OR SANDSTORM:
VSBY 1/2 MILE OR LESS
8 = SMOKE OR HAZE
[NO. OF DAYS WITH] [WEATHER - DAYS WITH] 9 = BLOWING SNOW
X = TORNADO
MAX 32 OR BELOW: 0 0.01 INCH OR MORE: 1
MAX 90 OR ABOVE: 0 0.10 INCH OR MORE: 0
MIN 32 OR BELOW: 18 0.50 INCH OR MORE: 0
MIN 0 OR BELOW: 0 1.00 INCH OR MORE: 0
[HDD (BASE 65) ]
TOTAL THIS MO. 638 CLEAR (SCALE 0-3) 14
DPTR FM NORMAL -273 PTCLDY (SCALE 4-7) 17
TOTAL FM JUL 1 1266 CLOUDY (SCALE 8-10) 0
DPTR FM NORMAL -485
[CDD (BASE 65) ]
TOTAL THIS MO. 0
DPTR FM NORMAL 0 [PRESSURE DATA]
TOTAL FM JAN 1 1805 HIGHEST SLP 30.44 ON 6
DPTR FM NORMAL 32 LOWEST SLP 29.31 ON 10
[REMARKS]
#FINAL-12-21#