000
CXUS53 KUNR 010930
CF6IEN
PRELIMINARY LOCAL CLIMATOLOGICAL DATA (WS FORM: F-6)
STATION: PINE RIDGE SD
MONTH: AUGUST
YEAR: 2022
LATITUDE: 43 1 N
LONGITUDE: 102 31 W
TEMPERATURE IN F: :PCPN: SNOW: WIND :SUNSHINE: SKY :PK WND
================================================================================
1 2 3 4 5 6A 6B 7 8 9 10 11 12 13 14 15 16 17 18
12Z AVG MX 2MIN
DY MAX MIN AVG DEP HDD CDD WTR SNW DPTH SPD SPD DIR MIN PSBL S-S WX SPD DR
================================================================================
1 103 57 80 5 0 15 0.00 M M 4.9 17 190 M M 0 23 190
2 105 58 82 7 0 17 T M M 6.5 31 20 M M 1 8 45 360
3 93 58 76 1 0 11 0.00 M M 10.1 31 150 M M 0 45 150
4 105 74 90 15 0 25 0.00 M M 19.8 32 180 M M 0 49 180
5 108 70 89 14 0 24 T M M 15.6 32 180 M M 1 13 46 180
6 81 61 71 -3 0 6 0.00 M M 12.2 21 100 M M 8 1 30 70
7 81 55 68 -6 0 3 0.00 M M 6.8 20 90 M M 6 1 30 90
8 96 53 75 1 0 10 0.00 M M 10.6 28 180 M M 0 37 170
9 100 66 83 9 0 18 0.00 M M 9.2 25 180 M M 0 34 180
10 102 62 82 8 0 17 0.00 M M 9.1 23 150 M M 1 34 140
11 101 71 86 12 0 21 0.00 M M 16.1 29 180 M M 0 39 180
12 97 70 84 10 0 19 0.00 M M 9.3 26 190 M M 0 39 190
13 96 67 82 9 0 17 T M M 8.0 36 210 M M 3 13 46 220
14 92 66 79 6 0 14 0.01 M M 5.6 17 330 M M 3 13 26 340
15 85 61 73 0 0 8 T M M 5.5 25 10 M M 5 13 35 20
16 85 61 73 0 0 8 0.00 M M 6.4 15 180 M M 3 1 22 170
17 92 58 75 3 0 10 T M M 8.4 25 350 M M 1 13 37 340
18 90 55 73 1 0 8 0.00 M M 6.2 20 350 M M 2 33 320
19 83 51 67 -5 0 2 0.00 M M 6.9 21 340 M M 1 29 320
20 85 46 66 -6 0 1 0.00 M M 4.7 14 100 M M 1 24 140
21 92 62 77 6 0 12 0.00 M M 12.5 23 180 M M 1 33 180
22 96 62 79 8 0 14 0.00 M M 7.4 20 180 M M 2 30 180
23 94 63 79 8 0 14 T M M 6.6 16 10 M M 2 3 26 40
24 88 57 73 2 0 8 T M M 5.3 18 10 M M 2 13 26 10
25 83 53 68 -2 0 3 T M M 10.5 22 70 M M 2 123 30 70
26 91 58 75 5 0 10 0.02 M M 6.4 22 20 M M 5 3 31 10
27 94 54 74 4 0 9 0.00 M M 7.9 21 180 M M 0 28 160
28 86 50 68 -2 0 3 0.00 M M 7.0 18 330 M M 0 29 330
29 89 47 68 -1 0 3 0.00 M M 5.9 18 10 M M 0 26 360
30 96 47 72 3 0 7 0.00 M M 3.6 13 230 M M 0 19 170
31 92 55 74 5 0 9 T M M 3.7 13 210 M M 0 16 210
================================================================================
SM 2881 1828 0 346 0.03 M 258.7 M 50
================================================================================
AV 92.9 59.0 8.3 FASTST M M 2 MAX(MPH)
MISC ----> 36 210 49 180
================================================================================
NOTES:
# LAST OF SEVERAL OCCURRENCES
COLUMN 17 PEAK WIND IN M.P.H.
PRELIMINARY LOCAL CLIMATOLOGICAL DATA (WS FORM: F-6) , PAGE 2
STATION: PINE RIDGE SD
MONTH: AUGUST
YEAR: 2022
LATITUDE: 43 1 N
LONGITUDE: 102 31 W
[TEMPERATURE DATA] [PRECIPITATION DATA] SYMBOLS USED IN COLUMN 16
AVERAGE MONTHLY: 76.0 TOTAL FOR MONTH: 0.03 1 = FOG OR MIST
DPTR FM NORMAL: 3.6 DPTR FM NORMAL: -1.45 2 = FOG REDUCING VISIBILITY
HIGHEST: 108 ON 5 GRTST 24HR 0.02 ON 25-26 TO 1/4 MILE OR LESS
LOWEST: 46 ON 20 3 = THUNDER
SNOW, ICE PELLETS, HAIL 4 = ICE PELLETS
TOTAL MONTH: M 5 = HAIL
GRTST 24HR M ON M 6 = FREEZING RAIN OR DRIZZLE
GRTST DEPTH: M ON M 7 = DUSTSTORM OR SANDSTORM:
VSBY 1/2 MILE OR LESS
8 = SMOKE OR HAZE
[NO. OF DAYS WITH] [WEATHER - DAYS WITH] 9 = BLOWING SNOW
X = TORNADO
MAX 32 OR BELOW: 0 0.01 INCH OR MORE: 2
MAX 90 OR ABOVE: 21 0.10 INCH OR MORE: 0
MIN 32 OR BELOW: 0 0.50 INCH OR MORE: 0
MIN 0 OR BELOW: 0 1.00 INCH OR MORE: 0
[HDD (BASE 65) ]
TOTAL THIS MO. 0 CLEAR (SCALE 0-3) 24
DPTR FM NORMAL -22 PTCLDY (SCALE 4-7) 7
TOTAL FM JUL 1 0 CLOUDY (SCALE 8-10) 0
DPTR FM NORMAL -27
[CDD (BASE 65) ]
TOTAL THIS MO. 346
DPTR FM NORMAL 96 [PRESSURE DATA]
TOTAL FM JAN 1 849 HIGHEST SLP 30.18 ON 30
DPTR FM NORMAL 152 LOWEST SLP 29.48 ON 28
[REMARKS]
#FINAL-08-22#