000
CXUS53 KUNR 010930
CF6IEN
PRELIMINARY LOCAL CLIMATOLOGICAL DATA (WS FORM: F-6)
STATION: PINE RIDGE SD
MONTH: SEPTEMBER
YEAR: 2021
LATITUDE: 43 1 N
LONGITUDE: 102 31 W
TEMPERATURE IN F: :PCPN: SNOW: WIND :SUNSHINE: SKY :PK WND
================================================================================
1 2 3 4 5 6A 6B 7 8 9 10 11 12 13 14 15 16 17 18
12Z AVG MX 2MIN
DY MAX MIN AVG DEP HDD CDD WTR SNW DPTH SPD SPD DIR MIN PSBL S-S WX SPD DR
================================================================================
1 88 64 76 8 0 11 0.78 M M 9.4 25 140 M M 4 13 37 150
2 84 59 72 4 0 7 1.06 M M 7.6 17 20 M M 6 1 29 10
3 74 58 66 -2 0 1 0.08 M M 7.5 16 70 M M 6 3 23 340
4 81 53 67 0 0 2 0.00 M M 2.1 8 130 M M 3 12 11 60
5 89 51 70 3 0 5 0.00 M M 3.5 14 290 M M 0 18 280
6 96 50 73 6 0 8 0.00 M M 4.9 20 290 M M 0 30 290
7 81 49 65 -1 0 0 0.00 M M 5.0 14 10 M M 0 8 21 10
8 83 45 64 -2 1 0 0.00 M M 4.0 12 30 M M 0 19 10
9 94 53 74 8 0 9 0.00 M M 7.2 18 20 M M 0 8 26 20
10 100 49 75 10 0 10 0.00 M M 2.4 16 310 M M 0 20 310
11 94 55 75 10 0 10 0.00 M M 6.3 20 30 M M 0 3 26 30
12 82 50 66 2 0 1 0.00 M M 6.4 18 160 M M 0 29 150
13 77 51 64 0 1 0 0.08 M M 9.7 33 310 M M 2 45 290
14 78 53 66 2 0 1 0.17 M M 6.0 22 180 M M 3 13 29 180
15 90 58 74 11 0 9 0.00 M M 11.5 29 180 M M 0 40 180
16 87 51 69 6 0 4 T M M 10.4 25 10 M M 0 38 10
17 73 37 55 -7 10 0 0.00 M M 9.3 22 180 M M 2 31 180
18 97 57 77 15 0 12 0.00 M M 14.9 25 180 M M 0 37 200
19 90 52 71 10 0 6 0.04 M M 10.0 31 270 M M 1 18 50 360
20 67 46 57 -4 8 0 0.21 M M 8.9 21 350 M M 7 13 31 360
21 67 41 54 -6 11 0 0.00 M M 5.0 14 180 M M 1 22 180
22 81 44 63 3 2 0 0.00 M M 7.4 21 180 M M 0 29 180
23 83 47 65 6 0 0 0.00 M M 7.6 20 350 M M 0 27 10
24 70 39 55 -4 10 0 T M M 5.7 21 360 M M 3 8 32 10
25 88 39 64 6 1 0 0.00 M M 6.3 17 190 M M 0 24 190
26 92 49 71 13 0 6 0.00 M M 5.4 10 270 M M 0 17 290
27 96 47 72 15 0 7 0.00 M M 7.7 22 180 M M 0 31 170
28 93 61 77 20 0 12 0.00 M M 14.9 28 190 M M 0 37 180
29 67 44 56 0 9 0 0.08 M M 9.1 26 20 M M 6 37 10
30 67 45 56 0 9 0 0.00 M M 6.0 15 10 M M 9 23 350
================================================================================
SM 2509 1497 62 121 2.50 M 222.1 M 53
================================================================================
AV 83.6 49.9 7.4 FASTST M M 2 MAX(MPH)
MISC ----> 33 310 50 360
================================================================================
NOTES:
# LAST OF SEVERAL OCCURRENCES
COLUMN 17 PEAK WIND IN M.P.H.
PRELIMINARY LOCAL CLIMATOLOGICAL DATA (WS FORM: F-6) , PAGE 2
STATION: PINE RIDGE SD
MONTH: SEPTEMBER
YEAR: 2021
LATITUDE: 43 1 N
LONGITUDE: 102 31 W
[TEMPERATURE DATA] [PRECIPITATION DATA] SYMBOLS USED IN COLUMN 16
AVERAGE MONTHLY: 66.8 TOTAL FOR MONTH: 2.50 1 = FOG OR MIST
DPTR FM NORMAL: 4.2 DPTR FM NORMAL: 1.05 2 = FOG REDUCING VISIBILITY
HIGHEST: 100 ON 10 GRTST 24HR 1.84 ON 1- 2 TO 1/4 MILE OR LESS
LOWEST: 37 ON 17 3 = THUNDER
SNOW, ICE PELLETS, HAIL 4 = ICE PELLETS
TOTAL MONTH: M 5 = HAIL
GRTST 24HR M ON M 6 = FREEZING RAIN OR DRIZZLE
GRTST DEPTH: M ON M 7 = DUSTSTORM OR SANDSTORM:
VSBY 1/2 MILE OR LESS
8 = SMOKE OR HAZE
[NO. OF DAYS WITH] [WEATHER - DAYS WITH] 9 = BLOWING SNOW
X = TORNADO
MAX 32 OR BELOW: 0 0.01 INCH OR MORE: 8
MAX 90 OR ABOVE: 10 0.10 INCH OR MORE: 4
MIN 32 OR BELOW: 0 0.50 INCH OR MORE: 2
MIN 0 OR BELOW: 0 1.00 INCH OR MORE: 1
[HDD (BASE 65) ]
TOTAL THIS MO. 62 CLEAR (SCALE 0-3) 23
DPTR FM NORMAL -93 PTCLDY (SCALE 4-7) 6
TOTAL FM JUL 1 69 CLOUDY (SCALE 8-10) 1
DPTR FM NORMAL -114
[CDD (BASE 65) ]
TOTAL THIS MO. 121
DPTR FM NORMAL 38 [PRESSURE DATA]
TOTAL FM JAN 1 1043 HIGHEST SLP 30.48 ON 21
DPTR FM NORMAL 263 LOWEST SLP 29.50 ON 19
[REMARKS]
#FINAL-09-21#